MONTHLY CLIMATOLOGICAL SUMMARY for OCT. 2020

NAME:    CITY:  STATE: 
ELEV:  LAT:  LONG: 

                            TEMPERATURE ( C), RAIN (mm), WIND SPEED (kmh)

                                               HEAT     COOL           AVG
      MEAN                                     DEG      DEG            WIND                       DOM
DAY   TEMP    HIGH   TIME     LOW    TIME      DAYS     DAYS    RAIN   SPEED    HIGH    TIME      DIR
----------------------------------------------------------------------------------------------------------------------------------------------------------
15    13.2    17.3   16:09    09.4   23:57     05.1     00.0    13.6   01.4     07.4    23:43      S 
17    12.3    18.5   15:44    07.5   07:58     06.0     00.0    00.4   02.5     14.8    15:54     SSW
18    13.2    19.8   14:21    08.2   07:57     05.1     00.0    00.2   02.8     16.6    15:31     SSW
19    13.2    19.7   13:39    08.0   07:52     05.1     00.0    00.2   02.5     16.6    15:48     SSW
20    13.5    21.5   15:55    07.6   07:28     04.8     00.0    00.4   02.1     12.9    16:58     SSE
21    14.8    20.2   16:28    09.5   05:08     03.5     00.0    00.0   04.6     20.4    12:52      NE
22    17.5    20.6   16:32    15.9   04:14     00.8     00.0    00.0   04.3     18.5    10:41      NE
23    18.6    20.1   13:51    17.2   06:49     00.0     00.3    00.6   03.8     22.2    23:01     ENE
24    16.6    19.1   00:01    13.3   20:38     01.7     00.0    05.0   02.6     18.5    16:14     ENE
25    14.9    19.8   13:08    10.8   05:01     03.4     00.0    00.0   03.0     18.5    12:57      NE
26    16.6    21.2   12:26    12.7   01:05     01.7     00.0    16.0   08.9     48.1    14:53      SE
27    15.0    18.8   14:29    09.9   23:58     03.3     00.0    00.0   06.7     37.0    05:17      SW
28    12.4    18.3   12:58    07.0   07:02     05.9     00.0    00.4   03.6     18.5    15:22      W 
29    15.2    19.2   13:50    12.1   00:20     03.1     00.0    01.2   03.7     18.5    13:51     ESE
30    14.8    20.6   13:32    11.1   06:07     03.5     00.0    00.2   02.6     16.6    13:37     SSW
31    15.6    18.4   14:56    12.7   03:18     02.7     00.0    00.0   02.2     12.9    15:15      E 
----------------------------------------------------------------------------------------------------------------------------------------------------------
14.8 (15.2)   21.5  day 20     07.0  day 28   055.7    000.3   154.0   03.6     48.1   day 26      E 
Min <=   30: 16
Max Rain: 16.0 ON 26-10-20
Days of Rain: 11 (> .2mm) 3 (> 2mm) 0 (> 20mm)