MONTHLY CLIMATOLOGICAL SUMMARY for NOV. 2011

NAME: DAVIS VP2   CITY: Arena Metato (San Giuliano Terme) (PI) STATE: Italia
ELEV: 15 LAT: 043:46:46 LONG: -010:22:1

                            TEMPERATURE ( C), RAIN (mm), WIND SPEED (kmh)

                                               HEAT     COOL           AVG
      MEAN                                     DEG      DEG            WIND                       DOM
DAY   TEMP    HIGH   TIME     LOW    TIME      DAYS     DAYS    RAIN   SPEED    HIGH    TIME      DIR
----------------------------------------------------------------------------------------------------------------------------------------------------------
01    13.7    19.6   13:51    09.5   07:16     04.6     00.0    00.0   00.7     16.6    11:12      SE
02    14.6    20.4   14:12    09.5   07:22     03.7     00.0    00.0   00.3     14.8    11:29     ESE
03    16.0    20.9   12:35    11.2   06:55     02.3     00.0    00.0   00.8     14.8    13:07      E 
04    18.4    20.1   17:42    16.2   05:59     00.0     00.1    00.0   07.5     37.0    19:55     ESE
05    18.6    20.6   22:57    15.5   05:04     00.0     00.3    01.8   11.6     42.5    18:19      E 
07    15.2    20.2   00:31    13.4   16:47     03.1     00.0    14.4   10.6     37.0    19:52     ENE
08    16.6    18.8   13:36    15.1   01:03     01.7     00.0    00.8   07.0     42.5    00:52      E 
09    16.7    21.4   14:52    11.8   23:30     01.6     00.0    00.0   02.0     22.2    02:03      NE
10    13.4    19.6   13:14    08.8   07:30     04.9     00.0    00.0   00.6     14.8    15:38      NW
11    13.4    19.9   14:24    07.9   07:37     04.9     00.0    00.2   03.2     33.3    17:34     ESE
12    12.5    17.8   12:51    06.7   23:35     05.8     00.0    00.0   00.9     18.5    02:08     NNW
13    09.9    17.4   16:10    03.7   07:22     08.4     00.0    00.0   00.6     18.5    02:21     SSW
14    09.0    18.7   14:49    03.1   07:04     09.3     00.0    00.0   00.3     11.1    20:26      S 
15    08.4    16.9   15:22    02.4   06:56     09.9     00.0    00.0   00.4     11.1    23:51     ESE
16    08.4    17.3   14:54    02.2   05:56     09.9     00.0    00.0   00.3     14.8    00:18     SSE
17    08.1    16.4   14:53    02.1   07:24     10.2     00.0    00.0   00.3     09.3    23:45      SE
18    08.3    17.0   15:24    02.2   06:23     10.0     00.0    00.0   00.7     11.1    09:54      SE
19    08.6    14.5   15:30    03.2   07:37     09.7     00.0    00.0   00.9     16.6    12:09     ENE
20    10.1    16.2   14:00    05.5   04:34     08.2     00.0    00.0   00.8     18.5    01:38      NE
21    12.3    17.2   14:11    07.7   01:56     06.0     00.0    00.2   01.6     22.2    19:58      NE
22    13.7    16.1   15:44    09.1   07:27     04.6     00.0    00.0   07.7     37.0    19:34     ENE
23    15.1    18.9   13:24    09.7   22:39     03.2     00.0    00.0   03.6     27.8    13:43      NE
24    11.7    18.5   12:47    05.2   07:19     06.6     00.0    00.0   00.6     16.6    20:53      SW
25    10.8    18.3   14:14    05.5   07:34     07.5     00.0    00.0   00.8     18.5    00:23     NNW
26    09.1    17.7   14:24    03.0   07:13     09.2     00.0    00.0   01.0     16.6    07:33      S 
27    08.9    16.7   14:16    03.1   07:25     09.4     00.0    00.0   00.7     16.6    10:51      S 
28    10.5    16.8   15:43    06.0   06:18     07.8     00.0    00.0   01.0     18.5    11:47     NNE
29    09.4    17.3   14:08    04.3   08:10     08.9     00.0    00.0   00.5     11.1    08:48     SSE
30    08.8    15.2   15:07    04.1   04:33     09.5     00.0    00.0   00.4     09.3    17:17     SSE
----------------------------------------------------------------------------------------------------------------------------------------------------------
12.1 (12.7)   21.4  day 09     02.1  day 17   181.2    000.4   017.4   02.3     42.6   day 08      E 
Min <=   30: 29
Max Rain: 14.4 ON 7-11-11
Days of Rain: 5 (> .2mm) 1 (> 2mm) 0 (> 20mm)