MONTHLY CLIMATOLOGICAL SUMMARY for NOV. 2012

NAME: DAVIS VP2   CITY: Arena Metato (San Giuliano Terme) (PI) STATE: Italia
ELEV: 15 LAT: 043:46:46 LONG: -010:22:1

                            TEMPERATURE ( C), RAIN (mm), WIND SPEED (kmh)

                                               HEAT     COOL           AVG
      MEAN                                     DEG      DEG            WIND                       DOM
DAY   TEMP    HIGH   TIME     LOW    TIME      DAYS     DAYS    RAIN   SPEED    HIGH    TIME      DIR
----------------------------------------------------------------------------------------------------------------------------------------------------------
01    15.2    17.7   18:31    12.0   08:50     03.1     00.0    09.4   11.1     46.3    10:20      W 
02    15.1    19.3   12:12    11.2   23:59     03.2     00.0    00.0   04.8     42.5    10:43      W 
03    14.7    17.5   13:04    11.0   06:17     03.6     00.0    00.0   02.2     18.5    04:09     ESE
04    17.3    20.0   23:19    15.0   03:52     01.0     00.0    12.2   04.7     40.7    23:47     ESE
05    17.9    20.2   03:32    15.6   23:59     00.4     00.0    02.2   16.6     51.8    20:20     WSW
06    15.3    17.0   13:25    09.9   23:57     03.0     00.0    02.4   13.4     46.3    09:52      SW
07    11.8    17.2   13:10    07.3   07:22     06.5     00.0    01.0   02.2     40.7    00:24     ENE
08    10.7    17.7   13:39    05.9   07:22     07.6     00.0    00.2   00.9     14.8    15:42      SW
09    11.6    14.8   14:58    07.5   06:59     06.7     00.0    00.0   01.2     18.5    21:36      N 
10    15.2    17.9   21:52    13.1   00:01     03.1     00.0    00.4   07.8     31.4    21:57     ENE
11    16.4    18.4   05:14    14.4   22:37     01.9     00.0    99.0   04.8     38.9    00:31      SE
12    16.1    17.6   15:40    14.4   23:26     02.2     00.0    00.2   05.5     40.7    11:44      NE
13    16.4    18.6   18:44    14.1   01:02     01.9     00.0    00.0   03.6     24.1    17:44      NE
14    16.7    19.5   13:28    12.9   00:00     01.6     00.0    00.0   05.3     29.6    18:12     ENE
15    12.8    17.3   14:55    07.4   23:59     05.5     00.0    00.0   05.5     31.4    07:40      NE
16    10.2    17.1   15:45    05.5   06:55     08.1     00.0    00.0   01.2     18.5    11:42      E 
17    10.5    17.6   15:07    05.3   07:38     07.8     00.0    00.0   00.7     16.6    14:45     ESE
18    11.3    15.6   13:18    07.6   04:43     07.0     00.0    00.0   01.8     18.5    23:37      E 
19    12.5    14.8   21:51    09.8   05:32     05.8     00.0    00.4   00.6     11.1    09:40     WSW
20    13.5    19.6   14:21    10.1   23:55     04.8     00.0    00.0   00.6     14.8    14:35     WSW
21    11.4    17.5   13:12    07.0   07:43     06.9     00.0    00.2   00.8     16.6    14:59     WSW
22    10.9    14.5   14:53    07.5   04:08     07.4     00.0    00.0   00.4     16.6    13:36      NW
23    11.9    17.2   15:12    10.1   05:01     06.4     00.0    04.0   00.4     12.9    08:21     NNE
24    12.6    16.8   12:52    09.5   05:33     05.7     00.0    00.2   00.3     11.1    02:02     ENE
25    13.3    15.9   11:56    11.3   21:17     05.0     00.0    01.0   01.2     16.6    11:27      NE
26    14.5    16.7   15:51    11.9   07:11     03.8     00.0    00.2   02.6     18.5    11:24     ENE
27    15.1    16.8   10:52    13.7   12:50     03.2     00.0    19.2   05.6     29.6    22:15     ENE
28    14.6    17.3   04:02    10.8   20:34     03.7     00.0    21.8   14.7     62.9    11:29      E 
29    11.5    13.9   12:17    07.8   22:52     06.8     00.0    00.2   08.9     40.7    10:18     ENE
30    09.8    12.0   10:21    07.1   02:11     08.5     00.0    01.8   10.3     53.6    15:15     ENE
----------------------------------------------------------------------------------------------------------------------------------------------------------
13.6 (13.7)   20.2  day 05     05.3  day 17   141.9    000.0   176.2   04.7     62.9   day 28      E 
Min <=   30: 30
Max Rain: 99.0 ON 11-11-12
Days of Rain: 73 (> .2mm) 8 (> 2mm) 2 (> 20mm)