MONTHLY CLIMATOLOGICAL SUMMARY for NOV. 2013

NAME: DAVIS VP2   CITY: Arena Metato (San Giuliano Terme) (PI) STATE: Italia
ELEV: 15 LAT: 043:46:46 LONG: -010:22:1

                            TEMPERATURE ( C), RAIN (mm), WIND SPEED (kmh)

                                               HEAT     COOL           AVG
      MEAN                                     DEG      DEG            WIND                       DOM
DAY   TEMP    HIGH   TIME     LOW    TIME      DAYS     DAYS    RAIN   SPEED    HIGH    TIME      DIR
----------------------------------------------------------------------------------------------------------------------------------------------------------
01    16.3    22.4   15:42    11.3   07:14     02.0     00.0    00.0   00.5     14.8    12:27     ENE
02    16.9    20.4   14:10    14.1   04:55     01.4     00.0    01.8   01.0     22.2    14:15      E 
03    18.8    22.2   13:13    15.7   03:37     00.0     00.5    00.0   11.6     59.2    13:59      SW
04    16.3    19.4   10:39    13.3   19:39     02.0     00.0    21.4   10.1     46.3    10:09     WNW
05    14.9    18.7   13:34    12.0   23:44     03.4     00.0    04.8   02.7     25.9    14:51      NW
06    15.3    20.9   14:23    10.3   07:31     03.0     00.0    00.0   01.1     20.4    15:30      SW
07    16.1    21.8   14:04    11.9   07:19     02.2     00.0    00.0   00.7     14.8    14:32     ENE
08    17.3    21.5   14:24    13.2   01:36     01.0     00.0    00.4   01.1     18.5    17:40      E 
09    18.2    20.1   11:02    16.7   22:39     00.1     00.0    00.0   10.5     50.0    21:33      W 
10    15.3    17.5   01:12    10.5   00:00     03.0     00.0    04.4   14.4     55.5    14:03     WNW
11    15.1    17.4   15:09    09.8   01:01     03.2     00.0    00.0   12.4     48.1    05:15     NNE
12    15.5    20.2   15:17    11.7   00:00     02.8     00.0    00.0   06.3     40.7    08:11      NE
13    15.9    20.5   13:42    11.2   07:39     02.4     00.0    00.0   03.7     24.1    20:56     NNE
14    14.4    17.4   00:02    12.6   06:10     03.9     00.0    00.4   00.6     14.8    02:16      N 
15    13.4    15.9   13:55    10.7   07:16     04.9     00.0    00.6   01.2     16.6    01:13      N 
16    16.0    19.2   13:29    13.4   00:00     02.3     00.0    00.2   07.5     40.7    12:31     ENE
17    14.3    16.7   12:46    11.3   06:47     04.0     00.0    00.6   05.8     24.1    23:56      NE
18    16.2    18.0   23:15    13.7   00:39     02.1     00.0    00.4   12.7     53.6    23:11     ENE
19    14.1    17.6   15:25    12.0   04:23     04.2     00.0    03.2   06.0     33.3    04:58      NE
20    11.7    14.7   11:03    09.1   05:16     06.6     00.0    02.8   11.7     48.1    16:53     WSW
21    09.0    11.6   00:02    06.6   22:10     09.3     00.0    31.4   10.7     48.1    07:37      NW
22    07.9    10.7   15:09    06.1   07:44     10.4     00.0    14.6   05.9     33.3    03:31     NNE
23    08.5    10.4   20:39    06.9   06:12     09.8     00.0    03.0   02.4     20.4    20:24      NE
24    09.8    14.6   14:41    06.2   23:56     08.5     00.0    00.0   02.0     20.4    05:37      NE
25    07.6    12.9   14:07    03.9   07:48     10.7     00.0    00.0   07.0     44.4    13:52     ENE
26    05.8    09.9   15:17    01.8   05:47     12.5     00.0    00.0   04.5     25.9    12:51      NE
27    04.8    07.8   13:16    00.3   01:38     13.5     00.0    00.0   02.6     25.9    19:38      NE
28    07.2    10.5   15:21    04.3   03:18     11.1     00.0    00.0   06.6     31.4    06:37     ENE
29    04.8    11.8   14:04   -00.8   07:42     13.5     00.0    00.0   01.6     18.5    03:06     ESE
30    07.3    11.9   14:30    01.7   02:11     11.0     00.0    00.0   07.7     42.5    15:28     ENE
----------------------------------------------------------------------------------------------------------------------------------------------------------
12.8 (12.9)   22.4  day 01    -00.8  day 29   164.8    000.5   090.0   05.8     59.2   day 10     NNE
Min <=   30: 30
Max Rain: 31.4 ON 21-11-13
Days of Rain: 15 (> .2mm) 8 (> 2mm) 2 (> 20mm)