MONTHLY CLIMATOLOGICAL SUMMARY for NOV. 2015

NAME:    CITY:  STATE: 
ELEV:  LAT:  LONG: 

                            TEMPERATURE ( C), RAIN (mm), WIND SPEED (kmh)

                                               HEAT     COOL           AVG
      MEAN                                     DEG      DEG            WIND                       DOM
DAY   TEMP    HIGH   TIME     LOW    TIME      DAYS     DAYS    RAIN   SPEED    HIGH    TIME      DIR
----------------------------------------------------------------------------------------------------------------------------------------------------------
01    16.1    20.2   14:44    11.9   02:46     02.2     00.0    00.0   08.7     42.5    18:39     ENE
02    14.7    20.5   13:57    09.7   07:30     03.6     00.0    00.0   04.7     35.1    00:30     ENE
03    14.4    20.2   13:36    08.4   06:10     03.9     00.0    00.0   02.3     14.8    13:52      E 
04    16.6    21.3   14:31    14.0   07:15     01.7     00.0    00.2   02.0     14.8    00:58     NNE
05    16.1    21.1   13:45    13.7   02:17     02.2     00.0    00.2   02.7     18.5    16:12      SW
06    15.7    19.8   13:11    11.8   00:00     02.6     00.0    00.0   02.7     18.5    15:23     WNW
07    13.4    20.2   14:22    08.6   07:33     04.9     00.0    00.4   02.6     16.6    15:44     ESE
08    15.1    19.2   13:47    11.8   05:37     03.2     00.0    00.0   03.0     14.8    14:00     NNW
09    16.1    18.7   12:31    13.8   06:36     02.2     00.0    00.0   03.1     22.2    13:21     WSW
10    15.6    19.1   13:02    12.9   20:25     02.7     00.0    00.0   01.5     14.8    13:09     WSW
11    15.5    17.5   14:16    14.1   01:59     02.8     00.0    00.0   01.8     16.6    09:25     ENE
12    14.2    19.8   13:10    10.6   05:28     04.1     00.0    00.0   01.8     14.8    14:58     WSW
13    13.0    16.4   14:48    09.2   07:30     05.3     00.0    00.0   01.4     09.3    09:19     ESE
14    14.9    19.2   13:34    12.0   23:59     03.4     00.0    00.2   01.5     12.9    16:04      S 
15    14.2    17.5   14:46    10.1   03:39     04.1     00.0    00.2   01.2     12.9    15:12     NNE
16    15.6    17.7   12:26    14.3   00:00     02.7     00.0    00.0   02.1     16.6    14:20     NNW
17    15.3    17.2   13:58    13.7   08:07     03.0     00.0    00.0   01.5     11.1    11:27      SE
18    16.0    17.7   14:25    14.9   07:18     02.3     00.0    00.0   01.8     09.3    10:51      E 
19    15.2    18.2   13:51    12.4   03:24     03.1     00.0    00.0   01.9     12.9    23:05      SE
20    16.4    18.4   22:56    14.8   07:08     01.9     00.0    01.0   07.6     42.5    22:54      W 
21    15.3    18.6   00:56    07.6   00:00     03.0     00.0    10.0   18.8     55.5    02:37      NW
22    08.3    12.4   14:52    04.5   06:49     10.0     00.0    01.4   06.7     42.5    01:25     ENE
23    09.0    11.3   12:55    07.0   05:13     09.3     00.0    00.6   14.1     44.4    14:26     ENE
24    08.7    13.6   14:09    03.8   00:00     09.6     00.0    00.2   03.8     22.2    00:16     ENE
25    05.2    08.1   11:43    01.6   06:33     13.1     00.0    01.2   02.7     25.9    14:12     ENE
26    08.4    12.4   16:05    02.3   07:39     09.9     00.0    00.0   04.8     40.7    22:08      NE
27    09.9    14.2   14:04    03.4   00:00     08.4     00.0    00.0   05.2     35.1    00:12     ENE
28    05.6    11.2   14:13    01.6   06:15     12.7     00.0    00.0   01.8     09.3    12:51     ESE
29    08.6    14.7   16:16    03.5   03:29     09.7     00.0    00.0   02.1     12.9    09:29      SE
30    09.5    12.7   14:26    05.0   03:40     08.8     00.0    00.2   02.0     11.1    06:39     ESE
----------------------------------------------------------------------------------------------------------------------------------------------------------
13.1 (13.2)   21.3  day 04     01.6  day 25   156.4    000.0   015.8   03.9     55.5   day 21     ENE
Min <=   30: 30
Max Rain: 10.0 ON 21-11-15
Days of Rain: 12 (> .2mm) 1 (> 2mm) 0 (> 20mm)