MONTHLY CLIMATOLOGICAL SUMMARY for NOV. 2016

NAME:    CITY:  STATE: 
ELEV:  LAT:  LONG: 

                            TEMPERATURE ( C), RAIN (mm), WIND SPEED (kmh)

                                               HEAT     COOL           AVG
      MEAN                                     DEG      DEG            WIND                       DOM
DAY   TEMP    HIGH   TIME     LOW    TIME      DAYS     DAYS    RAIN   SPEED    HIGH    TIME      DIR
----------------------------------------------------------------------------------------------------------------------------------------------------------
01    14.6    20.8   13:28    09.1   07:01     03.7     00.0    00.2   02.3     20.4    15:29     SSE
02    16.7    20.2   11:03    14.1   04:33     01.6     00.0    05.8   06.0     38.9    13:17      SW
03    15.6    20.2   16:13    12.3   23:12     02.7     00.0    01.4   02.4     18.5    11:25      NE
04    14.4    19.6   15:00    10.8   04:44     03.9     00.0    00.2   01.7     12.9    10:47      SE
05    16.1    18.2   16:46    13.4   00:23     02.2     00.0    84.6   05.9     62.9    12:30      NE
06    16.5    19.1   10:41    14.3   01:05     01.8     00.0    17.6   14.3     57.4    12:00     WSW
07    14.5    16.3   11:25    10.6   23:52     03.8     00.0    00.0   11.0     46.3    04:13      SW
08    10.1    14.9   11:35    06.5   00:00     08.2     00.0    00.0   03.7     31.4    15:06     ENE
09    08.4    13.3   13:21    03.3   06:59     09.9     00.0    27.6   04.6     27.8    21:53     ENE
10    10.6    13.7   12:51    06.6   07:19     07.7     00.0    00.0   03.5     16.6    11:30     ENE
11    11.7    16.7   10:56    06.7   22:59     06.6     00.0    03.2   05.9     37.0    10:56      N 
12    09.4    15.8   14:34    04.6   07:17     08.9     00.0    00.0   03.1     18.5    12:45     SSE
13    09.0    13.1   23:16    03.7   07:17     09.3     00.0    00.2   05.0     25.9    18:53      E 
14    12.7    15.3   12:28    10.6   23:57     05.6     00.0    00.0   12.2     44.4    14:34      E 
15    10.4    14.6   14:45    04.8   23:14     07.9     00.0    00.0   06.3     25.9    05:17      E 
16    08.4    15.4   14:00    02.1   06:37     09.9     00.0    00.0   02.4     18.5    05:25     ESE
17    12.5    16.1   12:59    08.2   00:07     05.8     00.0    02.2   04.8     20.4    04:27      E 
18    15.2    17.9   23:56    12.7   07:54     03.1     00.0    01.6   02.0     31.4    22:08      NE
19    16.0    17.9   15:48    12.9   23:39     02.3     00.0    24.6   05.7     37.0    05:58      SE
20    14.6    19.0   15:17    11.4   05:13     03.7     00.0    00.2   02.3     16.6    11:10     ESE
21    16.7    19.3   13:18    14.4   05:53     01.6     00.0    00.2   03.9     20.4    13:22      SE
22    17.4    19.0   14:25    15.9   07:37     00.9     00.0    00.0   05.2     18.5    15:40     ESE
23    18.2    20.9   12:54    16.6   05:13     00.1     00.0    00.0   06.3     24.1    17:13     ESE
24    17.8    19.6   23:29    16.3   16:17     00.5     00.0    03.0   13.4     48.1    20:40     ESE
25    14.9    19.1   00:14    11.0   00:00     03.4     00.0    09.0   05.3     44.4    04:05     ENE
26    11.1    15.7   14:05    07.2   07:27     07.2     00.0    00.4   01.5     11.1    11:54     ESE
27    09.7    15.4   13:11    06.2   04:57     08.6     00.0    00.4   02.6     14.8    14:02     ESE
28    10.1    16.3   14:55    05.8   07:07     08.2     00.0    00.4   07.6     61.0    22:44      E 
29    07.2    09.7   14:15    02.5   00:00     11.1     00.0    00.0   14.3     61.0    00:04     ESE
30    04.4    11.0   14:04   -00.8   07:36     13.9     00.0    00.0   03.2     14.8    04:24     SSE
----------------------------------------------------------------------------------------------------------------------------------------------------------
12.8 (13.0)   20.9  day 23    -00.8  day 30   164.2    000.0   182.8   05.6     62.9   day 05     ESE
Min <=   30: 30
Max Rain: 84.6 ON 5-11-16
Days of Rain: 19 (> .2mm) 9 (> 2mm) 3 (> 20mm)