MONTHLY CLIMATOLOGICAL SUMMARY for NOV. 2017

NAME:    CITY:  STATE: 
ELEV:  LAT:  LONG: 

                            TEMPERATURE ( C), RAIN (mm), WIND SPEED (kmh)

                                               HEAT     COOL           AVG
      MEAN                                     DEG      DEG            WIND                       DOM
DAY   TEMP    HIGH   TIME     LOW    TIME      DAYS     DAYS    RAIN   SPEED    HIGH    TIME      DIR
----------------------------------------------------------------------------------------------------------------------------------------------------------
01    12.3    20.6   13:41    06.3   07:13     06.0     00.0    00.0   02.8     14.8    15:18     SSW
02    13.5    18.7   13:37    07.6   03:30     04.8     00.0    05.2   02.9     18.5    23:17     ESE
03    14.9    17.0   15:52    12.4   00:00     03.4     00.0    02.8   02.0     18.5    12:45     NNE
04    15.3    19.1   13:53    10.7   05:32     03.0     00.0    00.2   02.3     18.5    00:00      NE
05    15.2    18.0   08:14    12.4   10:13     03.1     00.0    30.6   07.0     31.4    08:57     ENE
06    12.4    14.7   14:48    10.7   00:00     05.9     00.0    09.6   04.3     25.9    23:46      NE
07    09.5    11.4   15:12    07.2   00:00     08.8     00.0    10.0   03.1     31.4    00:41     NNE
08    10.4    16.0   12:48    04.7   06:22     07.9     00.0    03.2   01.9     18.5    17:37      SE
09    12.1    14.3   14:14    10.3   05:49     06.2     00.0    05.2   02.8     16.6    22:44      NE
10    13.2    19.4   14:12    08.2   00:00     05.1     00.0    00.0   03.6     18.5    06:52     NNE
11    11.1    17.2   13:27    06.0   07:36     07.2     00.0    00.2   02.4     18.5    15:40     SSE
12    12.7    17.2   23:03    08.7   04:43     05.6     00.0    04.0   04.3     42.5    23:17     ENE
13    09.6    16.2   01:00    07.6   09:24     08.7     00.0    07.8   07.8     55.5    02:02      N 
14    11.8    14.7   13:46    09.0   01:07     06.5     00.0    00.0   09.0     37.0    07:14      NE
15    11.4    14.9   11:25    07.9   03:07     06.9     00.0    00.4   06.7     31.4    19:17     ENE
16    10.4    16.9   14:50    05.6   07:34     07.9     00.0    00.0   03.2     16.6    05:22     SSE
17    10.2    17.7   13:36    04.9   05:38     08.1     00.0    00.0   02.3     14.8    14:46     SSW
18    09.8    17.3   14:00    04.5   06:53     08.5     00.0    00.0   01.8     12.9    16:00     SSW
19    09.7    16.8   13:27    05.1   05:21     08.6     00.0    00.0   01.8     18.5    15:09      S 
20    09.0    15.8   15:23    03.3   07:22     09.3     00.0    00.2   02.1     18.5    11:04     ESE
21    10.5    14.3   14:12    08.0   21:01     07.8     00.0    00.2   01.6     12.9    21:52     ESE
22    12.3    16.7   13:55    08.5   02:28     06.0     00.0    00.0   02.2     18.5    04:21      E 
23    12.1    17.2   14:23    07.3   07:33     06.2     00.0    00.0   01.3     12.9    14:07      E 
24    12.5    17.2   15:00    08.6   08:14     05.8     00.0    00.2   00.8     11.1    12:49     SSE
25    14.5    17.3   13:50    11.1   02:59     03.8     00.0    01.2   06.9     38.9    20:43     SSE
26    10.7    14.7   00:42    03.8   23:37     07.6     00.0    02.4   08.0     42.5    07:03      S 
27    06.4    13.0   14:20    01.7   08:00     11.9     00.0    00.0   03.1     16.6    03:00     SSE
28    04.8    08.1   22:46    00.8   06:03     13.5     00.0    13.8   04.2     20.4    21:09      NE
29    09.3    13.8   14:33    06.8   07:10     09.0     00.0    05.0   02.4     24.1    04:23      NE
30    07.4    13.4   13:17    03.2   23:49     10.9     00.0    02.8   02.8     24.1    05:47     ENE
----------------------------------------------------------------------------------------------------------------------------------------------------------
11.2 (11.5)   20.6  day 01     00.8  day 28   214.1    000.0   105.2   03.6     55.5   day 13     ENE
Min <=   30: 30
Max Rain: 30.6 ON 5-11-17
Days of Rain: 20 (> .2mm) 13 (> 2mm) 1 (> 20mm)