MONTHLY CLIMATOLOGICAL SUMMARY for NOV. 2018

NAME:    CITY:  STATE: 
ELEV:  LAT:  LONG: 

                            TEMPERATURE ( C), RAIN (mm), WIND SPEED (kmh)

                                               HEAT     COOL           AVG
      MEAN                                     DEG      DEG            WIND                       DOM
DAY   TEMP    HIGH   TIME     LOW    TIME      DAYS     DAYS    RAIN   SPEED    HIGH    TIME      DIR
----------------------------------------------------------------------------------------------------------------------------------------------------------
01    16.3    21.5   14:45    12.8   22:59     02.0     00.0    09.4   05.7     53.6    05:27      NE
02    16.2    18.2   23:14    13.2   01:23     02.1     00.0    25.2   06.7     27.8    05:46     NNE
03    20.2    23.2   15:24    17.4   00:36     00.0     01.9    00.0   08.4     33.3    15:58      NE
04    20.2    22.3   03:55    16.8   23:39     00.0     01.9    00.0   08.4     37.0    04:09     ENE
05    18.7    21.3   14:50    16.0   05:55     00.0     00.4    00.0   08.7     35.1    17:52     ENE
06    17.3    19.6   12:03    15.3   00:00     01.0     00.0    27.0   05.1     24.1    22:31      NE
07    14.8    16.2   15:35    12.9   22:34     03.5     00.0    16.8   02.6     20.4    12:07     NNW
08    15.4    20.5   13:44    12.4   23:33     02.9     00.0    00.2   02.4     18.5    10:57      E 
09    14.9    20.8   14:23    10.3   07:19     03.4     00.0    00.2   02.8     20.4    08:33      E 
10    14.9    20.9   15:11    10.0   05:43     03.4     00.0    00.0   02.2     16.6    00:43     SSE
11    15.6    17.7   15:56    14.1   04:10     02.7     00.0    06.2   03.2     16.6    13:21      NE
12    15.6    20.5   12:06    11.6   05:59     02.7     00.0    00.2   01.3     14.8    12:43      E 
13    14.5    19.0   13:01    10.9   06:40     03.8     00.0    00.2   01.0     12.9    13:33      E 
14    14.8    20.9   13:45    11.6   23:57     03.5     00.0    00.2   01.2     11.1    15:11      SE
15    13.9    20.1   13:10    09.5   05:04     04.4     00.0    00.0   02.1     16.6    08:25     SSE
16    13.1    16.4   12:12    10.3   00:23     05.2     00.0    00.0   10.5     46.3    14:46     ENE
17    10.8    13.5   11:47    08.6   23:39     07.5     00.0    00.0   05.8     33.3    14:00      NE
18    09.6    13.3   12:32    05.7   23:17     08.7     00.0    00.0   06.3     31.4    14:47      NE
19    08.8    11.6   13:05    03.1   04:53     09.5     00.0    00.0   08.1     40.7    16:21     ENE
20    10.1    12.7   14:54    07.4   04:15     08.2     00.0    00.0   04.2     33.3    13:04     ENE
21    10.3    13.6   14:14    05.2   06:45     08.0     00.0    00.2   04.0     24.1    18:04     ENE
22    12.5    17.3   15:59    09.6   05:26     05.8     00.0    00.0   01.4     14.8    01:51      SE
23    13.7    17.1   23:57    11.0   00:30     04.6     00.0    48.6   08.4     51.8    15:29      NE
24    16.2    19.0   12:18    12.3   22:14     02.1     00.0    04.0   03.5     27.8    05:21     ESE
25    12.8    15.2   15:47    10.5   21:47     05.5     00.0    00.6   02.5     24.1    22:32      N 
26    11.0    13.8   14:25    09.3   08:45     07.3     00.0    05.4   03.7     24.1    11:15      NE
27    10.2    16.4   14:06    05.5   08:10     08.1     00.0    00.0   02.9     20.4    02:49      E 
28    08.8    15.8   13:35    04.7   07:14     09.5     00.0    00.0   01.2     14.8    08:55     SSE
29    07.1    13.6   13:46    01.9   07:18     11.2     00.0    00.0   01.7     16.6    00:44      SE
30    08.1    12.5   20:41    02.8   07:06     10.2     00.0    00.0   03.6     24.1    20:45     ENE
----------------------------------------------------------------------------------------------------------------------------------------------------------
13.5 (13.8)   23.2  day 03     01.9  day 29   146.7    004.2   144.6   04.3     53.7   day 01     ENE
Min <=   30: 30
Max Rain: 48.6 ON 23-11-18
Days of Rain: 15 (> .2mm) 8 (> 2mm) 3 (> 20mm)