MONTHLY CLIMATOLOGICAL SUMMARY for NOV. 2019

NAME:    CITY:  STATE: 
ELEV:  LAT:  LONG: 

                            TEMPERATURE ( C), RAIN (mm), WIND SPEED (kmh)

                                               HEAT     COOL           AVG
      MEAN                                     DEG      DEG            WIND                       DOM
DAY   TEMP    HIGH   TIME     LOW    TIME      DAYS     DAYS    RAIN   SPEED    HIGH    TIME      DIR
----------------------------------------------------------------------------------------------------------------------------------------------------------
01    16.0    20.2   13:38    13.2   07:30     02.3     00.0    00.2   02.9     25.9    01:08     ENE
02    15.6    17.9   15:05    13.4   03:27     02.7     00.0    19.8   01.7     27.8    19:56      E 
03    17.2    20.7   10:59    15.1   03:06     01.1     00.0    08.6   07.3     51.8    13:25     SSW
04    18.3    20.2   21:28    14.6   02:44     00.0     00.0    00.6   11.2     48.1    11:46      W 
05    17.5    20.1   08:55    16.2   10:16     00.8     00.0    08.8   08.6     44.4    08:56      W 
06    12.8    16.9   01:37    10.0   23:21     05.5     00.0    19.4   05.8     42.5    04:56      N 
07    12.2    17.7   14:44    07.5   06:00     06.1     00.0    15.4   02.2     33.3    16:02     NNE
08    12.7    15.3   13:38    09.9   23:59     05.6     00.0    28.8   04.2     25.9    21:23     NNE
09    10.3    13.5   15:20    07.9   04:56     08.0     00.0    05.2   03.4     22.2    06:32      NE
10    11.7    15.7   14:34    06.3   07:18     06.6     00.0    00.2   06.3     40.7    23:50     ENE
11    14.3    16.3   14:21    12.3   07:07     04.0     00.0    01.2   14.3     44.4    06:12     ENE
12    13.4    17.6   13:46    11.4   23:58     04.9     00.0    05.0   02.6     25.9    21:49     NNE
13    11.8    16.2   13:43    08.5   23:17     06.5     00.0    04.4   01.8     46.3    11:07     ENE
14    12.4    16.2   14:41    05.5   07:29     05.9     00.0    00.0   07.7     37.0    23:53      E 
15    12.0    16.6   01:04    09.4   21:06     06.3     00.0    47.6   05.6     44.4    00:47     ENE
16    11.3    14.0   18:12    09.5   23:42     07.0     00.0    20.4   05.9     38.9    19:27      NE
17    12.2    14.3   15:09    09.1   21:53     06.1     00.0    16.8   10.5     55.5    02:32      NE
18    11.4    14.1   23:31    08.0   06:06     06.9     00.0    16.8   06.8     33.3    21:48      NE
19    13.8    16.0   09:46    13.0   01:55     04.5     00.0    11.0   10.5     35.1    00:04      NE
20    12.8    16.4   12:49    10.0   06:57     05.5     00.0    03.8   01.6     18.5    14:03     SSW
21    11.9    13.2   15:37    09.9   07:43     06.4     00.0    05.6   01.8     22.2    15:14      NE
22    13.0    14.4   22:11    11.7   08:23     05.3     00.0    04.0   06.5     24.1    05:13      NE
23    15.0    16.6   08:12    12.5   00:41     03.3     00.0    19.2   12.4     42.5    14:04     ENE
24    15.0    17.4   15:03    13.3   22:18     03.3     00.0    04.0   08.6     42.5    08:03     ENE
25    17.1    21.2   13:48    11.5   23:37     01.2     00.0    00.4   08.0     38.9    11:43      NE
26    13.0    18.2   13:33    08.4   07:35     05.3     00.0    00.2   00.4     12.9    11:17     SSW
27    14.4    16.9   16:17    11.9   03:37     03.9     00.0    09.8   06.4     46.3    15:53      SW
28    16.3    17.9   14:08    15.4   04:24     02.0     00.0    00.4   15.0     51.8    16:48     WSW
29    15.3    17.0   12:32    10.9   00:00     03.0     00.0    00.0   08.9     50.0    10:29      W 
30    11.9    16.8   14:39    08.8   23:31     06.4     00.0    00.2   00.9     14.8    14:57      N 
----------------------------------------------------------------------------------------------------------------------------------------------------------
13.8 (13.8)   21.2  day 25     05.5  day 14   136.2    000.0   278.0   06.3     55.5   day 17      NE
Min <=   30: 30
Max Rain: 47.6 ON 15-11-19
Days of Rain: 28 (> .2mm) 20 (> 2mm) 3 (> 20mm)