MONTHLY CLIMATOLOGICAL SUMMARY for NOV. 2020

NAME:    CITY:  STATE: 
ELEV:  LAT:  LONG: 

                            TEMPERATURE ( C), RAIN (mm), WIND SPEED (kmh)

                                               HEAT     COOL           AVG
      MEAN                                     DEG      DEG            WIND                       DOM
DAY   TEMP    HIGH   TIME     LOW    TIME      DAYS     DAYS    RAIN   SPEED    HIGH    TIME      DIR
----------------------------------------------------------------------------------------------------------------------------------------------------------
08    15.9    21.2   14:55    11.9   23:56     02.4     00.0    00.0   01.5     07.4    15:00      W 
09    13.7    20.7   13:24    09.1   07:23     04.6     00.0    00.4   01.8     09.3    15:17      S 
10    12.5    20.1   14:19   -40.1   17:37     05.8     00.0    00.2   01.7     09.3    15:45     NNE
11   -11.1    17.8   12:23   -49.3   16:58     29.4     00.0    01.4   02.0     14.8    10:58      SE
12    13.1    17.9   15:38   -30.1   00:02     05.2     00.0    04.6   02.6     14.8    06:53      NE
13    14.6    18.7   14:10    11.3   23:51     03.7     00.0    00.0   01.7     16.6    12:14     NNE
14    13.8    20.6   13:47    09.8   07:56     04.5     00.0    00.2   01.9     12.9    23:04      SE
15    13.6    18.3   14:28    08.3   07:23     04.7     00.0    00.2   01.7     12.9    13:03     ENE
16    15.1    17.5   15:03    11.9   00:00     03.2     00.0    14.0   03.0     18.5    13:55      N 
17    14.5    19.3   12:08    10.2   05:23     03.8     00.0    00.2   04.6     24.1    20:25      NE
18    11.9    20.7   13:14    06.1   07:27     06.4     00.0    00.0   02.6     14.8    13:52     SSE
19    11.1    18.3   14:00    05.4   05:29     07.2     00.0    00.0   02.4     12.9    14:54     SSE
20    13.3    15.6   16:07    10.3   08:59     05.0     00.0    03.0   09.0     46.3    10:19      NE
21    10.4    13.5   13:03    05.2   00:00     07.9     00.0    00.0   10.7     46.3    03:05     ENE
22    06.7    14.1   13:03    01.0   07:40     11.6     00.0    00.0   03.3     24.1    13:46      SE
23    05.5    13.8   14:16   -00.2   06:41     12.8     00.0    00.0   02.6     11.1    11:09     SSE
24    06.7    15.0   13:30    01.9   04:30     11.6     00.0    00.0   03.3     16.6    14:36     SSE
25    07.5    15.4   14:15    02.1   06:33     10.8     00.0    00.0   01.8     09.3    09:18     ESE
26    09.6    16.0   13:16    04.3   07:28     08.7     00.0    00.0   02.5     09.3    13:18     ESE
27    13.3    17.6   14:11    09.2   07:42     05.0     00.0    00.2   04.1     22.2    22:55     ENE
28    14.1    16.8   12:37    12.0   06:11     04.2     00.0    00.8   05.0     31.4    22:14     ENE
29    13.5    17.8   13:50    07.5   00:00     04.8     00.0    00.0   04.8     25.9    12:34     NNE
30    08.6    16.2   14:50    04.0   07:44     09.7     00.0    00.0   02.3     11.1    13:26     SSE
----------------------------------------------------------------------------------------------------------------------------------------------------------
10.8 (9.2)   21.2  day 08    -49.3  day 11   173.1    000.0   028.6   03.3     46.3   day 21     ENE
Min <=   30: 23
Min <= -18: 3
Min <=  -5: 3
Min <= -10: 3
Min <= -15: 3
Min <= -20: 3
Min <= -25: 3
Max Rain: 14.0 ON 16-11-20
Days of Rain: 11 (> .2mm) 3 (> 2mm) 0 (> 20mm)