MONTHLY CLIMATOLOGICAL SUMMARY for NOV. 2021

NAME: DAVIS VP2   CITY: Arena Metato (San Giuliano Terme) (PI) STATE: Italia
ELEV: 15 LAT: 043:46:46 LONG: -010:22:1

                            TEMPERATURE ( C), RAIN (mm), WIND SPEED (kmh)

                                               HEAT     COOL           AVG
      MEAN                                     DEG      DEG            WIND                       DOM
DAY   TEMP    HIGH   TIME     LOW    TIME      DAYS     DAYS    RAIN   SPEED    HIGH    TIME      DIR
----------------------------------------------------------------------------------------------------------------------------------------------------------
01    15.4    17.4   17:22    12.8   21:54     02.9     00.0    16.8   06.3     31.4    20:09     ENE
02    16.1    18.6   12:24    13.0   06:08     02.2     00.0    00.2   10.7     46.3    14:13      SW
03    15.4    17.7   15:22    12.5   05:22     02.9     00.0    28.4   06.7     42.5    23:08     ESE
04    14.7    17.1   10:49    10.3   23:40     03.6     00.0    00.8   11.6     51.8    12:17     SSW
05    12.3    15.3   14:48    08.8   07:43     06.0     00.0    00.0   03.9     18.5    23:29      NE
06    14.7    17.7   13:14    12.3   00:28     03.6     00.0    00.2   08.2     31.4    17:17      NE
07    15.6    21.2   13:58    11.6   06:14     02.7     00.0    03.6   06.4     42.5    03:39     ENE
08    15.7    19.9   12:21    10.7   04:12     02.6     00.0    00.4   07.2     31.4    14:44      NE
09    15.7    18.5   10:57    12.9   03:48     02.6     00.0    01.8   09.0     46.3    21:14     NNE
10    18.0    20.9   14:07    14.0   00:03     00.3     00.0    01.6   09.7     42.5    08:42      NE
11    16.3    20.2   15:48    13.6   05:53     02.0     00.0    00.0   04.4     31.4    23:56     NNE
12    15.2    19.7   13:55    12.3   07:56     03.1     00.0    00.0   03.0     27.8    00:01      W 
13    14.2    18.5   12:16    10.6   05:26     04.1     00.0    46.4   04.0     33.3    21:22      E 
14    13.5    15.4   21:39    11.7   03:00     04.8     00.0    23.0   07.8     31.4    15:56      NE
15    16.1    18.4   11:57    13.2   04:18     02.2     00.0    01.4   11.4     53.6    09:25     ENE
16    13.9    17.1   03:22    10.7   23:40     04.4     00.0    06.8   05.1     25.9    01:16      NE
17    12.4    18.3   14:36    08.5   07:28     05.9     00.0    00.0   02.2     11.1    10:54      SW
18    11.8    18.1   13:22    06.2   07:27     06.5     00.0    00.2   02.2     14.8    13:45      NW
19    11.4    18.6   14:25    06.2   07:25     06.9     00.0    00.2   01.7     11.1    15:09     WSW
20    10.9    17.6   13:53    07.1   05:40     07.4     00.0    00.4   02.0     12.9    14:50     SSE
21    11.6    16.4   13:43    07.9   07:42     06.7     00.0    03.0   02.2     18.5    21:10      SE
22    14.0    17.1   14:49    11.8   06:37     04.3     00.0    00.8   04.9     20.4    21:53      NE
23    13.8    16.1   13:52    10.5   00:00     04.5     00.0    00.0   09.4     37.0    14:30     ENE
24    11.4    16.0   14:13    07.1   06:28     06.9     00.0    00.0   04.3     18.5    18:48     ENE
25    11.6    13.3   09:13    09.2   05:12     06.7     00.0    05.4   07.6     38.9    06:18     ENE
26    10.6    13.3   22:10    08.2   03:22     07.7     00.0    09.0   05.1     42.5    23:57     SSE
27    12.1    14.4   13:03    08.5   23:28     06.2     00.0    01.2   14.7     62.9    08:12      SW
28    09.3    11.9   15:50    03.3   23:39     09.0     00.0    03.2   09.9     48.1    15:49      SW
29    06.2    11.5   14:22    01.7   22:47     12.1     00.0    00.0   04.9     24.1    02:37      NE
30    05.5    12.3   15:13   -00.9   07:40     12.8     00.0    00.0   03.4     18.5    05:03     SSE
----------------------------------------------------------------------------------------------------------------------------------------------------------
13.2 (13.2)   21.2  day 07    -00.9  day 30   153.7    000.0   155.0   06.3     62.9   day 27     ENE
Min <=   30: 30
Max Rain: 46.4 ON 13-11-21
Days of Rain: 22 (> .2mm) 10 (> 2mm) 3 (> 20mm)