MONTHLY CLIMATOLOGICAL SUMMARY for JAN. 2011

NAME: DAVIS VP2   CITY: Pisa STATE: Italia
ELEV: 20 LAT: 043:42:33 LONG: -010:26:20

                            TEMPERATURE ( C), RAIN (mm), WIND SPEED (kmh)

                                               HEAT     COOL           AVG
      MEAN                                     DEG      DEG            WIND                       DOM
DAY   TEMP    HIGH   TIME     LOW    TIME      DAYS     DAYS    RAIN   SPEED    HIGH    TIME      DIR
----------------------------------------------------------------------------------------------------------------------------------------------------------
01    05.8    11.2   15:51    01.5   08:09     12.5     00.0    00.0   00.6     14.8    04:13      E 
02    06.3    10.5   16:00    02.8   00:51     12.0     00.0    00.0   00.5     09.3    21:34     ESE
03    07.0    09.9   13:19    03.8   07:03     11.3     00.0    00.2   08.4     35.1    15:42      NE
04    03.6    05.9   00:30    01.4   08:02     14.7     00.0    00.0   02.2     25.9    02:27     ENE
05    05.7    08.7   13:28    02.6   02:00     12.6     00.0    00.0   01.8     18.5    23:59     NNE
06    08.7    11.8   23:59    06.4   06:35     09.6     00.0    10.6   04.0     24.1    06:55      NE
07    13.1    14.3   13:24    11.7   01:35     05.2     00.0    00.6   03.9     18.5    23:15     ESE
08    13.7    15.8   11:45    11.7   20:01     04.6     00.0    00.0   03.0     18.5    09:47     ENE
09    12.3    15.8   13:59    08.2   08:35     06.0     00.0    00.0   01.6     16.6    12:09      NE
10    12.6    15.2   12:44    10.2   08:40     05.7     00.0    09.4   02.0     18.5    09:28      NE
11    10.3    12.7   14:41    09.2   22:45     08.0     00.0    18.6   01.7     25.9    13:09     NNE
12    09.5    13.2   12:52    06.0   23:56     08.8     00.0    00.4   02.8     24.1    04:22     NNE
13    08.1    13.4   15:36    04.2   06:50     10.2     00.0    00.2   00.4     07.4    23:40      S 
14    09.7    12.0   13:36    07.3   02:42     08.6     00.0    00.0   01.1     16.6    19:59      NE
15    11.1    15.8   15:21    06.8   00:00     07.2     00.0    00.0   00.4     16.6    14:54     ENE
16    08.3    15.5   14:22    03.5   07:53     10.0     00.0    00.4   01.1     14.8    09:16      SW
17    07.6    11.9   15:33    03.4   06:52     10.7     00.0    00.2   02.0     14.8    10:29     ESE
18    09.5    13.1   15:04    06.2   22:09     08.8     00.0    00.0   00.4     16.6    05:20     SSE
19    08.6    09.3   10:53    07.3   00:36     09.7     00.0    07.2   00.6     18.5    19:10      NE
20    08.2    11.5   13:56    05.0   07:27     10.1     00.0    00.6   07.1     42.5    20:10     NNE
21    07.1    09.1   13:14    06.2   21:10     11.2     00.0    00.0   15.4     53.6    11:42     NNE
22    05.4    07.1   12:14    02.1   23:24     12.9     00.0    00.0   05.1     38.9    02:22     NNE
23    04.1    09.8   15:19    00.3   04:45     14.2     00.0    00.0   01.7     20.4    16:20     SSE
24    03.4    10.1   15:00   -02.2   07:54     14.9     00.0    00.0   00.6     12.9    15:03     SSE
25    04.1    09.1   13:29    00.4   02:38     14.2     00.0    00.2   01.8     20.4    11:53     NNW
26    05.7    09.3   16:13    01.6   03:52     12.6     00.0    00.2   02.5     18.5    21:44     NNE
27    09.6    12.8   15:17    07.0   07:01     08.7     00.0    00.0   07.6     38.9    20:48      NE
28    09.6    12.0   11:54    08.0   06:15     08.7     00.0    00.0   08.7     38.9    08:55     NNE
29    08.3    09.6   13:24    07.3   19:58     10.0     00.0    03.4   14.6     50.0    21:43      NE
30    07.4    08.8   18:31    05.7   00:00     10.9     00.0    08.8   13.3     55.5    05:25     NNE
31    08.3    13.3   13:36    03.8   03:20     10.0     00.0    00.0   04.1     31.4    12:37     ENE
----------------------------------------------------------------------------------------------------------------------------------------------------------
08.1 (8.4)   15.8  day 15    -02.2  day 24   314.8    000.0   061.0   03.9     55.5   day 30      NE
Min <=   30: 31
Max Rain: 18.6 ON 11-01-11
Days of Rain: 15 (> .2mm) 6 (> 2mm) 0 (> 20mm)