MONTHLY CLIMATOLOGICAL SUMMARY for JAN. 2012

NAME: DAVIS VP2   CITY: Arena Metato (San Giuliano Terme) (PI) STATE: Italia
ELEV: 15 LAT: 043:46:46 LONG: -010:22:1

                            TEMPERATURE ( C), RAIN (mm), WIND SPEED (kmh)

                                               HEAT     COOL           AVG
      MEAN                                     DEG      DEG            WIND                       DOM
DAY   TEMP    HIGH   TIME     LOW    TIME      DAYS     DAYS    RAIN   SPEED    HIGH    TIME      DIR
----------------------------------------------------------------------------------------------------------------------------------------------------------
01    07.5    13.3   13:59    03.3   00:59     10.8     00.0    00.0   01.6     20.4    23:18     ESE
02    10.2    13.2   20:49    07.2   00:11     08.1     00.0    13.4   02.9     35.1    23:08     ESE
03    11.4    15.3   13:38    06.9   23:58     06.9     00.0    00.0   03.8     33.3    06:11     NNE
04    06.9    10.9   16:38    03.8   06:37     11.4     00.0    06.2   04.0     37.0    15:39     ENE
05    08.4    14.1   19:49    02.2   07:55     09.9     00.0    00.2   07.7     48.1    13:22     SSW
06    11.5    14.8   14:25    08.0   00:00     06.8     00.0    00.0   14.7     51.8    06:59      NW
07    06.9    13.0   14:28    00.7   07:54     11.4     00.0    00.0   03.4     24.1    05:29     SSW
08    07.0    13.1   13:15    02.2   08:37     11.3     00.0    00.0   01.2     11.1    13:37      SE
09    06.2    14.5   14:39    00.4   07:33     12.1     00.0    00.2   02.7     18.5    04:04      SE
10    06.4    13.7   14:02    00.8   08:14     11.9     00.0    00.0   02.6     18.5    14:52     SSE
11    06.6    14.0   14:26    01.2   07:54     11.7     00.0    00.0   03.2     18.5    03:41      SE
12    07.5    13.1   15:31    01.2   05:59     10.8     00.0    00.0   02.8     22.2    23:52      S 
13    11.9    13.2   11:08    08.7   22:36     06.4     00.0    00.2   09.7     33.3    11:15      W 
14    09.2    13.5   15:01    03.0   00:00     09.1     00.0    00.2   04.7     31.4    08:23      E 
15    05.7    11.6   14:47    00.9   08:24     12.6     00.0    00.0   02.9     18.5    05:31     ENE
16    05.5    10.4   12:40    00.5   03:44     12.8     00.0    00.0   03.7     31.4    10:31      E 
17    04.5    10.9   14:54   -00.2   07:32     13.8     00.0    00.0   01.5     18.5    08:47      E 
18    05.5    12.7   16:08    00.6   07:54     12.8     00.0    00.0   01.8     14.8    12:51     SSE
19    08.2    12.9   19:56    02.5   00:01     10.1     00.0    00.0   05.2     31.4    19:40      SW
20    10.2    14.2   14:07    06.8   00:00     08.1     00.0    02.0   03.0     27.8    13:39      S 
21    08.1    14.5   14:45    01.9   06:53     10.2     00.0    00.2   02.0     14.8    11:53     SSE
22    08.8    15.2   14:34    04.0   04:05     09.5     00.0    00.2   01.3     11.1    23:32      S 
23    09.8    14.3   15:51    05.7   03:35     08.5     00.0    00.0   01.9     18.5    13:05     ENE
24    10.2    16.3   15:52    04.8   08:30     08.1     00.0    00.0   03.6     33.3    18:59     NNE
25    08.7    12.6   14:42    02.4   23:39     09.6     00.0    00.0   02.8     18.5    05:12      SE
26    05.6    11.9   15:15   -01.2   07:56     12.7     00.0    00.0   02.0     11.1    13:32     SSE
27    08.4    09.9   13:29    06.7   04:18     09.9     00.0    00.0   01.6     14.8    11:27      NE
28    09.0    11.5   12:27    06.6   00:58     09.3     00.0    00.0   05.6     35.1    23:52      NE
29    09.2    10.6   14:19    07.5   23:59     09.1     00.0    00.0   18.6     51.8    09:51     ENE
30    06.5    09.1   15:08    01.8   23:23     11.8     00.0    00.0   11.7     38.9    05:10      NE
31    03.0    05.5   12:55    01.4   23:48     15.3     00.0    05.0   09.3     53.6    22:50      NE
----------------------------------------------------------------------------------------------------------------------------------------------------------
07.9 (8.0)   16.3  day 24    -01.2  day 26   322.8    000.0   027.8   04.6     53.7   day 06     ENE
Min <=   30: 31
Max Rain: 13.4 ON 2-01-12
Days of Rain: 64 (> .2mm) 57 (> 2mm) 0 (> 20mm)