MONTHLY CLIMATOLOGICAL SUMMARY for JAN. 2013

NAME: DAVIS VP2   CITY: Arena Metato (San Giuliano Terme) (PI) STATE: Italia
ELEV: 15 LAT: 043:46:46 LONG: -010:22:1

                            TEMPERATURE ( C), RAIN (mm), WIND SPEED (kmh)

                                               HEAT     COOL           AVG
      MEAN                                     DEG      DEG            WIND                       DOM
DAY   TEMP    HIGH   TIME     LOW    TIME      DAYS     DAYS    RAIN   SPEED    HIGH    TIME      DIR
----------------------------------------------------------------------------------------------------------------------------------------------------------
01    05.3    10.1   14:47    00.8   07:40     13.0     00.0    00.2   02.6     18.5    23:53      E 
02    09.8    11.8   20:00    08.1   03:39     08.5     00.0    20.4   10.6     40.7    19:43      NE
03    08.8    15.1   14:52    04.0   07:36     09.5     00.0    00.0   00.9     14.8    23:02      S 
04    07.3    12.7   14:21    02.2   08:30     11.0     00.0    00.2   00.6     11.1    00:13      SE
05    09.4    11.2   14:36    07.9   06:18     08.9     00.0    00.0   00.2     09.3    08:52     ESE
06    09.5    10.8   13:25    07.8   23:52     08.8     00.0    00.0   00.8     12.9    14:01      E 
07    07.5    10.9   14:38    03.8   07:55     10.8     00.0    00.2   01.7     16.6    11:34     SSE
08    06.8    08.8   14:42    05.4   08:48     11.5     00.0    00.0   00.6     16.6    09:42     ENE
09    08.7    11.1   14:57    06.5   00:05     09.6     00.0    00.0   00.7     11.1    10:26      E 
10    08.9    12.7   15:17    07.1   23:52     09.4     00.0    00.0   00.9     18.5    11:17     NNE
11    08.3    12.5   13:02    05.3   21:12     10.0     00.0    00.4   02.8     25.9    11:43     ENE
12    06.6    09.3   12:37    03.4   04:51     11.7     00.0    07.0   01.1     18.5    05:49      E 
13    07.0    09.0   10:43    05.1   01:24     11.3     00.0    26.4   09.0     31.4    23:47      NE
14    06.8    09.8   15:23    04.1   00:00     11.5     00.0    25.4   04.3     37.0    19:35      NE
15    04.8    06.5   15:08    02.8   03:53     13.5     00.0    15.2   05.8     31.4    13:37      NE
16    05.0    07.6   12:25    01.0   00:00     13.3     00.0    03.2   05.7     37.0    02:31     ENE
17    02.5    06.2   16:05   -01.8   06:57     15.8     00.0    00.2   02.4     20.4    11:24     NNE
18    03.8    09.6   14:37   -00.1   07:36     14.5     00.0    00.0   01.6     16.6    15:59      SE
19    04.0    07.9   23:54    00.7   02:38     14.3     00.0    06.8   12.3     40.7    19:03      NE
20    10.6    13.1   11:05    07.2   00:36     07.7     00.0    21.2   06.6     35.1    00:33     ENE
21    08.7    10.9   12:23    07.3   08:45     09.6     00.0    16.8   04.2     31.4    03:52     SSE
22    08.3    12.0   14:24    05.3   08:12     10.0     00.0    08.6   04.7     35.1    03:35      S 
23    07.2    09.1   15:10    04.7   04:40     11.1     00.0    02.2   08.6     38.9    10:01     ENE
24    06.7    11.6   14:23    02.7   07:56     11.6     00.0    00.0   01.5     18.5    07:04     SSE
25    07.6    11.7   15:48    04.4   23:49     10.7     00.0    00.0   04.1     24.1    13:47      E 
26    04.5    09.1   14:41   -00.1   07:59     13.8     00.0    00.0   01.9     18.5    16:15     ESE
27    04.0    10.3   14:25   -01.3   07:31     14.3     00.0    00.0   00.6     11.1    22:51     SSE
28    06.6    08.0   19:24    04.8   23:40     11.7     00.0    07.6   07.1     27.8    19:08      NE
29    06.6    11.7   14:44    01.0   05:30     11.7     00.0    00.0   01.1     18.5    10:19      SW
30    09.8    12.0   13:33    07.6   01:12     08.5     00.0    00.0   00.3     14.8    13:20      SE
31    11.3    15.0   14:13    08.3   22:20     07.0     00.0    00.0   01.4     24.1    14:56     SSE
----------------------------------------------------------------------------------------------------------------------------------------------------------
07.2 (7.3)   15.1  day 03    -01.8  day 17   344.5    000.0   162.2   03.4     40.7   day 19     ENE
Min <=   30: 31
Max Rain: 26.4 ON 13-01-13
Days of Rain: 17 (> .2mm) 12 (> 2mm) 4 (> 20mm)