MONTHLY CLIMATOLOGICAL SUMMARY for JAN. 2014

NAME: DAVIS VP2   CITY: Arena Metato (San Giuliano Terme) (PI) STATE: Italia
ELEV: 15 LAT: 043:46:46 LONG: -010:22:1

                            TEMPERATURE ( C), RAIN (mm), WIND SPEED (kmh)

                                               HEAT     COOL           AVG
      MEAN                                     DEG      DEG            WIND                       DOM
DAY   TEMP    HIGH   TIME     LOW    TIME      DAYS     DAYS    RAIN   SPEED    HIGH    TIME      DIR
----------------------------------------------------------------------------------------------------------------------------------------------------------
01    05.9    11.3   15:38    00.6   07:51     12.4     00.0    00.2   01.8     14.8    09:40      SE
02    09.0    11.1   20:14    06.9   00:44     09.3     00.0    20.8   04.1     27.8    12:52      NE
03    11.6    13.7   13:59    08.9   08:17     06.7     00.0    08.0   00.7     11.1    09:56     NNE
04    13.8    15.2   16:19    12.3   00:19     04.5     00.0    11.6   06.5     38.9    19:27     ESE
05    12.3    14.5   00:09    08.8   23:14     06.0     00.0    26.0   08.3     40.7    06:57     ENE
06    08.7    15.9   15:00    04.2   08:00     09.6     00.0    00.2   00.6     11.1    12:17     ESE
07    08.5    13.7   15:04    04.8   08:03     09.8     00.0    00.0   01.8     14.8    09:50      SE
08    08.0    13.7   15:14    04.8   06:32     10.3     00.0    00.2   00.6     09.3    14:51      SE
09    10.4    14.8   15:57    08.3   00:01     07.9     00.0    00.2   00.7     11.1    19:06     SSE
10    11.9    12.8   19:32    10.8   06:06     06.4     00.0    00.6   00.2     07.4    23:49      E 
11    12.4    15.1   14:47    10.0   08:31     05.9     00.0    00.0   00.1     07.4    12:29      E 
12    11.8    15.8   12:30    07.8   23:28     06.5     00.0    00.0   00.4     09.3    13:26     SSE
13    09.2    11.6   23:59    06.0   06:40     09.1     00.0    02.2   01.8     16.6    20:53     ENE
14    11.6    13.3   16:02    10.3   00:00     06.7     00.0    35.4   04.2     31.4    07:02     NNE
15    09.7    13.8   15:13    06.5   23:59     08.6     00.0    00.2   00.9     14.8    13:34     ESE
16    09.1    12.4   21:49    05.5   04:39     09.2     00.0    01.6   02.1     18.5    21:59      E 
17    12.6    13.9   13:17    11.2   00:52     05.7     00.0    20.8   05.9     35.1    05:19      E 
18    12.5    13.7   14:04    11.1   09:11     05.8     00.0    125.2   03.5     25.9    23:09     NNE
19    12.8    13.7   19:35    11.4   22:46     05.5     00.0    23.4   02.6     35.1    14:40      NE
20    11.8    14.3   14:34    09.3   22:13     06.5     00.0    05.4   02.3     22.2    10:21     ENE
21    10.6    14.1   14:26    07.3   07:13     07.7     00.0    00.2   00.5     14.8    14:22      NE
22    11.2    13.6   14:22    06.4   00:00     07.1     00.0    00.8   05.1     25.9    09:20     WNW
23    08.9    11.7   13:55    05.7   01:22     09.4     00.0    03.6   04.1     25.9    10:44      NE
24    08.0    10.9   15:20    05.2   08:21     10.3     00.0    01.2   01.8     25.9    16:52      NE
25    07.4    13.7   15:54    03.3   07:53     10.9     00.0    00.0   01.2     14.8    22:31      SE
26    07.3    15.0   16:21    02.0   04:58     11.0     00.0    00.0   02.5     22.2    15:45      SE
27    06.7    08.9   00:26    04.3   00:00     11.6     00.0    05.2   06.5     35.1    10:37      NE
28    05.1    10.7   14:47    01.4   08:00     13.2     00.0    00.4   01.6     31.4    15:49      E 
29    05.9    09.8   13:05    01.3   05:42     12.4     00.0    04.2   09.9     44.4    19:13      NE
30    10.3    12.4   16:37    07.8   00:24     08.0     00.0    42.6   12.4     42.5    08:11     ENE
31   -13.6    11.4   00:02   -39.6   11:42     31.9     00.0    13.4   02.4     31.4    01:14     ENE
----------------------------------------------------------------------------------------------------------------------------------------------------------
09.1 (9.2)   15.9  day 06    -39.6  day 31   285.8    000.0   353.6   03.1     44.4   day 30     ENE
Min <=   30: 31
Min <= -18: 1
Min <=  -5: 1
Min <= -10: 1
Min <= -15: 1
Min <= -20: 1
Min <= -25: 1
Max Rain: 125.2 ON 18-01-14
Days of Rain: 80 (> .2mm) 69 (> 2mm) 7 (> 20mm)