MONTHLY CLIMATOLOGICAL SUMMARY for JAN. 2017

NAME:    CITY:  STATE: 
ELEV:  LAT:  LONG: 

                            TEMPERATURE ( C), RAIN (mm), WIND SPEED (kmh)

                                               HEAT     COOL           AVG
      MEAN                                     DEG      DEG            WIND                       DOM
DAY   TEMP    HIGH   TIME     LOW    TIME      DAYS     DAYS    RAIN   SPEED    HIGH    TIME      DIR
----------------------------------------------------------------------------------------------------------------------------------------------------------
01    04.5    09.8   15:48   -01.5   07:56     13.8     00.0    00.0   03.2     14.8    12:06     SSE
02    09.8    14.1   23:32    04.9   03:48     08.5     00.0    07.6   05.0     40.7    20:56      NW
03    10.4    14.3   02:43    02.6   00:00     07.9     00.0    04.0   10.1     46.3    02:39     ESE
04    04.8    08.9   15:14   -00.9   07:08     13.5     00.0    00.0   02.9     14.8    04:36     SSE
05    07.5    10.8   11:12    03.4   01:34     10.8     00.0    00.0   10.5     44.4    12:55      NE
06    02.5    07.4   14:33   -03.0   07:45     15.8     00.0    00.0   04.1     18.5    12:53      SE
07    01.4    04.7   16:08   -02.1   02:00     16.9     00.0    00.0   04.6     25.9    12:41     ESE
08    02.3    06.3   15:19    00.1   21:54     16.0     00.0    00.0   04.8     18.5    23:08     ENE
09    01.9    09.1   15:28   -03.1   07:02     16.4     00.0    00.0   02.5     18.5    00:08      SE
10    04.2    07.6   13:15   -00.2   00:12     14.1     00.0    00.0   10.0     42.5    19:36     ESE
11    02.9    07.4   14:42   -01.9   08:08     15.4     00.0    00.0   03.5     29.6    01:21      SE
12    06.0    08.0   17:14    04.1   00:42     12.3     00.0    02.2   03.5     18.5    14:09      E 
13    10.1    14.4   08:15    05.2   23:53     08.2     00.0    07.6   15.5     55.5    08:14     WNW
14    04.8    10.1   14:30   -01.4   08:07     13.5     00.0    00.0   03.7     22.2    00:18     ENE
15    05.9    10.1   13:51    01.8   03:24     12.4     00.0    00.0   06.9     38.9    14:19     ENE
16    05.3    07.3   11:55    02.5   07:29     13.0     00.0    00.0   10.1     46.3    23:14     ENE
17    05.5    07.0   13:49    03.8   06:13     12.8     00.0    00.0   10.1     50.0    14:27      E 
18    06.4    08.5   14:40    04.0   05:34     11.9     00.0    00.0   11.1     35.1    04:02      E 
19    06.1    09.6   13:37    02.3   23:54     12.2     00.0    00.0   06.1     38.9    01:09     ESE
20    05.5    11.7   15:53    00.5   05:05     12.8     00.0    00.0   02.8     25.9    13:01     ESE
21    07.0    10.9   12:45    00.8   05:08     11.3     00.0    00.0   15.9     55.5    20:27     ESE
22    10.0    13.3   14:07    06.9   02:09     08.3     00.0    00.0   12.3     42.5    00:23     ENE
23    11.4    13.7   14:35    09.5   05:22     06.9     00.0    00.0   10.3     42.5    12:59      E 
24    11.6    16.1   13:32    06.8   04:22     06.7     00.0    00.0   03.8     31.4    11:13     ESE
25    07.6    15.7   15:38    01.2   07:26     10.7     00.0    00.0   01.9     24.1    12:08      SE
26    06.3    14.5   15:51    00.5   06:56     12.0     00.0    00.0   00.9     16.6    11:57      SE
27    07.3    11.9   13:34    02.2   01:47     11.0     00.0    00.0   01.8     18.5    06:35      E 
28    10.7    14.4   12:32    04.6   00:27     07.6     00.0    00.0   06.6     31.4    07:59      E 
29    07.7    15.9   14:59    02.1   07:23     10.6     00.0    00.0   02.6     16.6    00:44      SW
30    06.8    10.7   16:06    02.7   06:56     11.5     00.0    06.0   01.6     14.8    14:28     ENE
31    10.0    12.1   18:38    07.6   00:17     08.3     00.0    13.0   03.5     14.8    21:57     ENE
----------------------------------------------------------------------------------------------------------------------------------------------------------
06.6 (6.5)   16.1  day 24    -03.1  day 09   363.2    000.0   040.6   06.2     55.5   day 13      E 
Min <=   30: 31
Max Rain: 13.0 ON 31-01-17
Days of Rain: 6 (> .2mm) 6 (> 2mm) 0 (> 20mm)