MONTHLY CLIMATOLOGICAL SUMMARY for DEC. 2011

NAME: DAVIS VP2   CITY: Arena Metato (San Giuliano Terme) (PI) STATE: Italia
ELEV: 15 LAT: 043:46:46 LONG: -010:22:1

                            TEMPERATURE ( C), RAIN (mm), WIND SPEED (kmh)

                                               HEAT     COOL           AVG
      MEAN                                     DEG      DEG            WIND                       DOM
DAY   TEMP    HIGH   TIME     LOW    TIME      DAYS     DAYS    RAIN   SPEED    HIGH    TIME      DIR
----------------------------------------------------------------------------------------------------------------------------------------------------------
01    12.2    15.2   14:48    09.8   07:46     06.1     00.0    04.6   01.0     14.8    21:47      NE
02    14.7    19.0   14:06    11.3   01:52     03.6     00.0    04.8   03.2     22.2    15:54      SE
03    14.9    17.8   14:22    13.0   05:53     03.4     00.0    07.4   04.7     25.9    22:25      S 
04    15.3    16.7   11:33    13.2   08:34     03.0     00.0    05.4   09.0     46.3    22:56     WSW
05    15.8    16.6   12:23    13.4   23:37     02.5     00.0    12.6   19.7     55.5    15:01     WSW
06    11.7    15.6   11:43    07.3   23:25     06.6     00.0    00.0   00.6     16.6    14:52     SSE
07    11.3    15.8   19:22    04.2   07:19     07.0     00.0    00.0   04.3     37.0    18:39     SSW
08    13.2    17.2   13:09    08.9   00:00     05.1     00.0    00.0   02.7     24.1    13:49      W 
09    12.2    15.3   21:49    08.2   02:13     06.1     00.0    00.4   03.9     31.4    12:30      W 
10    14.4    16.9   12:22    12.2   23:34     03.9     00.0    00.6   03.5     29.6    12:18     WSW
11    12.9    15.7   14:53    10.3   04:31     05.4     00.0    00.2   01.1     18.5    23:50     ENE
12    12.6    14.9   20:49    08.9   23:41     05.7     00.0    36.4   06.2     55.5    20:07     SSW
13    10.2    14.4   16:05    05.0   07:38     08.1     00.0    00.6   01.2     22.2    18:42     SSW
14    13.6    16.5   17:13    11.6   07:44     04.7     00.0    01.2   04.2     40.7    16:16      SW
15    14.9    15.6   08:45    13.1   00:01     03.4     00.0    00.2   18.6     53.6    15:18      W 
16    15.3    16.6   16:47    11.8   23:47     03.0     00.0    02.8   30.1     79.5    18:46     WSW
17    10.5    14.5   00:46    03.6   00:00     07.8     00.0    00.2   12.1     64.8    00:54      NW
18    05.8    09.3   13:22    01.5   03:57     12.5     00.0    00.0   04.0     22.2    05:33      NE
19    05.8    12.1   13:33    00.8   05:54     12.5     00.0    00.0   02.1     18.5    13:53     ESE
20    03.7    07.4   13:27   -01.4   06:57     14.6     00.0    00.4   04.5     27.8    19:40      NE
21    04.9    09.6   13:05    00.8   07:58     13.4     00.0    00.0   02.6     18.5    17:54     ESE
22    04.6    12.0   15:56   -00.4   06:56     13.7     00.0    00.0   02.1     14.8    09:21      SE
23    06.3    13.2   14:23    01.8   05:15     12.0     00.0    00.0   01.5     12.9    23:26     SSE
24    06.8    11.2   18:18    02.4   02:39     11.5     00.0    02.0   03.5     31.4    17:49     ENE
25    08.6    14.1   13:18    03.3   08:16     09.7     00.0    00.2   04.4     24.1    15:29      NE
26    09.3    14.2   15:03    02.4   05:26     09.0     00.0    00.0   04.9     35.1    15:40      NE
27    10.1    14.7   14:12    04.0   00:00     08.2     00.0    00.0   04.2     31.4    06:25      NE
28    06.1    13.3   15:08    00.9   07:34     12.2     00.0    00.0   01.7     14.8    20:48     ESE
29    07.5    11.6   14:27    04.4   02:45     10.8     00.0    00.0   01.0     11.1    22:08     ENE
30    06.5    11.9   15:50    02.1   07:22     11.8     00.0    00.0   03.2     29.6    21:53     ENE
31    06.7    12.7   15:16    01.2   08:02     11.6     00.0    00.0   01.9     18.5    02:29     ESE
----------------------------------------------------------------------------------------------------------------------------------------------------------
10.3 (10.2)   19.0  day 02    -01.4  day 20   249.0    000.0   080.0   05.4     79.6   day 16     WSW
Min <=   30: 31
Max Rain: 36.4 ON 12-12-12
Days of Rain: 17 (> .2mm) 7 (> 2mm) 1 (> 20mm)