MONTHLY CLIMATOLOGICAL SUMMARY for DEC. 2012

NAME: DAVIS VP2   CITY: Arena Metato (San Giuliano Terme) (PI) STATE: Italia
ELEV: 15 LAT: 043:46:46 LONG: -010:22:1

                            TEMPERATURE ( C), RAIN (mm), WIND SPEED (kmh)

                                               HEAT     COOL           AVG
      MEAN                                     DEG      DEG            WIND                       DOM
DAY   TEMP    HIGH   TIME     LOW    TIME      DAYS     DAYS    RAIN   SPEED    HIGH    TIME      DIR
----------------------------------------------------------------------------------------------------------------------------------------------------------
01    09.5    10.7   15:48    08.5   13:57     08.8     00.0    30.4   12.8     42.5    04:33      NE
02    09.5    12.8   15:21    05.2   00:00     08.8     00.0    06.0   05.3     53.6    19:58     NNW
03    06.6    12.1   15:29    01.5   07:42     11.7     00.0    00.0   02.1     18.5    02:57     SSE
04    10.2    14.4   13:07    06.9   05:36     08.1     00.0    32.6   10.3     70.3    10:49     WSW
05    06.3    11.6   15:16    02.8   00:00     12.0     00.0    00.0   02.0     18.5    22:01     ENE
06    05.3    11.9   14:48    01.7   02:34     13.0     00.0    00.0   02.3     27.8    06:38     ESE
07    04.2    06.8   17:07    02.1   00:21     14.1     00.0    23.0   05.8     33.3    20:58      NE
08    04.3    07.9   12:11    01.1   07:22     14.0     00.0    00.2   04.0     31.4    08:46     ENE
09    04.1    11.0   14:41   -00.3   05:33     14.2     00.0    00.0   01.5     16.6    02:56     SSE
10    04.7    07.9   15:02    01.6   00:54     13.6     00.0    00.4   03.0     24.1    13:29     ENE
11    03.2    09.9   14:23   -00.9   07:53     15.1     00.0    00.2   02.4     16.6    22:47      SE
12    03.6    09.8   14:46   -00.5   06:14     14.7     00.0    00.0   00.9     16.6    04:06      S 
13    05.8    07.2   21:35    03.8   00:13     12.5     00.0    02.4   10.5     31.4    23:40      NE
14    09.0    12.1   00:00    06.0   00:52     09.3     00.0    21.6   08.3     40.7    02:46      NE
15    13.1    14.9   14:38    11.5   23:58     05.2     00.0    21.6   06.9     37.0    12:32      S 
16    13.2    16.2   14:42    11.4   19:52     05.1     00.0    00.0   02.7     25.9    14:47     SSW
17    11.5    14.0   01:10    07.3   00:00     06.8     00.0    26.6   05.6     55.5    08:53      W 
18    07.0    12.3   14:29    04.0   03:51     11.3     00.0    00.4   01.9     18.5    09:42     SSE
19    05.8    13.4   14:39    02.0   07:54     12.5     00.0    00.4   01.5     18.5    10:00      SE
20    04.5    08.2   13:44    01.1   06:53     13.8     00.0    00.0   01.6     14.8    21:54     SSE
21    06.9    10.2   14:21    04.1   00:00     11.4     00.0    01.0   04.6     27.8    05:28      NE
22    06.0    12.0   12:56    01.3   07:11     12.3     00.0    00.2   00.7     09.3    21:53     SSE
23    07.0    09.2   22:19    03.6   02:24     11.3     00.0    00.8   00.7     14.8    14:28      SE
24    11.5    15.2   12:00    08.7   01:37     06.8     00.0    00.2   00.8     16.6    23:52      SE
25    13.3    14.3   12:25    12.0   03:09     05.0     00.0    00.0   02.4     16.6    17:45      NE
26    12.9    14.6   13:27    10.4   19:48     05.4     00.0    01.4   00.6     14.8    01:34      NE
27    11.5    14.5   23:41    08.0   06:49     06.8     00.0    01.4   08.7     53.6    17:59      SW
28    12.4    18.5   13:49    06.8   00:00     05.9     00.0    00.2   02.2     33.3    00:07      S 
29    08.1    13.3   14:02    03.8   08:04     10.2     00.0    00.0   01.7     18.5    14:16      NE
30    06.0    11.4   15:03    01.4   07:37     12.3     00.0    00.0   01.6     18.5    09:55      SE
31    06.1    14.0   14:48    01.8   06:50     12.2     00.0    00.2   01.6     18.5    07:25     SSE
----------------------------------------------------------------------------------------------------------------------------------------------------------
07.8 (8.2)   18.5  day 28    -00.9  day 11   324.4    000.0   171.4   03.8     70.3   day 04      E 
Min <=   30: 31
Max Rain: 32.6 ON 4-12-13
Days of Rain: 75 (> .2mm) 8 (> 2mm) 6 (> 20mm)