MONTHLY CLIMATOLOGICAL SUMMARY for DEC. 2013

NAME: DAVIS VP2   CITY: Arena Metato (San Giuliano Terme) (PI) STATE: Italia
ELEV: 15 LAT: 043:46:46 LONG: -010:22:1

                            TEMPERATURE ( C), RAIN (mm), WIND SPEED (kmh)

                                               HEAT     COOL           AVG
      MEAN                                     DEG      DEG            WIND                       DOM
DAY   TEMP    HIGH   TIME     LOW    TIME      DAYS     DAYS    RAIN   SPEED    HIGH    TIME      DIR
----------------------------------------------------------------------------------------------------------------------------------------------------------
01    10.9    13.6   12:07    07.9   07:35     07.4     00.0    00.0   06.5     29.6    15:07     ENE
02    12.9    15.1   12:33    10.7   00:00     05.4     00.0    00.0   11.6     44.4    08:37     ENE
03    07.8    14.8   15:58    02.3   23:33     10.5     00.0    00.0   01.4     22.2    01:28     SSE
04    06.0    14.2   14:39    00.1   06:22     12.3     00.0    00.0   01.7     20.4    10:45      SE
05    06.4    12.4   15:09    01.9   02:31     11.9     00.0    00.0   00.6     09.3    14:18     SSE
06    07.9    11.9   14:49    04.9   23:51     10.4     00.0    00.0   01.4     14.8    07:57     SSE
07    07.2    13.8   15:02    02.5   07:00     11.1     00.0    00.2   00.6     14.8    07:36     ESE
08    07.2    13.0   15:08    02.5   06:54     11.1     00.0    00.4   01.5     20.4    15:52     NNE
09    06.0    11.6   15:04    02.3   05:56     12.3     00.0    00.0   00.8     12.9    10:24      SE
10    07.0    14.4   15:36    02.6   07:16     11.3     00.0    00.4   00.7     11.1    11:22      SE
11    06.6    15.2   15:26    00.9   08:02     11.7     00.0    00.2   00.1     09.3    08:19      SE
12    07.2    13.7   15:25    02.6   08:09     11.1     00.0    00.2   00.4     18.5    07:14      SE
13    05.6    10.1   14:23    01.8   05:41     12.7     00.0    00.2   01.7     18.5    15:16      NE
14    06.9    12.0   15:19    03.0   08:20     11.4     00.0    00.2   00.4     09.3    22:47      SE
15    08.6    14.8   15:15    04.7   00:00     09.7     00.0    00.0   00.7     14.8    23:33     NNE
16    06.2    14.9   14:28    01.1   07:53     12.1     00.0    00.2   00.4     11.1    00:16     SSE
17    05.1    14.8   14:42   -00.1   07:58     13.2     00.0    00.2   01.6     16.6    10:31     SSE
18    04.7    11.4   15:28   -00.2   06:45     13.6     00.0    00.0   02.3     14.8    08:45      SE
19    07.7    11.4   00:00    02.3   04:42     10.6     00.0    00.0   04.3     20.4    19:33      NE
20    12.8    14.9   12:35    11.3   08:24     05.5     00.0    00.0   07.7     27.8    08:07      NE
21    12.8    15.1   14:38    10.3   00:00     05.5     00.0    00.0   02.4     16.6    12:42      NE
22    10.0    11.8   13:02    07.2   04:23     08.3     00.0    30.6   00.7     16.6    14:43      NE
23    10.6    13.6   13:27    06.9   00:00     07.7     00.0    01.0   01.0     14.8    13:41     NNE
24    09.7    12.9   00:00    05.5   01:33     08.6     00.0    00.4   03.4     20.4    23:43      E 
25    14.0    15.3   12:14    12.3   03:54     04.3     00.0    02.6   15.2     53.6    21:34      SE
26    11.7    14.6   07:11    07.1   23:40     06.6     00.0    17.2   10.8     50.0    01:55     ESE
27    08.4    14.2   15:34    03.5   08:10     09.9     00.0    00.2   00.9     14.8    08:50     ESE
28    09.1    14.1   13:53    03.6   06:53     09.2     00.0    00.4   02.4     18.5    22:07     ESE
29    11.6    13.2   14:25    07.4   00:00     06.7     00.0    05.4   02.7     20.4    01:03      E 
30    08.7    14.0   13:09    04.1   00:00     09.6     00.0    00.0   00.8     14.8    02:18     NNE
31    05.3    12.5   15:10    01.6   07:30     13.0     00.0    00.2   00.9     09.3    22:57      SE
----------------------------------------------------------------------------------------------------------------------------------------------------------
08.5 (8.9)   15.3  day 25    -00.2  day 18   304.7    000.0   060.2   02.8     53.7   day 25      E 
Min <=   30: 31
Max Rain: 30.6 ON 22-12-14
Days of Rain: 72 (> .2mm) 4 (> 2mm) 1 (> 20mm)