MONTHLY CLIMATOLOGICAL SUMMARY for DEC. 2021

NAME: DAVIS VP2   CITY: Arena Metato (San Giuliano Terme) (PI) STATE: Italia
ELEV: 15 LAT: 043:46:46 LONG: -010:22:1

                            TEMPERATURE ( C), RAIN (mm), WIND SPEED (kmh)

                                               HEAT     COOL           AVG
      MEAN                                     DEG      DEG            WIND                       DOM
DAY   TEMP    HIGH   TIME     LOW    TIME      DAYS     DAYS    RAIN   SPEED    HIGH    TIME      DIR
----------------------------------------------------------------------------------------------------------------------------------------------------------
01    09.9    14.1   23:45    06.2   09:13     08.4     00.0    08.0   07.7     44.4    20:47      SW
02    10.6    14.1   01:13    07.5   20:35     07.7     00.0    20.6   07.6     40.7    05:26     SSE
03    08.5    12.9   13:48    03.2   23:48     09.8     00.0    00.8   05.9     29.6    01:48      E 
04    06.7    14.1   21:30    02.0   05:20     11.6     00.0    13.4   06.4     42.5    20:32      SW
05    10.8    14.2   13:02    04.5   23:39     07.5     00.0    00.0   08.5     42.5    04:56     WSW
06    06.2    12.2   15:02    01.3   23:17     12.1     00.0    00.0   03.4     18.5    02:47     SSW
07    04.6    11.6   14:44   -00.5   04:59     13.7     00.0    00.0   03.2     18.5    10:26      E 
08    07.4    10.0   15:08    04.3   00:20     10.9     00.0    21.2   06.7     33.3    07:04     ENE
09    06.5    09.9   12:22    02.8   23:33     11.8     00.0    00.8   03.7     20.4    14:56      E 
10    04.0    06.2   20:00    00.8   04:32     14.3     00.0    10.8   06.6     27.8    19:12     NNE
11    06.8    12.9   14:04    01.7   08:51     11.5     00.0    00.0   04.5     22.2    17:55      SE
12    04.2    12.5   14:52   -00.8   07:34     14.1     00.0    00.0   03.5     14.8    05:17     SSE
13    04.9    13.7   14:43   -00.7   04:39     13.4     00.0    00.0   02.7     12.9    00:15      SE
14    06.4    14.2   14:52    01.4   07:44     11.9     00.0    00.0   02.8     12.9    11:00      SE
15    06.7    15.8   14:52    01.2   06:06     11.6     00.0    00.2   02.1     09.3    21:09      E 
16    06.8    15.2   15:13    01.9   07:06     11.5     00.0    00.0   02.6     12.9    23:27     ESE
17    06.9    15.1   14:30    01.5   05:41     11.4     00.0    00.0   03.1     12.9    21:57     SSE
18    06.0    15.4   15:06    00.4   07:50     12.3     00.0    00.0   02.6     14.8    11:47      S 
19    05.1    13.2   14:53   -00.1   06:55     13.2     00.0    00.2   02.6     14.8    10:28     SSE
20    08.2    13.2   14:33    03.8   00:20     10.1     00.0    00.0   03.3     20.4    14:31      SW
21    08.5    11.5   12:26    04.8   07:40     09.8     00.0    01.4   02.7     18.5    22:11     SSE
22    08.7    13.7   13:06    04.9   22:00     09.6     00.0    00.0   03.2     20.4    13:07     ESE
23    07.9    11.8   13:46    04.6   06:51     10.4     00.0    03.6   02.2     11.1    14:42      S 
24    12.4    14.6   11:59    08.6   00:17     05.9     00.0    05.6   06.4     33.3    13:26      SW
25    12.8    13.7   19:05    11.7   00:00     05.5     00.0    26.6   02.9     22.2    18:43      S 
26    11.3    11.9   08:05    10.6   09:18     07.0     00.0    51.6   02.6     20.4    08:17     ENE
27    11.3    13.7   10:28    09.8   06:34     07.0     00.0    14.0   02.7     18.5    18:34     ENE
28    11.2    12.7   13:28    09.5   04:24     07.1     00.0    02.2   02.6     18.5    19:23      E 
29    11.5    15.3   12:31    08.5   23:38     06.8     00.0    00.0   01.9     16.6    22:05     ESE
30    11.5    17.2   13:26    07.7   23:43     06.8     00.0    00.2   01.7     07.4    07:12      S 
31    10.0    15.4   12:56    04.7   08:11     08.3     00.0    00.4   02.8     16.6    14:46      SW
----------------------------------------------------------------------------------------------------------------------------------------------------------
08.2 (8.7)   17.2  day 30    -00.8  day 12   313.0    000.0   181.6   03.9     44.4   day 05      SE
Min <=   30: 31
Max Rain: 51.6 ON 26-12-22
Days of Rain: 18 (> .2mm) 11 (> 2mm) 4 (> 20mm)