MONTHLY CLIMATOLOGICAL SUMMARY for FEB. 2011

NAME: DAVIS VP2   CITY: Arena Metato (San Giuliano Terme) (PI) STATE: Italia
ELEV: 15 LAT: 043:46:46 LONG: -010:22:1

                            TEMPERATURE ( C), RAIN (mm), WIND SPEED (kmh)

                                               HEAT     COOL           AVG
      MEAN                                     DEG      DEG            WIND                       DOM
DAY   TEMP    HIGH   TIME     LOW    TIME      DAYS     DAYS    RAIN   SPEED    HIGH    TIME      DIR
----------------------------------------------------------------------------------------------------------------------------------------------------------
01    09.0    14.3   14:47    03.7   05:53     09.3     00.0    00.0   04.8     31.4    13:58     NNE
02    08.2    15.1   14:01    00.7   07:25     10.1     00.0    00.0   04.0     42.5    23:58      NE
03    09.5    14.9   15:38    04.8   08:15     08.8     00.0    00.0   01.5     29.6    00:12     WNW
04    07.3    14.5   13:53    00.5   07:38     11.0     00.0    00.0   01.4     18.5    14:22      SW
05    07.0    13.9   13:52    00.9   07:56     11.3     00.0    00.0   01.6     16.6    15:14      S 
06    07.3    12.2   15:43    03.4   00:29     11.0     00.0    00.0   00.9     14.8    12:14      SE
07    07.7    12.6   14:27    05.3   00:01     10.6     00.0    00.0   01.6     11.1    00:00     ESE
08    08.2    12.8   12:44    05.2   00:00     10.1     00.0    00.0   01.4     22.2    15:12      SW
09    07.5    12.4   12:36    03.3   07:51     10.8     00.0    00.2   01.9     25.9    15:15     WSW
10    08.5    11.7   13:34    05.2   00:25     09.8     00.0    00.0   01.0     18.5    17:53      S 
11    10.6    13.1   12:14    08.6   07:33     07.7     00.0    00.0   03.1     25.9    14:37      W 
12    10.1    10.9   15:02    09.5   03:15     08.2     00.0    02.4   00.5     18.5    15:39      W 
13    10.0    10.8   16:32    09.3   07:10     08.3     00.0    22.8   02.3     20.4    21:02      E 
14    10.4    14.0   12:44    06.7   23:24     07.9     00.0    03.6   01.4     14.8    13:26      NE
15    09.2    13.4   12:36    03.7   07:13     09.1     00.0    09.8   03.4     27.8    13:09      E 
16    09.5    10.9   04:44    08.7   23:28     08.8     00.0    28.4   10.8     40.7    10:48      NE
17    10.0    13.0   12:58    07.6   07:24     08.3     00.0    06.0   05.9     27.8    20:38      NE
18    11.1    16.7   14:29    06.9   23:47     07.2     00.0    00.6   03.4     24.1    02:45     NNW
19    09.7    16.0   14:20    03.8   07:34     08.6     00.0    00.2   01.1     20.4    14:52      SW
20    08.9    10.9   12:28    07.5   04:41     09.4     00.0    10.2   03.6     20.4    07:29      N 
21    09.1    13.8   13:59    04.8   07:10     09.2     00.0    00.8   01.6     18.5    16:57     WNW
22    08.4    12.5   12:23    04.1   04:51     09.9     00.0    00.0   02.4     27.8    22:33      N 
23    07.4    10.8   12:42    03.5   23:19     10.9     00.0    00.0   07.7     40.7    16:14      N 
24    05.2    11.6   14:36    00.1   07:25     13.1     00.0    00.0   02.1     24.1    01:01     WSW
25    06.4    11.8   14:27    00.6   06:22     11.9     00.0    00.0   02.9     35.1    23:16      E 
26    06.7    11.1   14:19    01.2   07:40     11.6     00.0    00.0   02.3     24.1    13:24     WSW
27    06.2    07.7   22:41    04.7   11:17     12.1     00.0    07.0   08.8     35.1    19:46     NNE
28    09.6    12.9   14:29    06.6   00:11     08.7     00.0    04.4   12.4     48.1    14:55      NE
----------------------------------------------------------------------------------------------------------------------------------------------------------
08.5 (8.7)   16.7  day 18     00.1  day 24   273.8    000.0   096.4   03.4     48.1   day 28     NNE
Min <=   30: 28
Max Rain: 28.4 ON 16-02-11
Days of Rain: 67 (> .2mm) 63 (> 2mm) 2 (> 20mm)