MONTHLY CLIMATOLOGICAL SUMMARY for FEB. 2012

NAME: DAVIS VP2   CITY: Arena Metato (San Giuliano Terme) (PI) STATE: Italia
ELEV: 15 LAT: 043:46:46 LONG: -010:22:1

                            TEMPERATURE ( C), RAIN (mm), WIND SPEED (kmh)

                                               HEAT     COOL           AVG
      MEAN                                     DEG      DEG            WIND                       DOM
DAY   TEMP    HIGH   TIME     LOW    TIME      DAYS     DAYS    RAIN   SPEED    HIGH    TIME      DIR
----------------------------------------------------------------------------------------------------------------------------------------------------------
01    04.0    05.4   15:22    02.5   23:58     14.3     00.0    06.8   06.4     25.9    16:43     ENE
02    03.1    04.0   16:21    01.8   00:00     15.2     00.0    00.2   10.9     44.4    23:33      NE
03    01.4    03.4   14:11   -00.3   06:57     16.9     00.0    00.0   12.9     42.5    02:08     ENE
04    01.1    02.9   14:03    00.3   03:44     17.2     00.0    00.0   08.7     31.4    13:55      NE
05    01.2    03.3   14:45    00.1   07:07     17.1     00.0    00.0   11.1     31.4    20:56      NE
06    01.3    05.6   15:19   -01.2   23:52     17.0     00.0    00.0   05.6     31.4    00:09      E 
07    02.7    06.7   14:19   -01.1   01:38     15.6     00.0    00.0   06.3     31.4    15:08      E 
08    03.9    07.6   15:32   -01.1   23:52     14.4     00.0    00.0   07.1     31.4    13:04     ENE
09    03.7    10.1   14:21   -02.7   07:10     14.6     00.0    00.0   02.6     31.4    00:00     SSE
10    02.8    06.5   00:06    00.8   00:00     15.5     00.0    00.0   17.5     59.2    08:30      NE
11    01.1    04.0   14:11   -01.3   03:05     17.2     00.0    00.0   10.4     37.0    17:19      NE
12    01.6    04.9   14:40   -01.8   07:51     16.7     00.0    00.0   08.1     37.0    13:56     ENE
13    01.2    06.5   13:28   -03.3   07:22     17.1     00.0    00.0   02.7     20.4    13:46     WSW
14    02.9    09.4   13:27   -02.6   07:36     15.4     00.0    00.0   04.2     27.8    13:51      SW
15    03.7    06.7   19:04    00.6   02:55     14.6     00.0    03.4   02.1     16.6    18:40     ESE
16    06.0    13.6   15:40   -00.3   07:53     12.3     00.0    00.0   02.7     18.5    11:52      SE
17    07.5    13.2   16:56    02.5   06:24     10.8     00.0    00.0   02.7     22.2    15:06      S 
18    09.1    13.7   14:32    05.9   06:13     09.2     00.0    00.6   02.4     24.1    14:12      S 
19    08.7    09.8   22:13    07.3   07:19     09.6     00.0    02.2   02.4     18.5    20:10      E 
20    08.6    09.9   10:59    07.6   18:08     09.7     00.0    04.0   08.2     42.5    16:14     NNE
21    09.6    13.6   15:43    06.4   23:59     08.7     00.0    01.0   05.5     31.4    20:29      NE
22    10.2    16.7   13:44    03.6   07:46     08.1     00.0    00.0   06.2     31.4    21:09      NE
23    08.9    16.6   13:53    01.9   06:23     09.4     00.0    00.0   02.6     18.5    14:51      SW
24    09.8    15.5   13:31    03.7   07:30     08.5     00.0    00.0   03.7     24.1    13:48     WSW
25    11.3    14.6   14:13    08.7   07:42     07.0     00.0    00.0   04.1     31.4    14:22     WSW
26    10.7    14.3   13:38    06.5   23:33     07.6     00.0    00.0   02.2     20.4    14:26      W 
27    09.8    14.8   11:58    03.1   07:22     08.5     00.0    00.0   03.8     25.9    12:55      SW
28    09.5    14.7   14:04    04.2   07:38     08.8     00.0    00.0   03.8     24.1    15:37      SW
29    10.1    14.5   13:56    05.7   06:25     08.2     00.0    00.2   05.2     31.4    15:58      W 
----------------------------------------------------------------------------------------------------------------------------------------------------------
05.7 (5.9)   16.7  day 22    -03.3  day 13   365.2    000.0   018.4   05.9     59.2   day 10      NE
Min <=   30: 29
Max Rain: 6.8 ON 1-02-12
Days of Rain: 62 (> .2mm) 4 (> 2mm) 0 (> 20mm)