MONTHLY CLIMATOLOGICAL SUMMARY for FEB. 2013

NAME: DAVIS VP2   CITY: Arena Metato (San Giuliano Terme) (PI) STATE: Italia
ELEV: 15 LAT: 043:46:46 LONG: -010:22:1

                            TEMPERATURE ( C), RAIN (mm), WIND SPEED (kmh)

                                               HEAT     COOL           AVG
      MEAN                                     DEG      DEG            WIND                       DOM
DAY   TEMP    HIGH   TIME     LOW    TIME      DAYS     DAYS    RAIN   SPEED    HIGH    TIME      DIR
----------------------------------------------------------------------------------------------------------------------------------------------------------
01    12.7    15.4   12:43    09.6   00:59     05.6     00.0    00.0   06.7     37.0    13:31     SSW
02    11.0    13.7   04:12    07.2   19:48     07.3     00.0    23.0   06.3     42.5    18:17     NNE
03    08.7    12.6   15:10    02.6   00:00     09.6     00.0    00.2   04.6     27.8    15:25     NNE
04    06.2    13.1   13:16    00.5   07:40     12.1     00.0    00.0   02.0     22.2    15:31      SW
05    08.3    12.8   22:10    04.4   00:39     10.0     00.0    00.6   03.3     46.3    22:18      E 
06    10.7    12.9   00:27    06.9   23:45     07.6     00.0    01.2   16.1     64.8    06:41      W 
07    07.0    11.6   15:16    02.8   23:23     11.3     00.0    00.0   05.7     33.3    00:38      NE
08    05.9    10.9   13:49    01.8   01:14     12.4     00.0    00.0   04.0     31.4    14:16     ENE
09    04.6    08.6   13:30    01.2   23:15     13.7     00.0    00.0   03.4     25.9    15:05     ESE
10    03.2    07.7   14:48   -01.1   05:45     15.1     00.0    00.0   02.4     20.4    15:11     SSE
11    03.5    05.2   17:38    01.0   05:57     14.8     00.0    26.6   16.4     66.6    11:13      NE
12    04.8    06.9   16:51    02.7   23:56     13.5     00.0    02.6   03.4     25.9    14:49      NE
13    05.3    11.5   14:44    01.1   07:42     13.0     00.0    00.2   01.4     20.4    14:06      E 
14    06.6    11.2   12:56    02.1   08:12     11.7     00.0    00.0   02.2     18.5    14:33      SE
15    07.0    13.8   16:19    03.2   03:43     11.3     00.0    00.0   00.4     14.8    17:07     ENE
16    06.7    13.3   13:44    00.8   07:21     11.6     00.0    00.0   01.7     18.5    16:23      NW
17    06.7    11.8   14:39    01.1   07:34     11.6     00.0    00.0   02.7     22.2    15:03      N 
18    06.8    11.7   13:02    02.3   04:54     11.5     00.0    00.0   02.1     20.4    13:15      S 
19    05.1    10.5   13:53   -00.6   07:22     13.2     00.0    00.0   03.5     24.1    15:20      SW
20    06.1    07.7   20:05    03.8   00:51     12.2     00.0    02.6   04.2     22.2    12:53      NE
21    06.7    08.4   04:46    02.7   00:00     11.6     00.0    06.8   06.6     31.4    12:59      NE
22    04.4    07.6   13:46    02.6   00:33     13.9     00.0    01.6   03.5     24.1    14:47      NE
23    03.0    05.5   11:44    00.3   05:13     15.3     00.0    14.6   11.0     74.0    16:55      NE
24    04.0    07.6   15:59    00.9   11:24     14.3     00.0    16.0   03.5     31.4    17:50     NNE
25    05.3    08.7   13:17    02.9   05:55     13.0     00.0    02.0   09.3     46.3    14:43     ENE
26    07.1    14.0   15:42    01.7   07:00     11.2     00.0    00.0   03.2     27.8    11:43      NE
27    06.1    12.4   12:50    00.6   07:12     12.2     00.0    00.0   01.9     18.5    20:58      S 
28    07.4    13.7   15:22    01.2   06:21     10.9     00.0    00.0   02.2     20.4    15:30     SSE
----------------------------------------------------------------------------------------------------------------------------------------------------------
06.5 (6.6)   15.4  day 01    -01.1  day 10   331.3    000.0   098.0   04.8     74.0   day 23      NE
Min <=   30: 28
Max Rain: 26.6 ON 11-02-13
Days of Rain: 13 (> .2mm) 7 (> 2mm) 2 (> 20mm)