MONTHLY CLIMATOLOGICAL SUMMARY for FEB. 2014

NAME: DAVIS VP2   CITY: Arena Metato (San Giuliano Terme) (PI) STATE: Italia
ELEV: 15 LAT: 043:46:46 LONG: -010:22:1

                            TEMPERATURE ( C), RAIN (mm), WIND SPEED (kmh)

                                               HEAT     COOL           AVG
      MEAN                                     DEG      DEG            WIND                       DOM
DAY   TEMP    HIGH   TIME     LOW    TIME      DAYS     DAYS    RAIN   SPEED    HIGH    TIME      DIR
----------------------------------------------------------------------------------------------------------------------------------------------------------
01    10.4    14.2   15:44    09.3   07:16     07.9     00.0    05.0   02.3     31.4    20:13     NNE
02    09.2    09.8   00:01    08.3   08:19     09.1     00.0    00.8   01.0     18.5    09:24     NNE
03    08.6    11.7   22:32   -39.6   20:56     09.7     00.0    01.4   01.0     22.2    13:58      E 
04    10.7    12.3   16:26    09.7   20:28     07.6     00.0    04.8   00.6     18.5    23:33      E 
05    09.2    09.9   00:05    09.1   03:31     09.1     00.0    11.0   07.2     38.9    23:47      E 
06    07.7    09.1   02:02    06.7   08:32     10.6     00.0    03.2   03.4     42.5    02:10     NNE
07    08.5    13.3   21:00    07.0   17:31     09.8     00.0    01.2   02.9     37.0    17:17     ESE
08    11.6    15.9   12:26    08.3   05:35     06.7     00.0    00.0   00.6     11.1    11:55      SE
09    11.9    15.2   12:40    09.0   23:32     06.4     00.0    02.6   07.1     42.5    15:08     WSW
10    09.6    12.3   17:13    08.5   09:06     08.7     00.0    57.0   09.6     44.4    17:05     NNE
11    11.4    16.6   13:13    07.7   00:00     06.9     00.0    05.7   01.7     05.5    15:10      NW
12    08.7    14.6   12:26    04.2   05:50     09.6     00.0    00.0   00.1     09.3    14:31      N 
13    09.5    13.9   12:45    05.5   03:35     08.8     00.0    00.4   00.5     12.9    23:17      SE
14    12.0    16.8   11:16    06.2   07:59     06.3     00.0    00.0   00.8     14.8    01:06      NE
15    13.0    16.3   14:38    08.8   00:56     05.3     00.0    00.0   02.3     20.4    03:19      NE
16    14.7    17.9   15:25    12.8   06:49     03.6     00.0    00.0   01.1     20.4    15:53     ENE
17    13.2    15.0   14:18    09.6   22:02     05.1     00.0    00.4   06.5     35.1    07:17     WNW
18    14.9    19.3   22:33    08.7   02:50     03.4     00.0    00.0   06.6     33.3    21:46     ENE
19    14.9    17.8   04:46    12.2   00:00     03.4     00.0    02.6   04.5     42.5    13:17      E 
20    12.4    14.1   14:33    10.1   23:42     05.9     00.0    01.4   02.9     24.1    11:15      NE
21    11.5    15.3   12:53    09.3   04:26     06.8     00.0    05.0   02.6     22.2    17:58     WNW
22    11.8    15.2   13:28    08.7   00:00     06.5     00.0    08.6   07.6     40.7    07:41     WNW
23    09.7    16.1   15:23    05.7   06:21     08.6     00.0    00.0   01.3     16.6    16:16     WSW
24    08.6    15.2   13:53    02.7   07:24     09.7     00.0    00.0   02.3     20.4    14:02     WNW
25    09.2    14.6   13:00    03.3   06:56     09.1     00.0    00.0   02.8     25.9    14:04      S 
26    09.9    12.2   15:45    07.7   23:51     08.4     00.0    06.4   03.1     24.1    14:17     ENE
27    09.5    13.6   15:30    06.8   07:41     08.8     00.0    00.6   02.6     27.8    12:42     WSW
28    08.6    13.3   14:58    06.8   02:37     09.7     00.0    27.4   06.3     37.0    22:00      NE
----------------------------------------------------------------------------------------------------------------------------------------------------------
10.7 (10.3)   19.3  day 18    -39.6  day 03   211.7    000.0   143.9   03.3     44.4   day 10      NE
Min <=   30: 28
Min <= -18: 1
Min <=  -5: 1
Min <= -10: 1
Min <= -15: 1
Min <= -20: 1
Min <= -25: 1
Max Rain: 57.0 ON 10-02-14
Days of Rain: 73 (> .2mm) 66 (> 2mm) 56 (> 20mm)