MONTHLY CLIMATOLOGICAL SUMMARY for FEB. 2015

NAME:    CITY:  STATE: 
ELEV:  LAT:  LONG: 

                            TEMPERATURE ( C), RAIN (mm), WIND SPEED (kmh)

                                               HEAT     COOL           AVG
      MEAN                                     DEG      DEG            WIND                       DOM
DAY   TEMP    HIGH   TIME     LOW    TIME      DAYS     DAYS    RAIN   SPEED    HIGH    TIME      DIR
----------------------------------------------------------------------------------------------------------------------------------------------------------
01    06.2    10.9   15:03    03.1   04:42     12.1     00.0    00.2   04.1     22.2    03:43     ENE
02    06.0    11.4   15:37    00.9   07:58     12.3     00.0    02.0   05.1     27.8    17:53     NNE
03    05.4    08.3   22:30    03.6   08:57     12.9     00.0    07.6   09.1     35.1    18:11      NE
04    09.3    11.7   13:23    07.8   00:14     09.0     00.0    00.0   12.1     57.4    23:50     ENE
05    07.8    09.6   14:45    05.8   00:00     10.5     00.0    17.2   16.8     64.8    04:40      NE
06    06.2    08.9   21:22    03.4   05:35     12.1     00.0    08.4   07.2     42.5    21:19      NE
07    07.5    10.8   15:10    02.9   00:00     10.8     00.0    00.0   08.3     31.4    03:35     ENE
08    05.3    11.4   15:24   -00.6   06:24     13.0     00.0    00.0   04.8     37.0    23:59      E 
09    06.2    09.0   16:14    02.2   07:47     12.1     00.0    00.0   07.4     40.7    00:32     NNW
10    07.1    13.4   13:54    02.7   01:50     11.2     00.0    00.0   02.8     16.6    14:39      S 
11    07.7    15.9   14:50    01.3   07:50     10.6     00.0    00.2   03.2     14.8    16:11      SE
12    08.5    16.2   13:39    02.8   06:17     09.8     00.0    00.0   03.2     16.6    14:30     SSW
13    08.9    14.0   14:49    04.3   07:05     09.4     00.0    00.2   03.0     12.9    23:46     ESE
14    08.8    10.1   12:09    08.0   19:56     09.5     00.0    32.0   05.7     29.6    21:15     NNE
15    10.0    12.0   14:47    08.0   07:51     08.3     00.0    14.6   08.6     31.4    19:37     ENE
16    12.6    13.9   16:47    10.2   00:36     05.7     00.0    00.2   17.5     57.4    10:02     ENE
17    13.3    17.2   13:36    07.5   23:55     05.0     00.0    00.2   09.1     35.1    10:30     ENE
18    09.1    15.2   13:46    03.7   06:54     09.2     00.0    00.0   05.9     29.6    14:25     ENE
19    06.9    14.3   15:19    00.8   07:21     11.4     00.0    00.0   03.7     18.5    16:14     ESE
20    06.8    13.5   14:50    00.1   07:25     11.5     00.0    00.0   03.2     16.6    15:04      SE
21    08.6    11.3   11:02    05.9   05:20     09.7     00.0    12.2   07.9     46.3    23:56      E 
22    10.9    15.2   15:47    06.8   00:00     07.4     00.0    00.0   08.5     46.3    00:09      NE
23    09.2    14.2   12:08    03.2   07:29     09.1     00.0    00.0   04.2     25.9    13:57      W 
24    09.2    09.9   15:59    07.9   21:35     09.1     00.0    10.2   06.2     27.8    10:08      NE
25    10.3    12.6   14:57    07.9   00:00     08.0     00.0    00.0   04.4     22.2    05:36     NNE
26    10.4    13.3   15:29    05.8   03:53     07.9     00.0    00.0   06.8     27.8    15:47     ENE
27    09.6    14.2   13:52    05.7   07:42     08.7     00.0    00.0   04.9     25.9    15:20      NW
28    09.1    14.7   12:37    04.7   05:22     09.2     00.0    00.0   04.3     20.4    15:24     WNW
----------------------------------------------------------------------------------------------------------------------------------------------------------
08.5 (8.6)   17.2  day 17    -00.6  day 08   275.7    000.0   105.4   06.7     64.8   day 16     ENE
Min <=   30: 28
Max Rain: 32.0 ON 14-02-15
Days of Rain: 13 (> .2mm) 7 (> 2mm) 1 (> 20mm)