MONTHLY CLIMATOLOGICAL SUMMARY for FEB. 2017

NAME:    CITY:  STATE: 
ELEV:  LAT:  LONG: 

                            TEMPERATURE ( C), RAIN (mm), WIND SPEED (kmh)

                                               HEAT     COOL           AVG
      MEAN                                     DEG      DEG            WIND                       DOM
DAY   TEMP    HIGH   TIME     LOW    TIME      DAYS     DAYS    RAIN   SPEED    HIGH    TIME      DIR
----------------------------------------------------------------------------------------------------------------------------------------------------------
01    12.2    14.1   15:28    10.7   00:07     06.1     00.0    04.6   03.2     18.5    15:31     ESE
02    13.0    14.6   14:51    11.1   03:14     05.3     00.0    01.8   03.8     18.5    22:05     ESE
03    13.6    16.4   12:45    11.4   00:00     04.7     00.0    06.8   08.2     46.3    21:56      S 
04    11.7    14.5   16:32    09.6   08:04     06.6     00.0    19.4   08.6     48.1    16:44      NW
05    11.9    13.4   15:45    09.9   00:00     06.4     00.0    32.6   05.3     24.1    00:06      NE
06    10.0    12.5   16:17    08.4   08:04     08.3     00.0    01.2   02.5     18.5    23:58     ESE
07    11.2    14.9   13:15    07.4   23:57     07.1     00.0    00.0   03.9     18.5    16:16     NNE
08    10.2    13.4   12:26    06.9   01:19     08.1     00.0    00.0   09.7     44.4    12:44     ESE
09    10.0    11.8   13:34    08.5   04:18     08.3     00.0    00.0   12.7     55.5    03:42      E 
10    09.6    13.4   14:41    05.9   23:29     08.7     00.0    00.0   04.6     22.2    14:53      E 
11    08.7    16.1   14:51    02.7   07:04     09.6     00.0    00.0   01.7     14.8    10:53     SSW
12    12.1    17.5   15:18    06.5   00:24     06.2     00.0    00.0   04.6     25.9    08:54      E 
13    11.4    17.7   14:17    06.5   05:14     06.9     00.0    00.0   03.0     18.5    14:40      SE
14    11.2    17.3   16:00    06.0   23:52     07.1     00.0    00.0   04.0     24.1    01:43     SSE
15    08.6    16.9   14:13    02.7   07:36     09.7     00.0    00.0   02.5     18.5    14:44     WSW
16    09.2    14.7   13:51    03.2   05:31     09.1     00.0    00.0   03.3     18.5    12:43      S 
17    12.6    15.2   14:56    10.5   07:40     05.7     00.0    11.0   06.3     31.4    22:46     WSW
18    11.4    17.1   15:08    06.2   00:00     06.9     00.0    00.2   04.5     24.1    21:42      E 
19    08.0    14.7   13:26    02.2   06:43     10.3     00.0    00.0   03.7     20.4    14:47     SSW
20    09.4    15.6   15:12    05.3   01:29     08.9     00.0    00.0   03.2     18.5    16:19      S 
21    09.4    14.8   13:26    04.8   07:09     08.9     00.0    00.0   03.9     24.1    13:44      SW
22    10.5    15.2   16:31    05.3   07:40     07.8     00.0    00.4   03.0     16.6    12:23      SE
23    11.8    15.3   16:42    09.1   03:35     06.5     00.0    00.0   02.1     12.9    17:26     SSE
24    12.6    14.2   15:17    10.8   06:28     05.7     00.0    13.4   04.1     25.9    11:52     ENE
25    12.4    15.9   15:20    08.1   00:00     05.9     00.0    00.0   12.6     57.4    05:49      E 
26    08.4    15.0   12:37    01.8   07:18     09.9     00.0    00.0   03.4     22.2    13:53      W 
27    08.2    12.5   12:35    02.8   07:24     10.1     00.0    00.6   02.9     14.8    14:51     ESE
28    13.0    15.5   14:31    09.8   03:31     05.3     00.0    00.6   13.2     57.4    22:51      S 
----------------------------------------------------------------------------------------------------------------------------------------------------------
10.8 (11.0)   17.7  day 13     01.8  day 26   210.0    000.0   092.6   05.2     57.4   day 28      SE
Min <=   30: 28
Max Rain: 32.6 ON 5-02-17
Days of Rain: 12 (> .2mm) 6 (> 2mm) 1 (> 20mm)