MONTHLY CLIMATOLOGICAL SUMMARY for FEB. 2018

NAME:    CITY:  STATE: 
ELEV:  LAT:  LONG: 

                            TEMPERATURE ( C), RAIN (mm), WIND SPEED (kmh)

                                               HEAT     COOL           AVG
      MEAN                                     DEG      DEG            WIND                       DOM
DAY   TEMP    HIGH   TIME     LOW    TIME      DAYS     DAYS    RAIN   SPEED    HIGH    TIME      DIR
----------------------------------------------------------------------------------------------------------------------------------------------------------
01    12.0    14.0   12:18    10.4   20:08     06.3     00.0    03.6   09.2     38.9    08:45     WSW
02    09.4    10.6   13:10    07.7   22:25     08.9     00.0    15.6   05.4     38.9    23:53     NNE
03    05.8    07.9   00:04    02.4   00:00     12.5     00.0    15.2   07.3     51.8    02:54     NNE
04    04.7    08.9   16:17    00.2   07:13     13.6     00.0    00.2   04.2     24.1    16:44      NE
05    09.6    12.4   13:47    07.3   07:13     08.7     00.0    01.8   09.4     33.3    09:58     ENE
06    09.4    11.0   20:30    07.0   04:56     08.9     00.0    03.6   11.5     48.1    16:40      NE
07    08.0    10.4   10:50    05.3   08:07     10.3     00.0    00.4   03.3     24.1    00:01     SSE
08    08.8    12.2   14:34    05.6   00:23     09.5     00.0    02.4   05.7     31.4    14:49     WSW
09    07.4    13.0   15:49    03.6   08:50     10.9     00.0    00.0   03.3     22.2    05:31      SE
10    06.2    13.2   13:39    00.8   06:49     12.1     00.0    00.2   03.3     20.4    14:02     SSW
11    06.0    12.6   13:57    00.1   07:39     12.3     00.0    00.0   03.5     18.5    15:04      S 
14    06.9    10.4   15:49    03.8   00:00     11.4     00.0    00.0   06.1     27.8    04:45      N 
15    05.4    10.4   13:24   -00.1   07:00     12.9     00.0    00.0   02.5     12.9    21:01     SSW
16    08.0    10.3   14:13    06.6   05:48     10.3     00.0    00.0   01.7     09.3    23:39     ENE
17    09.2    10.6   10:48    07.8   00:07     09.1     00.0    09.6   01.7     18.5    12:13      NE
18    10.5    12.7   14:19    08.7   23:39     07.8     00.0    05.4   06.7     31.4    17:04      NE
19    08.3    12.2   12:53    02.7   23:45     10.0     00.0    00.0   04.1     24.1    00:15     ENE
20    05.8    11.6   14:25    01.0   05:43     12.5     00.0    00.0   03.7     24.1    17:20      E 
21    07.9    10.3   15:20    06.0   01:35     10.4     00.0    00.6   06.6     35.1    12:40      NE
22    07.8    10.7   14:55    05.4   03:29     10.5     00.0    01.6   05.7     35.1    23:16      NE
23    08.5    11.9   13:49    06.3   00:02     09.8     00.0    01.8   12.4     48.1    05:39      NE
24    12.4    16.4   12:36    07.6   00:01     05.9     00.0    00.2   17.9     61.0    06:00     ENE
25    05.4    10.6   00:05    00.7   19:30     12.9     00.0    00.2   15.1     48.1    14:48     ENE
26    00.4    03.1   13:02   -02.3   00:00     17.9     00.0    00.0   09.0     31.4    14:03      NE
27   -00.7    03.3   15:24   -03.9   07:20     19.0     00.0    00.0   04.1     24.1    12:28     ENE
28    01.4    04.8   15:28   -02.9   01:09     16.9     00.0    00.0   08.7     33.3    21:05     ENE
----------------------------------------------------------------------------------------------------------------------------------------------------------
07.1 (7.2)   16.4  day 24    -03.9  day 27   291.4    000.0   071.2   06.6     61.1   day 24     ENE
Min <=   30: 26
Max Rain: 15.6 ON 2-02-18
Days of Rain: 16 (> .2mm) 7 (> 2mm) 0 (> 20mm)