MONTHLY CLIMATOLOGICAL SUMMARY for FEB. 2019

NAME:    CITY:  STATE: 
ELEV:  LAT:  LONG: 

                            TEMPERATURE ( C), RAIN (mm), WIND SPEED (kmh)

                                               HEAT     COOL           AVG
      MEAN                                     DEG      DEG            WIND                       DOM
DAY   TEMP    HIGH   TIME     LOW    TIME      DAYS     DAYS    RAIN   SPEED    HIGH    TIME      DIR
----------------------------------------------------------------------------------------------------------------------------------------------------------
01    11.9    14.7   15:05    07.7   00:39     06.4     00.0    14.0   08.9     42.5    22:46      NE
02    11.5    13.9   00:09    08.6   23:31     06.8     00.0    21.0   04.0     37.0    02:17      NE
03    09.7    12.6   15:34    07.4   05:56     08.6     00.0    03.0   06.2     27.8    18:24      NE
04    09.7    15.3   15:09    04.6   08:09     08.6     00.0    00.0   04.6     24.1    11:51     ENE
05    06.3    13.3   14:25    00.2   07:51     12.0     00.0    00.0   02.0     18.5    15:14      S 
06    08.4    17.5   15:12    01.1   06:34     09.9     00.0    00.2   02.3     22.2    19:43      E 
07    07.5    14.4   13:30    00.5   07:14     10.8     00.0    00.0   01.8     18.5    13:34      SW
08    09.0    15.3   14:31    05.3   23:10     09.3     00.0    00.2   02.1     16.6    12:49     SSW
09    07.3    11.9   12:28    03.5   05:15     11.0     00.0    02.6   01.1     11.1    18:00     ESE
10    11.6    15.1   13:53    08.4   06:50     06.7     00.0    00.2   06.2     50.0    23:34      S 
11    11.8    15.1   16:03    06.8   23:38     06.5     00.0    00.0   10.6     55.5    00:31      NW
12    08.8    14.9   14:39    02.0   07:40     09.5     00.0    00.0   03.5     27.8    15:33     WSW
13    07.8    15.3   14:49    01.3   07:14     10.5     00.0    00.0   02.9     16.6    16:21      NW
14    07.6    16.7   13:44    00.8   06:22     10.7     00.0    00.0   02.2     18.5    14:10     SSW
15    08.4    16.9   13:39    01.8   07:26     09.9     00.0    00.2   01.8     18.5    15:50      NW
16    09.2    17.6   14:36    02.5   07:02     09.1     00.0    00.0   02.6     18.5    15:58      NW
17    08.8    15.0   14:16    03.4   06:53     09.5     00.0    00.2   02.6     16.6    15:47     WSW
18    09.4    14.5   13:30    05.9   22:47     08.9     00.0    00.0   01.8     18.5    13:52     WNW
19    09.8    13.2   14:06    06.3   00:12     08.5     00.0    00.0   02.0     16.6    11:05     ENE
20    10.5    15.6   14:08    05.6   23:47     07.8     00.0    00.0   02.8     18.5    15:37     WSW
21    09.3    14.3   14:31    03.1   06:47     09.0     00.0    00.2   04.0     24.1    13:33     WNW
22    11.2    15.0   14:02    06.8   23:51     07.1     00.0    00.0   03.6     22.2    14:16      NW
23    09.3    12.8   14:20    03.7   05:52     09.0     00.0    00.2   11.9     53.6    11:55      E 
24    08.7    13.4   15:57    01.6   07:37     09.6     00.0    00.0   03.3     27.8    04:16     WNW
25    10.5    17.5   22:42    02.9   04:44     07.8     00.0    00.0   04.5     37.0    22:21     NNW
26    11.4    16.8   16:20    05.1   06:05     06.9     00.0    00.0   03.8     22.2    16:48      NW
27    10.6    18.0   13:02    04.0   07:16     07.7     00.0    00.0   03.5     18.5    16:39     WNW
28    11.9    15.4   13:17    08.9   06:17     06.4     00.0    00.0   03.3     27.8    14:19     WSW
----------------------------------------------------------------------------------------------------------------------------------------------------------
09.6 (9.7)   18.0  day 27     00.2  day 05   244.4    000.0   042.2   03.9     55.5   day 11     N
Min <=   30: 28
Max Rain: 21.0 ON 2-02-19
Days of Rain: 11 (> .2mm) 4 (> 2mm) 1 (> 20mm)