MONTHLY CLIMATOLOGICAL SUMMARY for FEB. 2020

NAME:    CITY:  STATE: 
ELEV:  LAT:  LONG: 

                            TEMPERATURE ( C), RAIN (mm), WIND SPEED (kmh)

                                               HEAT     COOL           AVG
      MEAN                                     DEG      DEG            WIND                       DOM
DAY   TEMP    HIGH   TIME     LOW    TIME      DAYS     DAYS    RAIN   SPEED    HIGH    TIME      DIR
----------------------------------------------------------------------------------------------------------------------------------------------------------
01    13.6    14.4   21:29    12.9   01:51     04.7     00.0    03.2   01.9     31.4    20:52      NW
02    14.2    16.4   10:56    12.6   08:09     04.1     00.0    00.2   01.9     24.1    13:11      SW
03    13.8    17.3   15:52    10.1   23:48     04.5     00.0    00.4   01.0     14.8    16:03     ESE
04    13.0    17.6   15:44    09.2   23:49     05.3     00.0    00.0   08.6     53.6    16:01      NW
05    11.0    15.5   14:26    04.0   06:34     07.3     00.0    00.0   07.6     48.1    14:36      N 
06    08.3    13.5   11:26    02.7   05:21     10.0     00.0    00.0   02.6     27.8    07:54     NNW
07    06.7    14.0   14:06    00.6   06:52     11.6     00.0    00.0   01.5     20.4    13:56      SW
08    07.9    14.6   14:34    03.3   02:46     10.4     00.0    00.0   00.8     12.9    15:56      SW
09    08.9    13.8   13:47    02.8   07:55     09.4     00.0    00.2   01.1     18.5    08:52     ENE
10    13.4    15.2   14:35    10.0   01:05     04.9     00.0    02.0   06.8     42.5    14:34     WNW
11    14.9    17.0   14:42    12.0   23:54     03.4     00.0    00.0   08.8     33.3    11:40     WNW
12    11.6    16.0   13:48    07.6   00:00     06.7     00.0    00.0   02.6     24.1    14:04     WNW
13    10.7    15.1   14:45    05.7   04:13     07.6     00.0    00.2   04.3     35.1    23:51     WNW
14    12.6    16.5   15:27    07.6   23:54     05.7     00.0    14.2   05.9     55.5    01:51      NW
15    10.2    18.7   13:56    03.9   07:49     08.1     00.0    00.2   01.4     14.8    14:51     WSW
16    10.4    16.4   15:14    04.5   05:17     07.9     00.0    00.2   01.6     16.6    14:16      S 
17    12.1    15.8   13:28    08.6   05:54     06.2     00.0    00.2   02.8     27.8    14:15      S 
18    12.6    16.2   14:47    08.4   23:58     05.7     00.0    03.4   02.8     22.2    15:02      NW
19    10.8    14.7   13:34    06.4   03:16     07.5     00.0    00.2   04.3     27.8    18:31     WNW
20    10.2    17.6   14:12    04.9   23:14     08.1     00.0    00.0   02.8     18.5    15:54     WSW
21    09.0    16.0   13:31    03.1   05:48     09.3     00.0    00.0   01.9     18.5    13:01     WSW
22    10.5    18.7   13:38    04.6   07:12     07.8     00.0    00.2   01.5     20.4    14:34     SSW
23    10.8    15.3   13:38    06.8   07:32     07.5     00.0    00.0   02.2     22.2    16:31      W 
24    12.8    16.0   14:26    09.3   23:16     05.5     00.0    00.0   01.9     18.5    15:07     WSW
25    12.9    16.9   13:51    09.5   00:17     05.4     00.0    00.2   03.5     31.4    00:00     SSW
26    13.2    15.0   11:55    10.1   23:59     05.1     00.0    00.0   21.1     59.2    16:28      W 
27    09.6    13.5   23:55    03.5   07:34     08.7     00.0    22.0   11.4     46.3    18:35     WNW
28    11.5    17.9   15:52    05.8   07:22     06.8     00.0    00.6   03.1     22.2    00:29      N 
29    10.2    14.6   16:02    04.6   06:19     08.1     00.0    00.0   04.0     24.1    16:45      SE
----------------------------------------------------------------------------------------------------------------------------------------------------------
11.3 (11.3)   18.7  day 22     00.6  day 07   203.2    000.0   047.6   04.2     59.2   day 26     WNW
Min <=   30: 29
Max Rain: 22.0 ON 27-02-20
Days of Rain: 16 (> .2mm) 4 (> 2mm) 1 (> 20mm)