MONTHLY CLIMATOLOGICAL SUMMARY for FEB. 2021

NAME: DAVIS VP2   CITY: Arena Metato (San Giuliano Terme) (PI) STATE: Italia
ELEV: 15 LAT: 043:46:46 LONG: -010:22:1

                            TEMPERATURE ( C), RAIN (mm), WIND SPEED (kmh)

                                               HEAT     COOL           AVG
      MEAN                                     DEG      DEG            WIND                       DOM
DAY   TEMP    HIGH   TIME     LOW    TIME      DAYS     DAYS    RAIN   SPEED    HIGH    TIME      DIR
----------------------------------------------------------------------------------------------------------------------------------------------------------
01    08.0    10.4   16:40    05.0   03:27     10.3     00.0    02.8   04.9     20.4    11:01      NE
02    09.3    15.7   13:52    03.8   07:51     09.0     00.0    00.2   03.1     18.5    03:41      S 
03    11.7    15.3   14:58    09.2   03:42     06.6     00.0    01.4   02.9     27.8    15:06      SE
04    13.6    16.2   11:49    11.9   05:16     04.7     00.0    00.2   02.6     12.9    10:45     NNE
05    13.2    15.8   16:35    09.7   00:00     05.1     00.0    00.0   04.0     20.4    13:58     ENE
06    12.4    17.2   15:06    07.2   07:46     05.9     00.0    00.0   03.9     20.4    12:09     ESE
07    13.6    16.7   05:01    11.5   23:03     04.7     00.0    03.8   08.2     40.7    23:46     SSE
08    11.6    14.0   13:14    10.2   22:05     06.7     00.0    17.2   15.3     53.6    01:42      SW
09    11.6    14.3   12:52    09.7   04:02     06.7     00.0    04.0   08.5     42.5    15:31      SW
10    11.2    15.1   10:31    07.8   23:37     07.1     00.0    04.4   07.1     46.3    14:49     SSW
11    09.7    14.4   13:07    04.7   06:04     08.6     00.0    00.8   04.9     24.1    14:19      S 
12    07.3    10.1   00:08    03.4   00:00     11.0     00.0    04.6   10.0     40.7    19:17      NE
13    03.6    05.9   12:06    01.7   22:39     14.7     00.0    01.0   15.6     40.7    20:16      NE
14    03.0    06.8   15:07   -01.2   07:39     15.3     00.0    00.0   09.1     38.9    12:51     ENE
15    02.3    09.2   13:30   -03.6   07:36     16.0     00.0    00.0   04.4     20.4    14:24      S 
16    05.4    08.2   22:32    02.2   00:09     12.9     00.0    02.4   02.6     14.8    07:30     ESE
17    09.5    10.8   16:19    07.6   01:05     08.8     00.0    04.4   02.5     14.8    08:19     NNE
18    11.3    15.1   12:50    08.4   07:51     07.0     00.0    00.2   02.4     16.6    15:58      SE
19    11.2    15.0   16:00    06.6   05:13     07.1     00.0    00.0   03.9     18.5    19:09     ESE
20    12.4    16.4   14:56    07.8   23:39     05.9     00.0    00.0   03.2     18.5    09:50     ENE
21    10.3    18.1   15:14    04.9   07:24     08.0     00.0    00.2   03.2     18.5    15:37     SSW
22    10.8    17.9   15:23    05.1   07:03     07.5     00.0    00.2   02.8     18.5    13:23     SSE
23    11.0    19.0   14:10    05.4   07:07     07.3     00.0    00.2   02.7     12.9    17:23      SW
24    10.1    17.8   12:37    04.8   07:00     08.2     00.0    00.2   03.1     14.8    13:59      W 
25    09.4    17.3   15:05    03.7   07:07     08.9     00.0    00.4   02.6     14.8    15:49     WSW
26    08.9    14.3   15:06    04.7   05:56     09.4     00.0    00.2   03.0     16.6    14:29      W 
27    10.7    16.2   21:22    06.9   07:51     07.6     00.0    00.0   04.3     33.3    23:05     NNW
28    13.0    18.2   14:23    05.0   23:23     05.3     00.0    00.0   07.3     31.4    00:20     ENE
----------------------------------------------------------------------------------------------------------------------------------------------------------
09.9 (10.1)   19.0  day 23    -03.6  day 15   236.3    000.0   048.8   05.3     53.7   day 08     ESE
Min <=   30: 28
Max Rain: 17.2 ON 8-02-21
Days of Rain: 20 (> .2mm) 8 (> 2mm) 0 (> 20mm)