MONTHLY CLIMATOLOGICAL SUMMARY for MAR. 2012

NAME: DAVIS VP2   CITY: Arena Metato (San Giuliano Terme) (PI) STATE: Italia
ELEV: 15 LAT: 043:46:46 LONG: -010:22:1

                            TEMPERATURE ( C), RAIN (mm), WIND SPEED (kmh)

                                               HEAT     COOL           AVG
      MEAN                                     DEG      DEG            WIND                       DOM
DAY   TEMP    HIGH   TIME     LOW    TIME      DAYS     DAYS    RAIN   SPEED    HIGH    TIME      DIR
----------------------------------------------------------------------------------------------------------------------------------------------------------
01    09.9    16.6   16:38    03.7   07:02     08.4     00.0    00.2   03.2     20.4    14:29      W 
02    10.5    13.5   15:05    06.5   02:43     07.8     00.0    00.2   02.7     22.2    17:18     WSW
03    10.9    15.1   12:23    06.8   06:42     07.4     00.0    00.0   04.9     33.3    13:53     WSW
04    11.2    14.7   15:03    08.5   01:41     07.1     00.0    00.0   03.3     22.2    16:27      W 
05    11.4    14.9   15:12    08.8   00:00     06.9     00.0    18.4   03.9     25.9    00:00      W 
06    10.4    13.1   15:09    08.1   06:15     07.9     00.0    04.0   15.2     53.6    10:44     ENE
07    10.4    14.2   12:41    06.1   23:59     07.9     00.0    00.0   07.3     42.5    00:41      N 
08    09.3    15.6   12:49    03.8   03:08     09.0     00.0    00.0   04.1     24.1    15:11      W 
09    12.3    15.7   15:53    08.1   02:07     06.0     00.0    00.0   11.5     57.4    11:42      NE
10    11.7    16.7   16:31    05.2   07:02     06.6     00.0    00.0   05.5     29.6    19:38     NNW
11    11.0    16.8   14:32    03.6   06:56     07.3     00.0    00.0   05.1     25.9    14:56     WNW
12    11.0    17.2   13:06    03.8   06:53     07.3     00.0    00.0   03.1     18.5    15:31      SW
13    12.5    20.2   13:21    06.2   07:00     05.8     00.0    00.2   02.8     20.4    15:21     WSW
14    11.7    18.6   12:54    04.9   06:59     06.6     00.0    00.0   03.0     24.1    14:01      W 
15    11.2    15.2   15:16    07.2   03:00     07.1     00.0    00.2   04.6     22.2    17:41      W 
16    12.7    17.4   12:51    08.2   23:29     05.6     00.0    00.0   02.7     18.5    17:31     WNW
17    12.7    17.4   13:53    06.8   05:33     05.6     00.0    00.0   04.2     31.4    14:33     SSE
18    14.4    17.4   12:42    12.8   04:48     03.9     00.0    00.0   05.5     46.3    14:23     SSE
19    12.9    15.5   12:49    09.7   22:47     05.4     00.0    04.2   06.0     40.7    13:48      SW
20    12.1    19.9   15:29    05.8   06:04     06.2     00.0    00.0   02.6     16.6    13:45      S 
21    15.1    22.8   14:10    09.2   07:05     03.2     00.0    00.0   02.3     20.4    14:36      S 
22    14.2    22.7   12:31    07.3   06:24     04.1     00.0    00.0   03.4     24.1    12:59     SSW
23    12.7    19.6   13:04    06.4   06:10     05.6     00.0    00.0   03.0     20.4    14:29     SSW
24    15.7    21.2   12:28    09.8   06:34     02.6     00.0    00.0   05.0     24.1    16:20      W 
25    14.5    21.0   14:29    08.4   07:56     03.8     00.0    00.0   04.9     37.0    17:25      NW
26    15.6    22.0   14:38    08.6   07:15     02.7     00.0    00.0   04.8     27.8    17:29      NW
27    15.3    21.7   15:14    08.3   05:35     03.0     00.0    00.0   05.1     24.1    17:34      W 
28    14.9    22.6   13:33    06.7   07:00     03.4     00.0    00.0   05.1     27.8    15:20     WNW
29    14.0    19.7   13:11    07.1   06:53     04.3     00.0    00.0   05.3     27.8    14:47      SW
30    13.4    17.3   14:06    08.2   05:36     04.9     00.0    00.0   04.5     29.6    15:19      SW
31    13.7    17.4   15:17    09.2   07:20     04.6     00.0    00.2   05.5     31.4    16:19     WSW
----------------------------------------------------------------------------------------------------------------------------------------------------------
12.6 (12.5)   22.8  day 21     03.6  day 11   178.0    000.0   027.8   04.8     57.4   day 09      W 
Min <=   30: 31
Max Rain: 18.4 ON 5-03-12
Days of Rain: 62 (> .2mm) 3 (> 2mm) 0 (> 20mm)