MONTHLY CLIMATOLOGICAL SUMMARY for MAR. 2013

NAME: DAVIS VP2   CITY: Arena Metato (San Giuliano Terme) (PI) STATE: Italia
ELEV: 15 LAT: 043:46:46 LONG: -010:22:1

                            TEMPERATURE ( C), RAIN (mm), WIND SPEED (kmh)

                                               HEAT     COOL           AVG
      MEAN                                     DEG      DEG            WIND                       DOM
DAY   TEMP    HIGH   TIME     LOW    TIME      DAYS     DAYS    RAIN   SPEED    HIGH    TIME      DIR
----------------------------------------------------------------------------------------------------------------------------------------------------------
01    07.8    12.3   19:16    03.3   04:10     10.5     00.0    00.0   03.2     31.4    11:25      E 
02    11.8    15.7   15:11    05.5   00:00     06.5     00.0    00.0   06.9     35.1    09:35     ENE
03    07.8    14.1   13:07    01.2   07:04     10.5     00.0    00.0   02.5     20.4    15:38      W 
04    08.3    16.3   14:03    01.4   06:56     10.0     00.0    00.2   01.5     22.2    14:22     WSW
05    09.4    12.6   11:14    04.9   03:15     08.9     00.0    08.6   09.8     44.4    23:49      NE
06    11.6    13.7   11:44    10.0   00:52     06.7     00.0    15.8   15.6     44.4    18:49      NE
07    13.1    15.1   12:00    11.3   01:23     05.2     00.0    02.6   03.2     20.4    15:56      NE
08    13.0    13.9   16:37    12.3   00:00     05.3     00.0    12.0   02.4     24.1    16:37      NE
09    12.8    15.5   15:37    10.8   05:38     05.5     00.0    04.4   05.7     35.1    20:27      NW
10    13.0    16.2   13:48    10.8   00:00     05.3     00.0    05.0   06.7     38.9    03:48      W 
11    10.0    12.1   11:20    08.6   13:00     08.3     00.0    45.6   04.3     42.5    11:53      NE
12    09.9    12.8   17:36    07.3   07:31     08.4     00.0    17.2   03.8     20.4    11:51      NE
13    09.1    11.8   15:49    06.9   23:48     09.2     00.0    10.6   05.8     31.4    07:39      NE
14    07.9    13.2   12:49    03.5   06:53     10.4     00.0    01.8   03.7     27.8    13:36     ESE
15    07.1    10.8   14:10    02.6   00:00     11.2     00.0    00.0   06.6     42.5    16:18     ENE
16    06.0    11.3   14:57    00.1   06:16     12.3     00.0    00.0   02.4     27.8    13:55     SSW
17    07.5    09.4   10:56    05.3   00:01     10.8     00.0    21.4   10.9     40.7    20:43      NE
18    11.3    13.8   09:08    08.2   00:01     07.0     00.0    40.2   17.7     75.8    20:57     WNW
19    11.6    13.6   14:21    08.2   00:00     06.7     00.0    00.0   16.7     53.6    04:19      W 
20    09.6    12.9   11:30    06.3   01:29     08.7     00.0    10.6   07.3     35.1    18:06      NE
21    10.1    16.0   13:49    04.6   05:06     08.2     00.0    00.2   04.6     37.0    16:30     WNW
22    09.9    13.8   17:29    06.9   01:16     08.4     00.0    01.2   00.7     14.8    09:51      N 
23    11.3    16.3   12:40    06.1   06:44     07.0     00.0    03.2   03.0     27.8    15:38     NNE
24    13.2    16.3   15:31    10.4   05:52     05.1     00.0    04.8   10.6     53.6    19:57      NE
25    12.0    14.7   14:15    07.7   00:00     06.3     00.0    00.2   06.0     24.1    14:27     ESE
26    07.6    10.2   16:46    06.0   07:15     10.7     00.0    18.6   05.0     31.4    10:42      NE
27    09.0    13.3   16:30    04.7   04:19     09.3     00.0    00.4   01.5     20.4    08:25     ESE
28    11.5    15.3   15:32    07.6   00:01     06.8     00.0    07.8   03.1     20.4    23:59      NE
29    13.0    13.9   14:37    11.9   08:08     05.3     00.0    02.6   03.2     27.8    01:33     NNW
30    12.4    15.2   14:14    08.9   00:00     05.9     00.0    10.8   05.9     51.8    12:52      NE
31    11.1    14.7   15:08    06.7   06:34     07.2     00.0    00.4   09.4     46.3    16:46      SW
----------------------------------------------------------------------------------------------------------------------------------------------------------
10.3 (10.3)   16.3  day 23     00.1  day 16   247.5    000.0   246.2   06.1     75.9   day 18     NNE
Min <=   30: 31
Max Rain: 45.6 ON 11-03-13
Days of Rain: 78 (> .2mm) 18 (> 2mm) 3 (> 20mm)