MONTHLY CLIMATOLOGICAL SUMMARY for MAR. 2018

NAME:    CITY:  STATE: 
ELEV:  LAT:  LONG: 

                            TEMPERATURE ( C), RAIN (mm), WIND SPEED (kmh)

                                               HEAT     COOL           AVG
      MEAN                                     DEG      DEG            WIND                       DOM
DAY   TEMP    HIGH   TIME     LOW    TIME      DAYS     DAYS    RAIN   SPEED    HIGH    TIME      DIR
----------------------------------------------------------------------------------------------------------------------------------------------------------
01    02.5    04.5   21:47    00.0   01:46     15.8     00.0    09.2   09.2     31.4    04:06     NNE
02    07.3    12.5   13:37    02.8   00:49     11.0     00.0    08.6   05.2     50.0    13:54      N 
03    07.7    11.0   16:33    04.7   01:01     10.6     00.0    16.4   06.2     37.0    11:29     NNE
04    09.3    13.2   16:09    04.5   02:51     09.0     00.0    04.2   04.3     22.2    10:16      NE
05    10.2    13.1   15:00    07.7   23:58     08.1     00.0    00.2   05.7     33.3    12:52      E 
06    10.0    14.8   13:25    07.2   01:50     08.3     00.0    12.2   05.9     37.0    23:54      N 
07    12.5    14.8   12:20    09.3   00:00     05.8     00.0    02.4   10.9     46.3    12:02     WSW
08    10.3    15.3   13:22    04.8   06:18     08.0     00.0    00.0   05.8     42.5    13:00     SSW
09    10.9    16.4   14:37    05.7   07:27     07.4     00.0    00.0   02.9     25.9    13:57      SW
10    10.8    12.6   21:12    07.9   03:29     07.5     00.0    00.4   02.9     16.6    12:29      NE
11    12.8    13.9   15:30    11.3   00:00     05.5     00.0    37.0   04.1     25.9    15:17     NNE
12    12.8    15.2   11:52    10.3   04:30     05.5     00.0    03.8   08.7     37.0    12:11     SSW
13    12.8    15.3   14:23    09.8   21:21     05.5     00.0    03.6   10.8     40.7    15:44      SW
14    13.0    16.3   12:46    08.3   23:41     05.3     00.0    00.0   06.7     29.6    10:00     WSW
15    10.9    14.0   22:28    06.6   05:14     07.4     00.0    00.4   07.3     31.4    22:26      NE
16    12.6    16.7   14:50    09.1   05:39     05.7     00.0    00.0   03.7     33.3    13:49     WSW
17    11.8    14.0   15:47    09.6   06:23     06.5     00.0    00.2   09.0     42.5    16:28      SW
18    09.4    12.5   00:42    07.6   00:00     08.9     00.0    12.2   08.7     46.3    11:46      NE
19    07.7    10.7   14:10    05.2   00:00     10.6     00.0    00.4   06.0     27.8    05:39      NE
20    08.9    12.0   15:01    04.2   02:50     09.4     00.0    00.0   09.6     35.1    13:35     ENE
21    08.5    10.8   15:51    07.0   07:53     09.8     00.0    00.0   14.1     48.1    13:23     ENE
22    08.0    12.9   15:35    03.4   00:00     10.3     00.0    00.0   07.8     40.7    00:31      NE
23    07.2    13.7   13:53    00.7   06:13     11.1     00.0    00.0   04.8     24.1    14:50      W 
24    08.8    15.2   13:57    01.3   06:35     09.5     00.0    00.0   05.0     27.8    23:41     SSE
25    10.9    14.6   15:36    07.5   07:44     07.4     00.0    00.0   11.8     48.1    11:42     ENE
26    09.2    14.6   14:50    03.1   07:18     09.1     00.0    00.0   05.3     27.8    16:46     WNW
27    10.7    16.0   14:21    04.3   07:53     07.6     00.0    00.0   03.3     27.8    15:17      SW
28    12.2    16.9   12:58    07.4   07:12     06.1     00.0    00.0   03.6     20.4    15:19     SSW
29    14.5    17.5   12:30    12.0   07:29     03.8     00.0    00.0   04.9     31.4    16:26      S 
30    15.7    19.6   14:03    11.6   07:57     02.6     00.0    00.0   05.4     31.4    18:24     SSE
31    12.3    15.3   00:01    08.7   22:54     06.0     00.0    04.6   09.3     48.1    18:51      SW
----------------------------------------------------------------------------------------------------------------------------------------------------------
10.4 (10.3)   19.6  day 30     00.0  day 01   245.3    000.0   115.8   06.7     50.0   day 21     ENE
Min <=   30: 31
Max Rain: 37.0 ON 11-03-18
Days of Rain: 16 (> .2mm) 11 (> 2mm) 1 (> 20mm)