MONTHLY CLIMATOLOGICAL SUMMARY for APR. 2011

NAME: DAVIS VP2   CITY: Arena Metato (San Giuliano Terme) (PI) STATE: Italia
ELEV: 15 LAT: 043:46:46 LONG: -010:22:1

                            TEMPERATURE ( C), RAIN (mm), WIND SPEED (kmh)

                                               HEAT     COOL           AVG
      MEAN                                     DEG      DEG            WIND                       DOM
DAY   TEMP    HIGH   TIME     LOW    TIME      DAYS     DAYS    RAIN   SPEED    HIGH    TIME      DIR
----------------------------------------------------------------------------------------------------------------------------------------------------------
01    14.1    19.8   13:14    08.6   06:15     04.2     00.0    00.2   03.2     25.9    18:04     WNW
02    14.1    19.3   13:43    10.0   07:11     04.2     00.0    00.0   03.1     25.9    16:37      W 
03    14.6    17.7   13:32    12.5   00:00     03.7     00.0    00.0   02.7     22.2    14:09     WSW
04    15.2    19.3   13:07    11.5   01:37     03.1     00.0    00.0   02.3     31.4    17:56      SW
05    16.6    21.5   13:22    11.5   06:43     01.7     00.0    00.0   04.4     29.6    13:17     WNW
06    14.5    19.9   15:10    08.5   07:41     03.8     00.0    00.0   04.6     27.8    17:03      W 
07    15.6    21.2   12:26    09.4   06:43     02.7     00.0    00.0   02.6     20.4    15:22     WSW
08    15.7    19.8   16:08    11.3   07:15     02.6     00.0    00.2   02.6     22.2    17:03      SW
09    15.3    18.9   14:34    11.9   03:16     03.0     00.0    00.0   02.6     24.1    14:57     WSW
10    16.7    21.8   14:14    14.2   08:15     01.6     00.0    00.0   02.5     22.2    16:08      W 
11    17.7    25.7   13:27    10.8   07:26     00.6     00.0    00.2   02.7     24.1    13:47     SSW
12    16.1    19.3   13:19    14.1   01:01     02.2     00.0    00.0   02.9     24.1    13:18     WSW
13    15.6    18.8   14:21    12.3   23:39     02.7     00.0    00.0   08.0     42.5    08:42     ENE
14    12.0    16.2   14:42    09.6   05:08     06.3     00.0    04.4   03.6     31.4    16:08      E 
15    11.8    15.4   17:22    09.1   06:57     06.5     00.0    01.6   08.1     38.9    15:28     NNE
16    13.7    17.5   14:36    07.9   06:54     04.6     00.0    00.0   04.2     29.6    15:08     WNW
17    13.9    18.1   14:01    07.5   06:44     04.4     00.0    00.0   04.7     29.6    15:46     WNW
18    13.6    18.2   13:40    06.9   06:51     04.7     00.0    00.0   05.9     31.4    17:47      W 
19    14.6    20.3   15:39    07.8   06:08     03.7     00.0    00.0   05.4     31.4    17:12     WNW
20    15.9    22.5   13:52    09.3   07:18     02.4     00.0    00.0   04.3     31.4    12:45     WSW
21    15.0    21.4   15:04    08.2   06:16     03.3     00.0    00.0   02.9     31.4    16:22     SSW
22    15.4    22.7   13:50    08.6   06:59     02.9     00.0    00.0   03.8     31.4    16:22      S 
23    15.5    17.6   12:37    12.3   07:19     02.8     00.0    04.2   03.9     27.8    13:11     ENE
24    16.1    20.4   15:34    13.5   07:31     02.2     00.0    00.0   02.7     24.1    16:18      SE
25    17.0    24.6   15:42    11.5   07:00     01.3     00.0    00.0   03.8     40.7    18:03      E 
26    18.8    23.3   15:07    13.7   04:43     00.0     00.5    00.0   06.3     31.4    11:20      NE
27    18.0    21.5   17:12    13.4   06:38     00.3     00.0    00.0   05.0     22.2    15:27      NW
28    15.7    19.9   12:44    10.7   05:52     02.6     00.0    00.0   02.2     20.4    13:32     WNW
29    16.4    21.9   13:35    11.8   07:04     01.9     00.0    00.0   03.0     25.9    13:54     NNW
30    17.0    21.7   16:02    13.0   03:36     01.3     00.0    02.8   08.5     31.4    14:27      NE
----------------------------------------------------------------------------------------------------------------------------------------------------------
15.4 (15.5)   25.7  day 11     06.9  day 18   087.3    000.5   013.6   04.1     42.6   day 25     WNW
Min <=   30: 30
Max Rain: 4.4 ON 14-04-11
Days of Rain: 61 (> .2mm) 57 (> 2mm) 0 (> 20mm)