MONTHLY CLIMATOLOGICAL SUMMARY for APR. 2012

NAME: DAVIS VP2   CITY: Arena Metato (San Giuliano Terme) (PI) STATE: Italia
ELEV: 15 LAT: 043:46:46 LONG: -010:22:1

                            TEMPERATURE ( C), RAIN (mm), WIND SPEED (kmh)

                                               HEAT     COOL           AVG
      MEAN                                     DEG      DEG            WIND                       DOM
DAY   TEMP    HIGH   TIME     LOW    TIME      DAYS     DAYS    RAIN   SPEED    HIGH    TIME      DIR
----------------------------------------------------------------------------------------------------------------------------------------------------------
01    15.2    20.5   13:51    12.2   23:34     03.1     00.0    00.0   03.2     24.1    15:40     WSW
02    14.9    19.3   15:38    10.1   04:15     03.4     00.0    00.0   03.4     24.1    16:26     SSW
03    14.5    16.3   18:40    12.8   00:00     03.8     00.0    07.2   03.0     18.5    18:58      NE
04    14.5    18.2   12:07    11.0   05:10     03.8     00.0    00.8   01.5     18.5    14:25     ENE
05    15.3    18.1   15:40    13.7   06:13     03.0     00.0    03.2   04.8     29.6    19:02      W 
06    14.6    18.1   15:26    11.2   06:49     03.7     00.0    00.2   05.2     29.6    14:32     WSW
07    14.8    16.7   16:10    13.3   04:35     03.5     00.0    00.6   13.6     46.3    12:36     WSW
08    12.2    14.5   14:15    08.4   23:42     06.1     00.0    12.8   12.9     50.0    07:04     SSW
09    10.2    13.6   13:30    06.0   06:46     08.1     00.0    00.0   05.2     24.1    00:28     NNE
10    11.4    16.6   13:35    06.5   01:26     06.9     00.0    03.4   04.3     27.8    21:32     ESE
11    12.4    14.8   10:19    10.1   23:55     05.9     00.0    13.4   07.9     46.3    10:22     SSE
12    13.0    16.6   14:00    08.4   02:59     05.3     00.0    00.0   07.1     38.9    14:19     WSW
13    14.1    18.9   13:14    10.2   04:45     04.2     00.0    00.0   05.1     31.4    11:49     NNE
14    11.8    13.2   12:15    10.4   23:49     06.5     00.0    18.2   03.6     18.5    08:59      S 
15    12.9    17.0   13:21    10.0   03:28     05.4     00.0    02.4   03.8     22.2    16:55      S 
16    11.8    16.5   12:43    07.0   06:30     06.5     00.0    02.8   03.2     22.2    14:57     NNW
17    13.2    17.8   11:29    08.9   06:21     05.1     00.0    00.0   05.3     27.8    18:08      W 
18    13.3    15.5   12:07    10.9   00:21     05.0     00.0    00.8   14.5     48.1    13:58      SW
19    13.6    17.4   15:16    10.9   23:57     04.7     00.0    10.4   13.0     42.5    11:33      SW
20    13.0    15.4   17:04    10.2   06:53     05.3     00.0    04.0   13.1     51.8    17:30      SW
21    14.8    16.9   15:26    12.7   23:52     03.5     00.0    00.0   13.7     46.3    13:12      SW
22    14.3    16.7   12:53    12.4   23:21     04.0     00.0    04.2   09.4     48.1    14:03     WSW
23    14.0    16.1   11:01    11.8   07:13     04.3     00.0    00.0   10.5     55.5    13:07      SW
24    13.1    14.9   16:20    11.8   09:30     05.2     00.0    07.2   14.8     53.6    08:44      SW
25    14.9    18.0   17:06    12.9   22:45     03.4     00.0    00.0   09.2     40.7    10:05      SW
26    15.6    19.8   16:37    11.6   04:15     02.7     00.0    00.0   05.6     24.1    14:49     ESE
27    17.3    24.4   13:36    10.7   06:42     01.0     00.0    00.0   02.7     22.2    14:34     WSW
28    19.1    27.8   13:27    12.4   06:14     00.0     00.8    00.0   02.6     20.4    14:14     WSW
29    17.3    20.4   15:43    14.7   04:11     01.0     00.0    02.4   03.1     22.2    14:39     ESE
30    16.8    21.4   10:42    13.3   02:12     01.5     00.0    04.6   03.6     27.8    12:16      E 
----------------------------------------------------------------------------------------------------------------------------------------------------------
14.1 (14.3)   27.8  day 28     06.0  day 09   125.9    000.8   098.8   07.0     55.5   day 24      SW
Min <=   30: 30
Max Rain: 18.2 ON 14-04-12
Days of Rain: 72 (> .2mm) 68 (> 2mm) 0 (> 20mm)