MONTHLY CLIMATOLOGICAL SUMMARY for APR. 2013

NAME: DAVIS VP2   CITY: Arena Metato (San Giuliano Terme) (PI) STATE: Italia
ELEV: 15 LAT: 043:46:46 LONG: -010:22:1

                            TEMPERATURE ( C), RAIN (mm), WIND SPEED (kmh)

                                               HEAT     COOL           AVG
      MEAN                                     DEG      DEG            WIND                       DOM
DAY   TEMP    HIGH   TIME     LOW    TIME      DAYS     DAYS    RAIN   SPEED    HIGH    TIME      DIR
----------------------------------------------------------------------------------------------------------------------------------------------------------
01    12.9    16.8   15:13    09.6   07:28     05.4     00.0    00.8   06.3     42.5    00:59      W 
02    11.6    14.3   14:09    09.5   08:20     06.7     00.0    16.8   09.3     42.5    05:00      N 
03    12.2    15.5   15:43    08.1   07:23     06.1     00.0    00.0   03.9     27.8    14:37      SW
04    11.9    14.9   22:25    08.0   04:13     06.4     00.0    00.6   08.2     61.0    21:47     ENE
05    11.6    13.8   15:55    09.5   10:25     06.7     00.0    27.8   11.4     44.4    03:11      N 
06    13.4    19.1   15:52    09.2   07:29     04.9     00.0    00.2   02.7     24.1    16:13      N 
07    14.0    17.9   13:42    10.5   07:27     04.3     00.0    00.0   03.9     25.9    15:32      NW
08    11.0    14.1   16:01    08.9   23:58     07.3     00.0    09.0   02.9     53.6    20:10      NE
09    12.5    15.5   15:29    09.0   00:01     05.8     00.0    00.0   04.8     31.4    23:57     WNW
10    13.6    15.8   14:38    11.6   00:00     04.7     00.0    00.0   06.7     37.0    12:22     WSW
11    13.5    18.5   14:05    08.4   06:06     04.8     00.0    00.0   02.5     25.9    14:06      NW
12    15.0    18.2   16:38    12.4   23:59     03.3     00.0    00.6   06.0     38.9    14:56      NW
13    14.7    17.5   16:13    11.9   00:00     03.6     00.0    00.0   04.2     24.1    15:36     WSW
14    14.4    21.0   13:43    07.8   07:05     03.9     00.0    00.0   03.1     22.2    15:41      NW
15    15.1    21.7   12:13    09.1   07:12     03.2     00.0    00.2   03.5     22.2    14:01      NW
16    15.0    20.8   15:32    09.5   06:56     03.3     00.0    00.2   03.2     22.2    16:45     WNW
17    17.5    25.7   14:37    11.0   06:38     00.8     00.0    00.2   01.9     20.4    17:06      NW
18    16.4    21.2   14:14    11.6   07:16     01.9     00.0    00.2   03.4     25.9    16:12     WNW
19    16.3    20.8   14:17    11.5   07:20     02.0     00.0    00.0   03.2     22.2    13:14     WNW
20    13.7    15.9   15:48    11.1   00:00     04.6     00.0    06.0   06.3     29.6    16:52      NW
21    12.3    17.5   14:24    07.8   06:10     06.0     00.0    00.8   03.2     35.1    16:04     SSE
22    12.3    16.0   16:04    09.2   05:09     06.0     00.0    00.8   06.0     31.4    17:19     NNW
23    14.0    19.3   16:13    09.4   07:06     04.3     00.0    02.0   03.4     31.4    16:26     NNW
24    16.4    23.2   13:44    08.2   06:50     01.9     00.0    00.2   04.0     20.4    16:11      NW
25    18.6    23.9   13:28    13.3   04:33     00.0     00.3    00.0   01.6     18.5    15:59     WNW
26    19.0    24.4   14:41    15.6   06:37     00.0     00.7    00.0   04.0     35.1    11:28     SSE
27    15.8    17.3   01:57    14.5   05:19     02.5     00.0    25.2   04.7     31.4    10:29      NE
28    17.0    20.5   14:27    14.3   06:48     01.3     00.0    03.2   03.2     31.4    14:46      NE
29    20.4    25.8   16:15    17.0   02:18     00.0     02.1    07.6   04.7     27.8    12:13      NE
30    21.2    26.8   16:05    17.3   00:01     00.0     02.9    01.0   06.3     37.0    05:39     ENE
----------------------------------------------------------------------------------------------------------------------------------------------------------
14.8 (15.0)   26.8  day 30     07.8  day 21   111.5    006.0   103.4   04.6     61.1   day 04     NNW
Min <=   30: 30
Max Rain: 27.8 ON 5-04-13
Days of Rain: 74 (> .2mm) 7 (> 2mm) 2 (> 20mm)