MONTHLY CLIMATOLOGICAL SUMMARY for APR. 2014

NAME: DAVIS VP2   CITY: Arena Metato (San Giuliano Terme) (PI) STATE: Italia
ELEV: 15 LAT: 043:46:46 LONG: -010:22:1

                            TEMPERATURE ( C), RAIN (mm), WIND SPEED (kmh)

                                               HEAT     COOL           AVG
      MEAN                                     DEG      DEG            WIND                       DOM
DAY   TEMP    HIGH   TIME     LOW    TIME      DAYS     DAYS    RAIN   SPEED    HIGH    TIME      DIR
----------------------------------------------------------------------------------------------------------------------------------------------------------
01    12.3    16.3   15:51    08.3   04:34     06.0     00.0    00.0   04.1     27.8    16:19      NE
02    13.6    18.2   15:24    09.5   07:16     04.7     00.0    00.0   02.3     22.2    17:04     ENE
03    15.5    20.4   17:04    10.6   06:03     02.8     00.0    00.0   02.2     20.4    09:25      E 
04    14.7    17.4   06:16    11.9   22:30     03.6     00.0    06.0   04.4     33.3    11:07     NNE
05    13.7    18.5   17:30    11.4   08:09     04.6     00.0    02.2   00.5     14.8    19:40      SW
06    15.1    21.3   14:59    09.7   04:22     03.2     00.0    00.0   02.7     20.4    14:14     WSW
07    15.7    22.2   12:57    09.4   07:03     02.6     00.0    00.0   02.9     22.2    14:37      SW
08    14.9    18.6   11:26    11.7   07:59     03.4     00.0    02.6   03.9     24.1    14:05     WNW
09    15.6    18.9   16:33    12.9   00:00     02.7     00.0    00.0   03.1     22.2    13:30     WSW
10    14.8    19.8   13:07    09.9   07:11     03.5     00.0    00.0   03.8     25.9    17:19      NW
11    14.9    18.2   15:05    11.5   03:07     03.4     00.0    00.0   04.5     27.8    16:26      W 
12    14.7    19.7   13:46    10.1   07:09     03.6     00.0    00.0   02.9     22.2    17:22      NE
13    15.1    18.9   13:32    12.7   00:00     03.2     00.0    02.6   02.3     20.4    15:21      N 
14    14.5    19.1   12:14    09.3   06:33     03.8     00.0    00.2   04.5     25.9    14:04     WNW
15    15.1    19.9   12:07    11.6   13:11     03.2     00.0    02.8   05.2     50.0    12:53      W 
16    13.7    17.5   16:20    09.5   23:45     04.6     00.0    00.0   08.5     44.4    06:49     ENE
17    12.0    16.9   13:26    04.9   06:12     06.3     00.0    00.0   05.0     29.6    14:01      SE
18    12.6    16.8   16:33    07.1   08:01     05.7     00.0    00.0   05.7     31.4    15:48     NNE
19    12.7    15.4   16:17    10.6   00:00     05.6     00.0    07.6   10.2     48.1    09:29     ESE
20    13.3    19.6   14:21    07.0   07:04     05.0     00.0    00.2   02.5     22.2    14:11      W 
21    14.2    16.7   16:27    11.8   23:58     04.1     00.0    01.8   01.6     18.5    16:04     WSW
22    15.3    20.6   15:15    11.3   03:08     03.0     00.0    00.0   02.4     25.9    15:37      NW
23    16.1    21.6   11:53    10.2   06:58     02.2     00.0    00.0   05.0     27.8    17:16     WNW
24    16.0    19.3   17:00    12.8   04:14     02.3     00.0    00.0   03.8     31.4    14:26     NNW
25    16.3    21.3   14:16    13.0   05:15     02.0     00.0    00.0   02.3     22.2    15:52     NNW
26    16.5    19.9   15:40    13.1   07:06     01.8     00.0    00.0   04.0     25.9    14:26      NW
27    14.2    15.8   09:36    12.9   05:14     04.1     00.0    03.2   02.1     22.2    17:18      SW
30    12.9    13.5   00:09    12.2   23:54     05.4     00.0    02.0   00.0     05.5    20:02      S 
----------------------------------------------------------------------------------------------------------------------------------------------------------
14.5 (14.6)   22.2  day 07     04.9  day 17   106.4    000.0   038.0   03.7     50.0   day 15      N 
Min <=   30: 28
Max Rain: 7.6 ON 19-04-14
Days of Rain: 65 (> .2mm) 7 (> 2mm) 0 (> 20mm)