MONTHLY CLIMATOLOGICAL SUMMARY for APR. 2015

NAME:    CITY:  STATE: 
ELEV:  LAT:  LONG: 

                            TEMPERATURE ( C), RAIN (mm), WIND SPEED (kmh)

                                               HEAT     COOL           AVG
      MEAN                                     DEG      DEG            WIND                       DOM
DAY   TEMP    HIGH   TIME     LOW    TIME      DAYS     DAYS    RAIN   SPEED    HIGH    TIME      DIR
----------------------------------------------------------------------------------------------------------------------------------------------------------
01    15.0    20.0   16:27    11.3   23:52     03.3     00.0    00.0   09.2     40.7    14:39     WNW
02    12.4    18.1   14:25    06.7   07:35     05.9     00.0    00.0   05.7     27.8    15:23      SW
03    12.8    19.2   15:51    06.3   05:14     05.5     00.0    00.2   04.7     27.8    15:59     SSE
04    11.3    14.0   11:52    08.8   23:25     07.0     00.0    22.6   06.5     27.8    16:40      NE
05    10.5    13.3   15:57    07.8   05:31     07.8     00.0    00.2   09.3     40.7    16:31     ENE
06    10.2    14.4   17:13    05.3   07:00     08.1     00.0    00.0   06.0     29.6    11:18      N 
07    09.5    14.9   16:41    03.2   07:20     08.8     00.0    00.0   05.7     35.1    11:36     NNE
08    09.8    15.6   15:18    02.2   07:02     08.5     00.0    00.0   06.0     31.4    16:12      SW
09    11.5    17.4   13:03    05.5   06:53     06.8     00.0    00.0   05.0     22.2    15:16      W 
10    13.0    17.8   13:18    08.8   07:53     05.3     00.0    00.0   04.2     22.2    15:56      SW
11    12.7    16.8   15:43    07.6   07:36     05.6     00.0    00.0   04.6     25.9    14:36      SW
12    13.4    18.7   13:14    07.3   07:13     04.9     00.0    00.0   05.1     24.1    15:56     WNW
13    14.3    19.7   16:32    08.9   07:18     04.0     00.0    00.2   04.9     18.5    18:56     WSW
14    14.8    18.5   12:26    11.2   06:58     03.5     00.0    00.2   03.9     22.2    13:35     SSW
15    14.9    20.5   13:31    11.0   02:49     03.4     00.0    00.0   03.4     20.4    16:22      W 
16    14.4    19.0   12:36    10.2   04:54     03.9     00.0    00.0   04.4     22.2    15:41      SW
17    15.7    18.2   16:16    13.9   05:45     02.6     00.0    01.4   04.2     18.5    09:09     ENE
18    15.6    18.5   14:11    13.9   03:45     02.7     00.0    02.2   04.7     46.3    00:00     SSW
19    14.3    17.1   15:13    11.8   00:00     04.0     00.0    00.0   11.5     57.4    02:01     ENE
20    13.4    18.7   16:10    07.1   05:20     04.9     00.0    00.0   06.6     24.1    18:43      NW
21    14.7    22.7   14:12    06.8   07:03     03.6     00.0    00.0   04.6     20.4    17:02     WSW
22    15.0    20.7   13:56    09.6   05:34     03.3     00.0    00.0   05.1     24.1    16:25      SW
23    15.2    20.4   13:24    10.1   06:44     03.1     00.0    00.0   04.8     31.4    13:57     SSW
24    15.8    20.6   12:53    10.7   04:35     02.5     00.0    00.0   04.6     25.9    14:53     WSW
25    14.9    20.4   16:09    09.4   06:17     03.4     00.0    00.0   03.8     20.4    16:48     SSW
26    16.3    19.1   17:38    13.1   06:37     02.0     00.0    00.0   03.4     16.6    14:24     ESE
27    15.3    18.6   15:21    12.6   00:00     03.0     00.0    25.8   07.9     40.7    15:07     ESE
28    14.5    17.5   15:34    11.3   05:21     03.8     00.0    00.6   06.5     29.6    17:31     WNW
29    16.0    21.2   13:49    12.2   07:19     02.3     00.0    00.0   07.2     29.6    15:54      W 
30    15.2    18.5   15:20    11.9   00:00     03.1     00.0    00.0   06.3     29.6    11:18     WSW
----------------------------------------------------------------------------------------------------------------------------------------------------------
13.7 (13.8)   22.7  day 21     02.2  day 08   136.6    000.0   053.4   05.7     57.4   day 19      W 
Min <=   30: 30
Max Rain: 25.8 ON 27-04-15
Days of Rain: 9 (> .2mm) 3 (> 2mm) 2 (> 20mm)