MONTHLY CLIMATOLOGICAL SUMMARY for APR. 2016

NAME:    CITY:  STATE: 
ELEV:  LAT:  LONG: 

                            TEMPERATURE ( C), RAIN (mm), WIND SPEED (kmh)

                                               HEAT     COOL           AVG
      MEAN                                     DEG      DEG            WIND                       DOM
DAY   TEMP    HIGH   TIME     LOW    TIME      DAYS     DAYS    RAIN   SPEED    HIGH    TIME      DIR
----------------------------------------------------------------------------------------------------------------------------------------------------------
01    16.4    21.3   15:13    13.2   23:51     01.9     00.0    00.0   04.4     25.9    03:43      N 
02    17.0    26.6   15:58    10.9   03:25     01.3     00.0    00.0   04.9     31.4    16:40      E 
03    16.2    23.6   14:36    10.4   06:39     02.1     00.0    00.0   02.9     18.5    18:11      SW
04    16.9    22.3   16:31    11.1   07:30     01.4     00.0    00.0   03.4     27.8    17:18     SSE
05    17.3    24.5   16:41    12.4   04:42     01.0     00.0    00.0   04.8     25.9    13:25     ESE
06    17.0    25.4   12:56    09.8   06:41     01.3     00.0    00.0   03.6     18.5    16:22     WSW
07    15.9    23.2   16:01    09.5   07:13     02.4     00.0    00.0   03.7     18.5    14:15     WNW
08    14.3    17.1   14:00    12.4   00:00     04.0     00.0    00.0   04.7     22.2    16:49      W 
09    12.0    14.3   09:34    09.1   07:03     06.3     00.0    00.0   07.5     35.1    10:43      NW
10    12.5    16.8   17:03    07.4   06:22     05.8     00.0    00.0   05.0     27.8    14:22      W 
11    13.9    20.0   16:30    07.3   07:08     04.4     00.0    00.2   03.9     24.1    18:27      SW
12    15.7    19.9   15:54    11.6   01:08     02.6     00.0    00.0   04.8     24.1    16:17     NNE
13    15.3    52.6   11:34    10.2   06:29     03.0     00.0    00.0   04.5     24.1    14:23     WNW
14    15.8    18.4   14:32    12.5   00:00     02.5     00.0    00.0   08.3     35.1    03:55     WSW
15    15.0    21.2   15:47    08.4   06:54     03.3     00.0    00.0   05.7     31.4    16:19     SSW
16    16.9    21.9   14:20    11.9   07:07     01.4     00.0    00.0   07.1     33.3    17:24     SSE
17    17.5    21.2   16:56    14.3   23:03     00.8     00.0    00.0   05.9     31.4    14:52     SSE
18    16.0    19.7   13:08    12.7   06:33     02.3     00.0    00.0   05.4     31.4    13:17      W 
19    15.6    19.5   17:52    11.4   07:06     02.7     00.0    00.6   08.1     29.6    14:07      NW
20    16.4    23.8   14:39    08.2   06:52     01.9     00.0    00.0   04.8     27.8    10:56     NNE
21    17.0    23.0   13:56    10.4   06:44     01.3     00.0    00.0   05.2     27.8    14:33      S 
22    15.7    18.5   14:05    13.6   00:00     02.6     00.0    00.0   04.3     22.2    14:45     WNW
23    14.1    17.2   12:49    12.8   22:23     04.2     00.0    31.4   06.4     37.0    12:59     NNW
24    14.2    38.8   12:12    10.8   23:47     04.1     00.0    09.6   05.5     29.6    15:00     NNW
25    12.4    41.9   01:34    07.9   07:34     05.9     00.0    02.8   08.7     38.9    14:54     WNW
26    12.1    15.9   14:59    08.2   06:22     06.2     00.0    00.0   11.6     55.5    14:45      SW
27    14.7    16.6   13:38    11.8   23:59     03.6     00.0    00.0   17.6     51.8    10:36      SW
28    13.6    17.6   17:00    10.3   05:47     04.7     00.0    00.0   03.1     22.2    13:37     WNW
29    14.3    19.2   11:34    08.7   06:27     04.0     00.0    00.0   04.6     22.2    16:27     WNW
30    14.4    30.0   13:10    08.3   06:42     03.9     00.0    07.2   04.0     24.1    14:54     WSW
----------------------------------------------------------------------------------------------------------------------------------------------------------
15.2 (16.8)   52.6  day 13     07.3  day 11   092.9    000.0   052.0   05.8     55.5   day 27     WSW
Max >=  30: 3
Min <=   30: 30
Max Rain: 31.4 ON 23-04-16
Days of Rain: 6 (> .2mm) 4 (> 2mm) 1 (> 20mm)