MONTHLY CLIMATOLOGICAL SUMMARY for APR. 2017

NAME:    CITY:  STATE: 
ELEV:  LAT:  LONG: 

                            TEMPERATURE ( C), RAIN (mm), WIND SPEED (kmh)

                                               HEAT     COOL           AVG
      MEAN                                     DEG      DEG            WIND                       DOM
DAY   TEMP    HIGH   TIME     LOW    TIME      DAYS     DAYS    RAIN   SPEED    HIGH    TIME      DIR
----------------------------------------------------------------------------------------------------------------------------------------------------------
01    13.9    20.7   13:30    08.1   06:44     04.4     00.0    00.2   04.4     25.9    15:22     SSW
02    14.4    18.1   12:57    11.8   03:36     03.9     00.0    02.8   04.7     20.4    11:13     NNW
03    17.0    22.4   14:22    10.4   04:40     01.3     00.0    00.2   07.2     35.1    12:12     NNE
04    15.7    22.7   18:18    08.9   07:33     02.6     00.0    00.0   03.9     18.5    14:50      W 
05    15.1    22.2   16:25    09.6   06:50     03.2     00.0    03.2   04.7     29.6    14:26      SE
06    13.8    19.2   12:18    08.9   06:59     04.5     00.0    00.2   04.2     22.2    15:48     WNW
07    14.0    20.8   13:46    07.4   06:49     04.3     00.0    00.2   04.3     22.2    16:09      W 
08    14.9    20.6   15:10    10.2   06:44     03.4     00.0    00.0   04.7     20.4    16:29      W 
09    15.1    21.0   15:59    09.0   07:24     03.2     00.0    00.0   04.3     20.4    14:47     WNW
10    15.9    21.1   12:59    10.5   07:26     02.4     00.0    00.2   04.4     27.8    14:42      SW
11    15.9    19.8   15:24    11.6   07:10     02.4     00.0    00.0   04.6     25.9    15:01     WSW
12    16.3    22.9   12:47    09.7   07:13     02.0     00.0    00.2   04.8     24.1    14:45     WNW
13    16.2    19.7   13:22    12.9   06:29     02.1     00.0    00.0   06.1     29.6    14:26      W 
14    15.9    21.8   14:01    09.8   06:42     02.4     00.0    00.2   03.8     22.2    17:47      W 
15    15.6    18.4   17:06    13.8   00:01     02.7     00.0    00.8   03.7     18.5    12:16      NE
16    15.7    19.9   16:15    10.2   06:55     02.6     00.0    00.2   05.5     25.9    15:22      W 
17    16.0    21.2   12:56    11.6   06:35     02.3     00.0    00.0   07.0     31.4    15:17      NW
18    13.3    20.8   13:24    08.6   06:50     05.0     00.0    00.6   09.2     51.8    19:03     ESE
19    10.6    16.3   13:55    03.8   05:08     07.7     00.0    00.0   07.4     33.3    16:21     WSW
20    10.5    15.3   14:06    03.8   07:11     07.8     00.0    00.0   06.6     31.4    15:51     WSW
21    11.3    16.4   12:05    04.2   05:35     07.0     00.0    00.0   05.2     31.4    15:27      SW
22    12.3    17.2   14:36    05.6   07:05     06.0     00.0    00.0   08.8     35.1    14:52      W 
23    15.4    18.2   15:16    11.3   23:59     02.9     00.0    00.0   10.2     29.6    10:37      W 
24    14.5    19.7   12:43    07.9   06:09     03.8     00.0    00.0   04.7     27.8    13:48     SSW
25    16.1    19.9   15:59    12.8   06:13     02.2     00.0    00.0   08.2     37.0    17:36     SSE
26    16.6    18.6   14:47    14.4   07:01     01.7     00.0    05.6   09.9     42.5    15:43      SE
27    15.7    17.5   11:57    12.2   20:28     02.6     00.0    08.0   05.4     31.4    00:43      NW
28    13.3    15.9   17:03    09.1   23:45     05.0     00.0    00.6   14.5     66.6    08:18     WSW
29    12.9    18.8   15:27    05.8   06:45     05.4     00.0    00.0   05.8     25.9    17:36     WNW
30    14.0    19.8   12:50    07.0   06:29     04.3     00.0    00.0   06.7     31.4    17:30      NW
----------------------------------------------------------------------------------------------------------------------------------------------------------
14.6 (14.5)   22.9  day 12     03.8  day 19   110.9    000.0   023.2   06.2     66.6   day 28     WSW
Min <=   30: 30
Max Rain: 8.0 ON 27-04-17
Days of Rain: 15 (> .2mm) 4 (> 2mm) 0 (> 20mm)