MONTHLY CLIMATOLOGICAL SUMMARY for APR. 2018

NAME:    CITY:  STATE: 
ELEV:  LAT:  LONG: 

                            TEMPERATURE ( C), RAIN (mm), WIND SPEED (kmh)

                                               HEAT     COOL           AVG
      MEAN                                     DEG      DEG            WIND                       DOM
DAY   TEMP    HIGH   TIME     LOW    TIME      DAYS     DAYS    RAIN   SPEED    HIGH    TIME      DIR
----------------------------------------------------------------------------------------------------------------------------------------------------------
01    12.1    16.1   13:38    08.8   04:18     06.2     00.0    00.0   08.0     42.5    14:06      W 
02    13.5    17.9   15:01    10.1   07:44     04.8     00.0    00.0   05.8     29.6    19:51      SW
03    14.1    19.5   16:27    10.4   02:02     04.2     00.0    00.0   07.5     31.4    10:55      E 
04    13.5    16.3   17:51    10.9   04:07     04.8     00.0    00.0   06.2     31.4    23:06     ENE
05    14.2    17.0   12:44    11.5   00:00     04.1     00.0    00.4   05.2     33.3    13:06      SW
06    13.4    19.8   15:14    07.7   07:22     04.9     00.0    00.0   02.2     18.5    15:48      W 
07    15.8    22.7   14:51    09.6   04:25     02.5     00.0    00.0   05.9     29.6    11:56     ESE
08    15.9    23.6   16:07    09.0   06:05     02.4     00.0    00.0   03.3     29.6    11:12      SE
09    13.5    15.5   00:37    12.1   10:44     04.8     00.0    04.0   04.3     25.9    01:43      N 
10    12.7    16.4   13:03    10.4   23:12     05.6     00.0    05.2   04.2     35.1    13:59      E 
11    13.7    17.2   23:09    10.2   01:02     04.6     00.0    05.2   07.6     35.1    19:15     ENE
12    15.3    19.2   15:12    11.4   23:40     03.0     00.0    04.0   05.7     22.2    02:42     ESE
13    13.6    18.8   16:32    09.0   07:06     04.7     00.0    05.8   03.6     33.3    00:21     WNW
14    16.7    24.4   16:31    08.3   07:01     01.6     00.0    00.0   05.1     29.6    15:12     ENE
15    18.2    22.6   17:53    15.1   00:00     00.1     00.0    01.6   04.4     27.8    16:27      N 
16    16.5    20.7   11:26    13.0   07:17     01.8     00.0    00.2   04.0     25.9    16:01      W 
17    16.9    21.9   17:57    12.9   04:55     01.4     00.0    00.0   04.3     22.2    16:53      NW
18    19.6    25.3   14:08    13.4   04:11     00.0     01.3    00.0   04.4     38.9    11:54      NE
19    20.6    25.6   12:54    14.4   07:05     00.0     02.3    00.0   05.5     27.8    11:00     NNW
20    20.2    26.8   12:58    12.4   05:46     00.0     01.9    00.0   03.1     24.1    14:12     WNW
21    20.0    27.3   13:03    12.0   07:05     00.0     01.7    00.0   04.4     27.8    16:22     WNW
22    18.4    24.6   16:44    13.1   07:09     00.0     00.1    00.0   03.2     20.4    12:39     WSW
23    17.7    22.7   15:31    13.1   07:11     00.6     00.0    00.0   03.0     20.4    15:53      SW
24    18.1    24.5   16:11    12.6   05:52     00.2     00.0    00.0   02.0     18.5    17:48      SW
25    17.9    22.9   11:59    12.0   06:49     00.4     00.0    00.2   02.9     22.2    12:55      SW
26    18.7    23.6   12:45    14.5   04:57     00.0     00.4    00.0   02.6     20.4    13:39     SSW
27    18.9    25.6   12:29    12.2   06:43     00.0     00.6    00.2   02.3     18.5    17:07     WSW
28    19.3    26.5   14:29    12.8   05:10     00.0     01.0    00.0   02.4     18.5    17:05      SW
29    19.7    26.6   14:26    13.6   06:37     00.0     01.4    00.4   03.8     37.0    23:53     SSW
30    17.1    19.3   12:42    14.3   22:52     01.2     00.0    00.2   10.5     37.0    15:33      W 
----------------------------------------------------------------------------------------------------------------------------------------------------------
16.5 (16.7)   27.3  day 21     07.7  day 06   063.7    010.8   027.4   04.6     42.6   day 01      W 
Min <=   30: 30
Max Rain: 5.8 ON 13-04-18
Days of Rain: 12 (> .2mm) 5 (> 2mm) 0 (> 20mm)