MONTHLY CLIMATOLOGICAL SUMMARY for APR. 2019

NAME:    CITY:  STATE: 
ELEV:  LAT:  LONG: 

                            TEMPERATURE ( C), RAIN (mm), WIND SPEED (kmh)

                                               HEAT     COOL           AVG
      MEAN                                     DEG      DEG            WIND                       DOM
DAY   TEMP    HIGH   TIME     LOW    TIME      DAYS     DAYS    RAIN   SPEED    HIGH    TIME      DIR
----------------------------------------------------------------------------------------------------------------------------------------------------------
17    13.9    18.7   16:47    08.1   07:46     04.4     00.0    00.0   05.1     22.2    17:50      W 
18    17.2    23.9   14:36    08.6   05:57     01.1     00.0    00.0   07.8     37.0    18:55      E 
19    18.4    23.1   14:32    12.9   23:37     00.0     00.1    00.0   08.9     42.5    05:08     ENE
20    17.1    25.5   16:23    09.3   03:43     01.2     00.0    00.0   05.2     38.9    11:42     ESE
21    19.1    25.0   17:34    13.7   02:36     00.0     00.8    00.0   06.4     31.4    12:52      E 
22    18.2    23.4   13:05    13.8   20:58     00.1     00.0    08.2   08.5     40.7    11:20     ENE
23    16.1    18.7   14:24    14.2   01:48     02.2     00.0    20.4   10.0     35.1    19:57      E 
24    17.3    21.8   12:34    13.6   00:00     01.0     00.0    00.2   05.6     40.7    14:53     SSE
25    16.8    24.0   13:24    10.7   06:59     01.5     00.0    00.2   02.0     29.6    13:36     SSW
26    16.1    19.6   16:11    12.6   07:03     02.2     00.0    00.0   05.9     35.1    23:10      W 
27    15.0    17.7   14:42    10.0   06:52     03.3     00.0    00.0   06.6     35.1    01:43      SW
28    14.8    18.6   13:18    09.0   23:50     03.5     00.0    03.4   08.3     42.5    19:16     SSW
29    12.1    16.3   16:58    08.4   07:38     06.2     00.0    03.6   04.1     29.6    16:37     NNE
30    13.0    17.7   15:15    07.7   07:07     05.3     00.0    00.0   05.2     31.4    15:51     WSW
----------------------------------------------------------------------------------------------------------------------------------------------------------
16.1 (15.9)   25.5  day 20     07.7  day 30   031.9    001.0   082.4   06.4     42.6   day 24     ESE
Min <=   30: 14
Max Rain: 20.4 ON 23-04-19
Days of Rain: 6 (> .2mm) 4 (> 2mm) 1 (> 20mm)