MONTHLY CLIMATOLOGICAL SUMMARY for APR. 2020

NAME:    CITY:  STATE: 
ELEV:  LAT:  LONG: 

                            TEMPERATURE ( C), RAIN (mm), WIND SPEED (kmh)

                                               HEAT     COOL           AVG
      MEAN                                     DEG      DEG            WIND                       DOM
DAY   TEMP    HIGH   TIME     LOW    TIME      DAYS     DAYS    RAIN   SPEED    HIGH    TIME      DIR
----------------------------------------------------------------------------------------------------------------------------------------------------------
01    08.8    13.1   16:16    03.8   04:24     09.5     00.0    00.0   03.5     24.1    12:16     NNE
02    08.3    14.5   14:26    01.6   06:31     10.0     00.0    00.0   01.8     24.1    16:14     SSW
03    09.6    16.3   14:15    02.0   07:05     08.7     00.0    00.0   02.7     24.1    17:24      NW
04    12.2    20.3   13:27    04.1   07:19     06.1     00.0    00.0   03.1     27.8    15:49     NNW
05    14.8    20.8   14:35    06.3   06:46     03.5     00.0    00.0   03.1     25.9    12:47     ENE
06    15.9    23.0   13:28    07.8   06:03     02.4     00.0    00.0   03.0     27.8    16:48     NNW
07    15.2    22.6   12:27    07.5   06:55     03.1     00.0    00.0   01.8     24.1    16:21     WSW
08    15.8    21.9   14:41    08.3   07:47     02.5     00.0    00.0   02.1     27.8    17:23     WNW
09    14.4    22.6   12:53    06.0   06:37     03.9     00.0    00.0   01.2     24.1    17:51     WSW
10    14.2    21.0   16:14    05.8   07:04     04.1     00.0    00.0   01.1     22.2    16:52     WSW
11    14.2    20.4   15:41    07.3   05:33     04.1     00.0    00.0   01.2     20.4    15:47     WSW
12    13.9    20.8   15:47    07.1   05:13     04.4     00.0    00.2   01.2     22.2    16:23     WNW
13    13.9    21.6   14:11    08.1   06:35     04.4     00.0    01.4   02.6     35.1    18:46     SSE
14    15.6    20.3   14:50    11.8   07:09     02.7     00.0    00.2   02.5     37.0    23:56      NE
15    14.8    19.4   14:58    11.2   23:31     03.5     00.0    00.0   05.1     42.5    00:09      E 
16    13.3    20.3   13:07    05.4   06:56     05.0     00.0    00.0   01.1     22.2    14:19     SSW
17    13.9    20.3   12:53    06.7   06:33     04.4     00.0    00.0   00.8     20.4    15:00     SSW
18    15.0    19.3   16:34    10.6   04:23     03.3     00.0    00.0   00.4     12.9    18:03      S 
19    16.5    20.3   13:09    14.3   06:43     01.8     00.0    00.0   00.6     22.2    13:37     WNW
20    15.9    18.2   15:12    14.7   22:47     02.4     00.0    17.2   05.0     40.7    20:54     NNE
21    15.3    15.9   04:19    14.4   20:10     03.0     00.0    04.8   04.8     46.3    08:21      NE
22    17.1    19.3   21:02    14.6   23:58     01.2     00.0    00.4   02.7     29.6    17:08      NE
23    17.5    22.8   12:59    12.0   00:00     00.8     00.0    00.0   01.8     24.1    17:50      N 
24    14.9    20.8   12:50    08.4   05:36     03.4     00.0    00.0   01.3     22.2    15:49     SSW
25    15.7    20.3   15:03    11.0   06:53     02.6     00.0    00.0   01.3     22.2    16:05     SSW
26    15.3    20.0   15:42    09.7   05:55     03.0     00.0    00.0   01.2     24.1    14:33      S 
27    16.1    20.4   14:56    11.3   06:57     02.2     00.0    00.0   01.0     22.2    12:32      SW
28    15.7    19.3   12:50    13.8   04:39     02.6     00.0    13.2   02.2     42.5    13:29     SSE
29    16.7    18.4   12:40    15.4   00:07     01.6     00.0    00.4   05.9     42.5    11:17      SW
30    17.4    20.4   13:48    15.6   06:33     00.9     00.0    00.2   01.3     20.4    12:27     WSW
----------------------------------------------------------------------------------------------------------------------------------------------------------
14.6 (14.5)   23.0  day 06     01.6  day 02   111.1    000.0   038.0   02.3     46.3   day 21     NNE
Min <=   30: 30
Max Rain: 17.2 ON 20-04-20
Days of Rain: 9 (> .2mm) 3 (> 2mm) 0 (> 20mm)