MONTHLY CLIMATOLOGICAL SUMMARY for APR. 2021

NAME: DAVIS VP2   CITY: Arena Metato (San Giuliano Terme) (PI) STATE: Italia
ELEV: 15 LAT: 043:46:46 LONG: -010:22:1

                            TEMPERATURE ( C), RAIN (mm), WIND SPEED (kmh)

                                               HEAT     COOL           AVG
      MEAN                                     DEG      DEG            WIND                       DOM
DAY   TEMP    HIGH   TIME     LOW    TIME      DAYS     DAYS    RAIN   SPEED    HIGH    TIME      DIR
----------------------------------------------------------------------------------------------------------------------------------------------------------
01    15.4    19.8   11:46    12.4   02:03     02.9     00.0    00.0   04.3     20.4    16:39      SW
02    14.8    20.6   14:49    09.2   07:30     03.5     00.0    00.0   04.2     22.2    15:53      SW
03    14.2    20.7   14:44    08.6   03:26     04.1     00.0    00.4   05.3     40.7    23:24      SE
04    14.1    17.6   16:17    10.9   07:50     04.2     00.0    00.0   12.3     38.9    14:01      E 
05    11.6    16.6   12:58    06.0   07:13     06.7     00.0    00.0   06.4     27.8    15:31     WSW
06    11.6    18.6   13:36    07.4   19:00     06.7     00.0    00.8   11.4     51.8    18:32     ENE
07    08.3    12.5   17:47    03.6   23:39     10.0     00.0    00.0   06.4     40.7    16:39     NNW
08    07.7    14.3   16:27   -00.9   07:26     10.6     00.0    00.0   06.5     33.3    13:56      SW
09    11.0    16.2   15:23    04.8   07:18     07.3     00.0    00.0   05.7     31.4    14:08      S 
10    11.7    14.7   12:37    09.6   01:07     06.6     00.0    06.6   07.0     24.1    20:05     ENE
11    13.3    16.2   14:55    10.5   05:21     05.0     00.0    09.0   09.3     31.4    12:39      SE
12    13.3    16.1   13:54    10.4   23:45     05.0     00.0    18.4   07.7     33.3    03:11      S 
13    10.7    14.3   13:01    07.8   23:54     07.6     00.0    02.6   04.2     24.1    12:30      SE
14    10.1    15.4   14:54    03.9   05:47     08.2     00.0    00.2   05.7     25.9    16:57      NW
15    11.0    15.7   16:58    07.8   06:53     07.3     00.0    00.0   06.3     25.9    15:28     ESE
16    12.0    16.4   13:45    07.4   05:15     06.3     00.0    00.0   08.5     33.3    11:16      NE
17    12.2    16.6   14:35    07.5   06:13     06.1     00.0    00.0   07.8     27.8    10:27      N 
18    10.9    15.2   16:50    06.7   06:52     07.4     00.0    00.0   06.0     27.8    15:44      NW
19    11.1    15.5   15:40    06.5   05:37     07.2     00.0    00.0   07.0     31.4    17:52     WNW
20    11.3    16.6   15:30    05.0   06:56     07.0     00.0    00.0   05.8     29.6    16:36     WSW
21    12.4    17.8   14:19    06.2   05:41     05.9     00.0    00.0   04.4     22.2    16:10     SSW
22    13.9    19.1   13:54    10.3   23:57     04.4     00.0    00.2   04.5     27.8    15:17      W 
23    15.1    21.9   13:20    07.6   06:27     03.2     00.0    00.2   06.5     29.6    16:05      NW
24    17.0    22.2   12:12    11.5   23:38     01.3     00.0    00.0   08.8     31.4    18:27     NNW
25    14.6    20.8   16:18    07.6   06:30     03.7     00.0    00.0   05.2     24.1    15:22      SW
26    14.9    21.8   15:12    09.2   04:55     03.4     00.0    01.6   05.0     24.1    23:50      SE
27    15.5    19.3   14:03    12.4   06:10     02.8     00.0    01.6   06.7     25.9    18:12     ENE
28    14.7    17.1   18:45    12.8   06:09     03.6     00.0    00.8   06.2     25.9    02:38      NE
29    15.4    17.8   13:48    13.9   08:14     02.9     00.0    11.6   04.5     29.6    14:11      S 
30    17.3    22.4   14:24    14.2   06:19     01.0     00.0    02.0   02.8     18.5    15:31     SSE
----------------------------------------------------------------------------------------------------------------------------------------------------------
12.9 (13.0)   22.4  day 30    -00.9  day 08   161.9    000.0   056.0   06.4     51.8   day 06      E 
Min <=   30: 30
Max Rain: 18.4 ON 12-04-21
Days of Rain: 14 (> .2mm) 5 (> 2mm) 0 (> 20mm)