MONTHLY CLIMATOLOGICAL SUMMARY for MAY. 2011

NAME: DAVIS VP2   CITY: Arena Metato (San Giuliano Terme) (PI) STATE: Italia
ELEV: 15 LAT: 043:46:46 LONG: -010:22:1

                            TEMPERATURE ( C), RAIN (mm), WIND SPEED (kmh)

                                               HEAT     COOL           AVG
      MEAN                                     DEG      DEG            WIND                       DOM
DAY   TEMP    HIGH   TIME     LOW    TIME      DAYS     DAYS    RAIN   SPEED    HIGH    TIME      DIR
----------------------------------------------------------------------------------------------------------------------------------------------------------
01    17.8    22.5   11:36    14.4   03:08     00.5     00.0    00.0   06.1     33.3    16:58     WNW
02    16.8    22.2   14:33    11.0   06:28     01.5     00.0    00.0   03.9     37.0    14:53      SW
03    17.6    20.4   14:23    15.3   23:47     00.7     00.0    00.0   04.1     25.9    17:19     WSW
04    17.4    22.6   13:55    12.7   06:08     00.9     00.0    00.2   03.6     25.9    14:47      W 
05    18.2    23.1   14:41    14.4   05:16     00.1     00.0    00.0   06.1     33.3    10:05     NNW
06    17.3    23.8   12:35    11.3   06:13     01.0     00.0    00.0   03.2     24.1    15:41      W 
07    16.8    21.6   13:52    10.5   05:53     01.5     00.0    00.0   02.7     25.9    14:00      SW
08    16.1    21.8   13:59    10.3   06:35     02.2     00.0    00.0   03.5     25.9    16:39      SW
09    19.1    23.1   14:35    14.9   00:01     00.0     00.8    00.0   13.8     53.6    01:26      NE
10    18.6    24.4   15:03    11.1   06:37     00.0     00.3    00.0   04.8     31.4    15:47     WNW
11    17.8    22.9   12:49    11.3   06:19     00.5     00.0    00.0   04.7     27.8    16:03     WSW
12    18.0    22.6   12:49    13.1   06:01     00.3     00.0    00.0   03.8     22.2    14:23      SW
13    18.8    22.4   14:22    16.1   00:00     00.0     00.5    00.0   02.8     25.9    12:29     WSW
14    18.2    23.1   16:38    12.4   06:42     00.1     00.0    00.0   03.6     27.8    13:44      SW
15    16.8    20.5   16:12    11.0   17:30     01.5     00.0    20.6   05.9     50.0    17:11     ENE
16    15.8    20.1   12:44    09.3   06:03     02.5     00.0    00.0   04.9     29.6    14:36      W 
17    16.7    22.2   12:56    10.7   06:12     01.6     00.0    00.0   04.6     27.8    15:07     WSW
18    18.3    23.3   17:26    11.3   06:14     00.0     00.0    00.2   05.4     29.6    17:15      W 
19    19.3    24.7   12:16    13.5   06:18     00.0     01.0    00.0   03.4     24.1    16:31      SW
20    19.5    24.4   16:29    15.2   05:12     00.0     01.2    00.0   03.3     24.1    14:49      W 
21    19.9    25.2   16:03    13.3   05:51     00.0     01.6    00.0   04.6     29.6    17:24      W 
22    21.9    28.1   12:39    14.6   06:16     00.0     03.6    00.2   05.4     25.9    18:41      W 
23    23.5    30.0   12:01    15.5   06:12     00.0     05.2    00.0   03.5     27.8    13:34     WNW
24    24.2    27.8   14:05    20.2   04:46     00.0     05.9    00.0   06.9     33.3    16:16     WNW
25    24.3    30.7   12:51    16.8   06:16     00.0     06.0    00.0   05.0     33.3    16:39     WNW
26    24.6    29.8   13:22    18.1   06:21     00.0     06.3    00.0   05.8     29.6    17:06     WNW
27    22.1    26.1   10:43    18.9   05:43     00.0     03.8    00.2   05.0     38.9    23:32      SW
28    20.9    23.8   15:54    17.9   00:00     00.0     02.6    00.0   07.5     40.7    01:41      SW
29    20.5    25.0   14:45    14.7   06:21     00.0     02.2    00.0   04.4     29.6    16:01      W 
30    21.1    26.7   14:35    14.7   06:15     00.0     02.8    00.0   04.8     31.4    16:53      W 
31    20.2    25.3   11:50    14.7   06:11     00.0     01.9    00.0   04.4     31.4    12:42      SW
----------------------------------------------------------------------------------------------------------------------------------------------------------
19.3 (19.0)   30.7  day 25     09.3  day 16   015.0    045.8   021.4   04.9     53.7   day 09      W 
Max >=  30: 2
Min <=   30: 31
Max Rain: 20.6 ON 15-05-11
Days of Rain: 5 (> .2mm) 1 (> 2mm) 1 (> 20mm)