MONTHLY CLIMATOLOGICAL SUMMARY for MAY. 2012

NAME: DAVIS VP2   CITY: Arena Metato (San Giuliano Terme) (PI) STATE: Italia
ELEV: 15 LAT: 043:46:46 LONG: -010:22:1

                            TEMPERATURE ( C), RAIN (mm), WIND SPEED (kmh)

                                               HEAT     COOL           AVG
      MEAN                                     DEG      DEG            WIND                       DOM
DAY   TEMP    HIGH   TIME     LOW    TIME      DAYS     DAYS    RAIN   SPEED    HIGH    TIME      DIR
----------------------------------------------------------------------------------------------------------------------------------------------------------
01    16.2    20.7   11:48    12.3   00:00     02.1     00.0    09.8   03.1     31.4    16:44      SE
02    14.0    17.5   14:54    09.6   06:16     04.3     00.0    00.0   06.0     27.8    18:27      W 
03    14.5    18.0   14:29    11.1   06:34     03.8     00.0    00.2   04.9     29.6    14:29     WSW
04    14.5    18.3   16:54    09.8   06:28     03.8     00.0    00.2   05.7     31.4    11:50      SW
05    15.7    20.9   14:35    09.9   05:12     02.6     00.0    00.0   04.9     27.8    17:26     SSW
06    15.6    18.3   15:09    14.1   23:30     02.7     00.0    22.4   03.6     20.4    16:50     NNE
07    16.0    19.0   17:26    13.8   06:05     02.3     00.0    09.6   05.0     27.8    15:04     WSW
08    16.4    19.6   15:29    13.1   05:52     01.9     00.0    00.0   04.6     24.1    14:16     WSW
09    17.2    20.7   15:50    14.6   06:10     01.1     00.0    00.0   03.8     24.1    13:52     WSW
10    18.1    23.7   13:33    12.5   06:26     00.2     00.0    00.2   04.4     22.2    17:28      W 
11    20.2    27.1   15:08    14.4   07:24     00.0     01.9    00.2   03.5     18.5    17:58     WNW
12    19.9    25.0   11:35    16.1   05:31     00.0     01.6    00.2   03.6     29.6    11:38     WSW
13    16.8    22.1   10:10    13.6   23:28     01.5     00.0    01.6   09.3     53.6    14:37      NE
14    15.5    19.7   15:51    11.0   06:02     02.8     00.0    00.0   07.3     27.8    18:17      N 
15    15.3    19.3   15:09    08.7   05:54     03.0     00.0    00.0   06.3     37.0    13:44      SW
16    17.8    21.4   15:53    13.8   05:35     00.5     00.0    00.0   13.7     53.6    12:58      NW
17    15.6    19.5   16:27    08.2   07:01     02.7     00.0    00.0   06.2     29.6    12:56      W 
18    15.7    21.3   18:12    08.4   06:15     02.6     00.0    00.0   03.0     27.8    13:22     SSW
19    16.0    22.6   12:24    09.4   06:02     02.3     00.0    01.0   03.3     29.6    15:44      NW
20    14.8    19.1   09:24    12.7   06:14     03.5     00.0    20.6   04.2     24.1    23:29      NE
21    15.4    18.6   15:22    13.7   23:58     02.9     00.0    12.2   06.7     29.6    17:23      W 
22    15.8    19.0   14:25    12.3   05:47     02.5     00.0    00.0   06.9     33.3    16:27     WNW
23    17.3    20.1   15:47    14.9   05:52     01.0     00.0    00.2   04.1     25.9    15:47      W 
24    19.4    24.9   17:13    15.4   04:23     00.0     01.1    00.0   03.8     20.4    17:48      W 
25    20.7    27.1   12:17    16.1   03:59     00.0     02.4    02.0   03.2     31.4    17:01     NNE
26    19.8    26.2   15:57    14.0   06:21     00.0     01.5    00.0   03.6     22.2    17:56      N 
27    19.4    24.1   11:22    13.6   06:33     00.0     01.1    00.0   04.4     22.2    13:06      W 
28    18.6    22.8   14:19    15.4   06:33     00.0     00.3    00.2   04.1     24.1    14:30     SSW
29    18.7    21.7   14:33    15.4   07:03     00.0     00.4    00.0   04.9     27.8    15:40      SW
30    19.4    22.8   14:19    15.0   05:33     00.0     01.1    00.0   04.5     24.1    15:32     WSW
31    20.5    25.1   14:25    16.7   03:34     00.0     02.2    00.0   04.3     27.8    17:52      W 
----------------------------------------------------------------------------------------------------------------------------------------------------------
17.1 (17.2)   27.1  day 11     08.2  day 17   050.0    013.6   080.6   05.1     53.7   day 16      W 
Min <=   30: 31
Max Rain: 22.4 ON 6-05-12
Days of Rain: 15 (> .2mm) 5 (> 2mm) 2 (> 20mm)