MONTHLY CLIMATOLOGICAL SUMMARY for MAY. 2013

NAME: DAVIS VP2   CITY: Arena Metato (San Giuliano Terme) (PI) STATE: Italia
ELEV: 15 LAT: 043:46:46 LONG: -010:22:1

                            TEMPERATURE ( C), RAIN (mm), WIND SPEED (kmh)

                                               HEAT     COOL           AVG
      MEAN                                     DEG      DEG            WIND                       DOM
DAY   TEMP    HIGH   TIME     LOW    TIME      DAYS     DAYS    RAIN   SPEED    HIGH    TIME      DIR
----------------------------------------------------------------------------------------------------------------------------------------------------------
01    20.8    26.0   11:33    17.3   06:36     00.0     02.5    01.4   03.4     31.4    16:47     ESE
02    18.3    22.1   17:59    15.1   00:00     00.0     00.0    00.0   01.2     16.6    13:29      SW
03    16.6    20.9   12:43    12.9   06:30     01.7     00.0    00.2   04.1     27.8    14:19     WNW
04    17.1    22.0   14:33    11.4   06:22     01.2     00.0    00.2   03.2     22.2    14:56     WNW
05    16.0    19.9   17:39    14.0   06:46     02.3     00.0    13.0   02.5     24.1    11:54     NNW
06    16.1    20.2   12:57    11.7   06:26     02.2     00.0    00.2   05.2     29.6    17:16     WNW
07    17.3    20.6   14:37    14.7   06:40     01.0     00.0    00.0   04.4     29.6    13:28      W 
08    17.5    21.3   11:36    12.9   06:26     00.8     00.0    00.0   04.1     29.6    16:15      NW
09    18.3    23.6   13:58    13.6   05:24     00.0     00.0    00.2   03.8     25.9    15:22      NW
10    18.3    21.3   13:01    16.1   06:52     00.0     00.0    01.6   02.5     18.5    15:27     WNW
11    17.4    19.3   13:18    15.2   04:43     00.9     00.0    00.2   06.5     31.4    18:02      W 
12    17.9    19.9   17:01    15.6   00:00     00.4     00.0    00.0   05.4     31.4    13:47     WNW
13    17.2    21.0   14:36    11.8   06:13     01.1     00.0    00.0   03.6     27.8    15:42     WNW
14    17.8    22.3   17:00    12.7   06:39     00.5     00.0    00.0   03.0     20.4    15:22      W 
15    17.3    22.3   12:44    12.8   06:29     01.0     00.0    02.8   03.7     33.3    23:56     ENE
16    16.6    18.7   14:39    14.6   06:29     01.7     00.0    31.2   08.0     35.1    09:42      NE
17    16.3    18.1   16:54    13.9   00:00     02.0     00.0    05.6   07.2     33.3    15:30     WNW
18    16.2    20.4   11:34    12.6   05:50     02.1     00.0    06.6   03.3     25.9    11:42      NE
19    16.0    19.1   15:15    12.8   06:54     02.3     00.0    07.8   08.8     53.6    15:18      W 
20    16.2    18.7   16:52    13.3   06:08     02.1     00.0    00.4   07.6     35.1    14:26      W 
21    15.4    19.4   16:05    10.9   06:19     02.9     00.0    00.0   02.8     20.4    17:49     WNW
22    16.0    21.9   12:32    08.8   06:10     02.3     00.0    00.0   05.2     31.4    15:52      NW
23    17.2    21.7   15:44    12.6   06:11     01.1     00.0    00.0   03.9     25.9    16:39      W 
24    15.3    17.2   01:32    12.6   07:07     03.0     00.0    02.0   16.1     55.5    06:58      SW
25    12.7    14.8   13:26    09.2   23:45     05.6     00.0    09.4   11.4     50.0    13:21      W 
26    13.3    18.1   13:44    08.0   06:24     05.0     00.0    00.0   06.8     42.5    15:35      W 
27    16.0    18.6   14:49    13.7   06:05     02.3     00.0    00.0   06.7     35.1    14:16      W 
28    15.5    18.9   16:56    12.7   09:10     02.8     00.0    00.0   02.7     20.4    14:29      N 
29    15.3    17.1   13:37    14.0   04:32     03.0     00.0    06.6   13.0     44.4    13:27      W 
30    14.5    16.8   16:04    11.2   06:34     03.8     00.0    05.8   13.9     46.3    06:23      W 
31    14.9    17.6   14:32    11.9   04:41     03.4     00.0    00.2   08.9     42.5    11:58      W 
----------------------------------------------------------------------------------------------------------------------------------------------------------
16.5 (16.5)   26.0  day 01     08.0  day 26   058.3    002.5   095.4   05.9     55.5   day 24      W 
Min <=   30: 31
Max Rain: 31.2 ON 16-05-13
Days of Rain: 72 (> .2mm) 9 (> 2mm) 1 (> 20mm)