MONTHLY CLIMATOLOGICAL SUMMARY for MAY. 2014

NAME: DAVIS VP2   CITY: Arena Metato (San Giuliano Terme) (PI) STATE: Italia
ELEV: 15 LAT: 043:46:46 LONG: -010:22:1

                            TEMPERATURE ( C), RAIN (mm), WIND SPEED (kmh)

                                               HEAT     COOL           AVG
      MEAN                                     DEG      DEG            WIND                       DOM
DAY   TEMP    HIGH   TIME     LOW    TIME      DAYS     DAYS    RAIN   SPEED    HIGH    TIME      DIR
----------------------------------------------------------------------------------------------------------------------------------------------------------
01    14.8    19.4   15:01    09.1   05:45     03.5     00.0    00.0   04.3     24.1    15:37      W 
02    13.9    17.1   11:05    11.8   22:42     04.4     00.0    12.2   01.9     24.1    16:11     WNW
03    14.9    19.8   12:20    11.4   05:40     03.4     00.0    00.2   02.6     27.8    12:51     WNW
04    16.3    19.8   13:06    12.6   03:50     02.0     00.0    00.0   03.7     24.1    05:58     WSW
05    15.4    20.2   15:23    08.8   06:36     02.9     00.0    00.0   03.4     25.9    14:12      NW
06    16.1    20.4   14:00    11.4   05:16     02.2     00.0    00.0   03.9     27.8    15:28      S 
07    16.1    20.6   15:37    11.9   04:31     02.2     00.0    00.0   04.0     27.8    17:44      SE
08    17.6    22.6   13:52    12.2   06:31     00.7     00.0    00.0   04.0     25.9    15:28     WSW
09    15.8    21.2   12:35    12.6   06:20     02.5     00.0    00.0   01.3     16.6    12:23     ESE
22    20.1    22.2   00:59    17.4   23:04     00.0     01.8    00.2   06.1     25.9    00:59     SSE
23    19.4    22.5   15:23    15.7   00:00     00.0     01.1    00.0   04.7     29.6    14:31     WNW
24    17.9    22.5   16:05    12.6   06:10     00.4     00.0    00.0   04.6     27.8    15:22     WNW
25    19.0    26.3   13:24    11.1   06:03     00.0     00.7    00.2   04.6     31.4    15:52      NW
26    18.9    21.7   14:27    16.6   06:21     00.0     00.6    00.0   08.6     33.3    16:33     WNW
27    17.5    19.2   12:19    16.4   01:41     00.8     00.0    00.0   13.7     42.5    13:34     WNW
28    18.0    20.5   14:23    15.1   23:34     00.3     00.0    00.8   11.1     38.9    08:42     WNW
29    17.1    20.8   14:59    11.8   05:39     01.2     00.0    00.0   04.4     31.4    12:10     WNW
30    18.0    21.8   16:19    13.3   04:56     00.3     00.0    00.0   03.8     25.9    17:01     WNW
31    18.1    23.2   17:37    15.7   23:54     00.2     00.0    02.4   02.3     25.9    19:01     NNW
----------------------------------------------------------------------------------------------------------------------------------------------------------
17.1 (17.1)   26.3  day 25     08.8  day 05   028.5    004.3   016.0   04.8     42.6   day 27     WNW
Min <=   30: 20
Max Rain: 12.2 ON 2-05-14
Days of Rain: 60 (> .2mm) 56 (> 2mm) 0 (> 20mm)