MONTHLY CLIMATOLOGICAL SUMMARY for MAY. 2018

NAME:    CITY:  STATE: 
ELEV:  LAT:  LONG: 

                            TEMPERATURE ( C), RAIN (mm), WIND SPEED (kmh)

                                               HEAT     COOL           AVG
      MEAN                                     DEG      DEG            WIND                       DOM
DAY   TEMP    HIGH   TIME     LOW    TIME      DAYS     DAYS    RAIN   SPEED    HIGH    TIME      DIR
----------------------------------------------------------------------------------------------------------------------------------------------------------
01    14.1    16.2   12:21    12.7   07:02     04.2     00.0    05.4   03.6     22.2    15:43     ENE
02    15.1    17.1   19:57    13.4   07:09     03.2     00.0    11.6   05.1     22.2    09:17     NNE
03    17.9    22.9   16:18    12.0   04:49     00.4     00.0    00.4   10.0     57.4    12:57      NE
04    21.0    23.0   12:42    17.4   03:21     00.0     02.7    00.4   14.8     48.1    09:57     ENE
05    19.6    23.7   16:36    15.8   06:01     00.0     01.3    00.0   04.6     25.9    17:55     WNW
06    17.9    21.0   18:23    15.9   04:27     00.4     00.0    00.0   02.8     20.4    17:25     WNW
07    19.3    24.2   18:19    15.3   03:08     00.0     01.0    00.0   03.9     22.2    15:16      NW
08    19.6    23.4   16:46    16.9   06:08     00.0     01.3    00.8   03.6     24.1    15:35     WSW
09    19.1    22.6   15:18    17.0   06:37     00.0     00.8    04.0   03.9     22.2    16:15     WNW
10    19.0    22.3   16:22    16.3   23:54     00.0     00.7    04.6   04.7     25.9    14:40      W 
11    18.6    22.3   11:29    15.3   04:54     00.0     00.3    00.0   05.7     31.4    18:50     WNW
12    18.2    21.5   14:34    15.4   05:28     00.1     00.0    00.0   04.0     25.9    17:25     WSW
13    17.6    22.7   13:41    13.2   00:00     00.7     00.0    09.4   04.7     31.4    17:26     SSW
14    13.6    17.0   13:51    11.3   06:17     04.7     00.0    08.6   07.3     37.0    10:11     WNW
15    13.7    17.0   16:20    10.3   03:58     04.6     00.0    01.0   03.2     27.8    13:35      SW
16    15.4    20.4   17:47    11.3   00:57     02.9     00.0    00.4   03.1     20.4    16:41     ENE
17    16.0    21.0   15:57    11.7   06:23     02.3     00.0    00.4   02.9     18.5    19:08     ENE
18    18.0    23.6   15:17    11.3   06:12     00.3     00.0    00.0   04.4     24.1    17:18     WNW
19    19.9    24.8   11:16    13.1   06:18     00.0     01.6    00.0   04.7     29.6    17:32     WNW
20    20.8    27.2   13:44    14.0   05:22     00.0     02.5    04.0   06.2     33.3    17:38      NE
21    20.1    27.5   14:19    16.3   04:35     00.0     01.8    09.4   05.2     31.4    14:44      NE
22    17.7    20.4   13:27    16.2   06:54     00.6     00.0    21.8   02.9     18.5    09:25     NNE
23    18.5    22.8   11:43    13.9   06:51     00.0     00.2    00.2   05.6     29.6    16:10     WNW
24    19.7    22.8   12:51    17.4   01:21     00.0     01.4    00.0   04.0     18.5    19:06      W 
25    20.9    24.9   12:02    18.0   06:46     00.0     02.6    00.0   03.2     20.4    14:49     WNW
26    23.0    28.8   15:43    16.3   06:28     00.0     04.7    00.2   03.3     20.4    15:48     WNW
27    23.8    30.1   12:31    19.0   05:19     00.0     05.5    00.0   03.7     20.4    13:42      SW
28    23.1    27.8   13:37    19.2   06:12     00.0     04.8    00.0   04.5     29.6    04:09     SSW
29    23.3    27.8   13:03    18.6   05:57     00.0     05.0    00.0   04.1     18.5    16:48      W 
30    22.7    29.2   11:22    18.7   05:14     00.0     04.4    02.6   03.5     24.1    13:19      E 
31    21.1    24.8   13:47    18.7   00:00     00.0     02.8    00.0   07.2     31.4    18:07      W 
----------------------------------------------------------------------------------------------------------------------------------------------------------
19.0 (19.2)   30.1  day 27     10.3  day 15   024.4    045.3   085.2   04.9     57.4   day 03     NNW
Max >=  30: 1
Min <=   30: 31
Max Rain: 21.8 ON 22-05-18
Days of Rain: 18 (> .2mm) 10 (> 2mm) 1 (> 20mm)