MONTHLY CLIMATOLOGICAL SUMMARY for MAY. 2019

NAME:    CITY:  STATE: 
ELEV:  LAT:  LONG: 

                            TEMPERATURE ( C), RAIN (mm), WIND SPEED (kmh)

                                               HEAT     COOL           AVG
      MEAN                                     DEG      DEG            WIND                       DOM
DAY   TEMP    HIGH   TIME     LOW    TIME      DAYS     DAYS    RAIN   SPEED    HIGH    TIME      DIR
----------------------------------------------------------------------------------------------------------------------------------------------------------
01    14.9    19.4   15:40    11.8   06:14     03.4     00.0    00.0   03.5     24.1    14:59      W 
02    14.6    19.1   16:48    09.1   05:41     03.7     00.0    00.0   03.5     24.1    13:19      SW
03    16.0    19.4   15:40    13.1   07:27     02.3     00.0    07.2   06.7     31.4    14:59     SSE
04    15.8    19.2   11:47    13.3   06:30     02.5     00.0    00.0   05.5     27.8    15:19     WSW
05    11.4    15.3   05:05    08.0   11:24     06.9     00.0    10.6   07.1     50.0    05:13     SSW
06    12.2    17.8   15:51    07.1   06:16     06.1     00.0    00.0   03.7     24.1    17:35     NNW
07    12.8    17.8   14:55    06.1   06:35     05.5     00.0    00.0   03.5     27.8    13:26     WSW
08    14.0    17.5   12:43    10.9   07:10     04.3     00.0    03.0   04.9     25.9    14:13     ESE
09    15.3    18.4   17:04    11.8   04:48     03.0     00.0    18.8   06.6     33.3    13:06     WNW
10    16.5    18.9   15:21    13.2   00:00     01.8     00.0    00.0   06.1     29.6    12:31     SSW
11    15.8    19.4   14:29    11.4   02:27     02.5     00.0    04.0   03.3     24.1    17:38     SSW
12    15.6    19.8   15:28    11.6   04:49     02.7     00.0    02.0   03.8     25.9    15:50      N 
13    17.1    19.1   13:44    15.2   06:51     01.2     00.0    00.0   11.3     51.8    09:30      NE
14    16.8    20.1   11:05    13.5   05:13     01.5     00.0    00.0   11.1     40.7    20:45     ENE
15    13.4    16.5   18:02    10.3   00:00     04.9     00.0    00.6   07.5     33.3    00:36     ENE
16    13.1    17.8   15:27    06.0   05:57     05.2     00.0    00.0   04.6     27.8    18:30     WNW
17    14.9    20.7   13:30    08.1   05:49     03.4     00.0    00.0   02.6     24.1    14:10      S 
18    16.3    18.8   18:35    14.5   00:00     02.0     00.0    05.6   06.4     40.7    05:32     ENE
19    15.0    17.4   15:58    13.5   00:00     03.3     00.0    31.6   03.4     25.9    16:02     WNW
20    16.0    18.9   15:41    12.3   00:19     02.3     00.0    07.6   06.8     29.6    06:00     WNW
21    16.5    19.2   16:00    14.2   06:49     01.8     00.0    01.6   05.3     29.6    11:21      W 
22    17.0    20.3   16:40    13.9   02:12     01.3     00.0    00.0   05.0     24.1    18:05      NW
23    16.7    20.7   14:24    12.1   06:04     01.6     00.0    00.0   05.2     24.1    15:12     WNW
24    17.5    21.9   16:24    14.0   04:41     00.8     00.0    00.0   04.3     18.5    16:21     WSW
25    18.2    22.9   16:19    12.7   06:21     00.1     00.0    00.0   03.6     22.2    12:44      SW
26    17.9    20.9   14:19    15.2   04:24     00.4     00.0    00.6   03.6     20.4    22:28     NNW
27    18.8    21.7   12:29    16.3   05:58     00.0     00.5    01.6   05.8     22.2    15:34      N 
28    18.1    20.4   15:52    16.5   05:40     00.2     00.0    05.0   05.7     29.6    17:52      W 
29    17.0    20.6   11:18    13.5   23:54     01.3     00.0    15.2   06.8     29.6    11:52     ESE
30    18.0    22.9   13:22    13.3   01:56     00.3     00.0    00.2   05.6     22.2    15:46      N 
31    19.6    24.4   12:50    14.8   00:55     00.0     01.3    00.0   07.3     31.4    17:50     NNW
----------------------------------------------------------------------------------------------------------------------------------------------------------
15.9 (15.9)   24.4  day 31     06.0  day 16   076.5    001.9   115.4   05.5     51.8   day 13      N 
Min <=   30: 31
Max Rain: 31.6 ON 19-05-19
Days of Rain: 16 (> .2mm) 10 (> 2mm) 1 (> 20mm)